NOAA-style Climate Reports

   V/Λ SELECT: Month and Year   OR  >   Month
V/Λ2020 > Jan Feb Mar Apr May Jun Jul Aug Sep Oct Nov Dec
V/Λ2019 > Jan Feb Mar Apr May Jun Jul Aug Sep Oct Nov Dec
V/Λ2018 > Jan Feb Mar Apr May Jun Jul Aug Sep Oct Nov Dec
V/Λ2017 > Jan Feb Mar Apr May Jun Jul Aug Sep Oct Nov Dec
V/Λ2016 > Jan Feb Mar Apr May Jun Jul Aug Sep Oct Nov Dec
V/Λ2015 > Jan Feb Mar Apr May Jun Jul Aug Sep Oct Nov Dec
V/Λ2014 > Jan Feb Mar Apr May Jun Jul Aug Sep Oct Nov Dec
V/Λ2013 > Jan Feb Mar Apr May Jun Jul Aug Sep Oct Nov Dec
V/Λ2012 > Jan Feb Mar Apr May Jun Jul Aug Sep Oct Nov Dec
                   Monthly Climatological Summary for Oct 2020

Name: Rjoanddalen   City: Mjølfjell   State: Voss
Elevation: 665 m  Lat: N 60° 41' 60"   Lon: E 006° 50' 40"

                  Temperature (°C), Rain (mm), Wind Speed (m/s)

                                      Heat  Cool        Avg
    Mean                              Deg   Deg         Wind                 Dom
Day Temp  High   Time   Low    Time   Days  Days  Rain  Speed High   Time    Dir
----------------------------------------------------------------------------------
01  11.1  14.1   14:11   7.9   20:22   7.2   0.0   0.0   4.5  20.8   12:30     S
02  11.0  14.3   15:07   9.1   00:15   7.3   0.0   0.0   3.0  14.8   22:59     W
03  11.6  15.4   14:39  10.4   08:02   6.7   0.0   0.0   3.1  14.9   17:46    SW
04  11.8  13.7   15:20  10.0   23:22   6.4   0.0   0.0   2.7  13.4   12:32   WNW
05   9.8  14.8   14:04   7.0   08:09   8.5   0.0   1.8   1.8  10.0   14:11     S
06   9.8  12.2   16:11   8.1   23:45   8.5   0.0   0.0   1.9  10.1   06:09    NW
07   8.5  13.4   10:49   4.6   07:03   9.8   0.0   1.0   1.2   5.8   14:41     N
08   6.5   9.2   13:53   4.6   23:46  11.8   0.0   5.3   0.6   2.7   23:14    SW
09   4.3   8.4   15:07   2.0   05:21  13.9   0.0  12.7   1.2   6.5   04:04     E
10   4.2   7.6   16:52   1.9   23:20  14.1   0.0   4.1   1.6   7.1   11:12     N
11   3.3  12.1   14:40  -1.1   07:53  15.0   0.0   0.0   1.0   3.6   13:50   NNW
12   2.9   9.9   13:47  -1.4   02:17  15.4   0.0   0.0   1.0   3.6   21:16     N
13   2.7  11.3   14:31  -1.5   07:08  15.6   0.0   0.0   1.6   5.8   15:10     N
14   1.9  11.3   14:15  -2.9   08:25  16.4   0.0   0.0   1.2   3.4   03:15     N
15   3.1  13.0   14:33  -1.8   06:43  15.2   0.0   0.0   0.9   3.9   01:30     N
16   3.9  15.0   14:21  -1.2   07:31  14.4   0.0   0.0   1.1   3.9   06:12     N
17   0.6   6.4   15:29  -2.7   05:56  17.6   0.0   0.0   0.8   5.5   17:37   NNW
18   0.0   4.6   11:13  -3.4   23:53  18.3   0.0   0.0   1.0   4.4   11:31   WNW
19  -1.3   2.1   15:06  -4.6   02:39  19.6   0.0   0.0   0.9   7.4   22:40     N
20   1.0   2.4   15:26   0.0   02:41  17.2   0.0   8.4   1.4   5.8   01:46    SW
21   3.2   5.5   14:56   1.4   00:45  15.1   0.0  13.0   1.2   4.7   18:37     N
22   4.1   6.2   14:56   2.8   08:40  14.2   0.0   4.1   0.9   3.2   16:58     N
23   2.2   5.8   14:09  -0.3   19:22  16.1   0.0   1.0   0.9   4.4   23:29     N
24   3.0   5.4   19:24   0.3   02:22  15.3   0.0   2.0   1.5   9.1   18:32     S
25   5.0   8.0   03:11   2.6   21:18  13.9   0.0  22.4   2.1  11.7   04:49     S
26   4.3   7.5   11:06   1.6   21:52  14.0   0.0   0.0   1.3   6.9   12:29   SSW
27   4.3   9.6   13:11   0.5   07:26  14.0   0.0   0.0   1.1   5.8   14:04     W
----------------------------------------------------------------------------------
     4.9  15.4     3    -4.6    19   361.5   0.0  75.8   1.5  20.8     1       W

Max >=  27.0  0
Max <=   0.0  0
Min <=   0.0 11
Min <= -18.0  0
Max Rain: 22.4 on day 25
Days of Rain: 11 (>= 0.2 mm)  8 (>= 2.0 mm)  0 (>= 300.0 mm)
Heat Base: 18.3  Cool Base: 18.3  Method: Integration

Powered by  Oregon Scientific WMR100  and   CumulusMX  v3.9.0 (b3095)    Valid HTML5