NOAA-style Climate Reports

   V/Λ SELECT: Month and Year   OR  >   Month
                   Monthly Climatological Summary for Sep 2012

Name: Rjoanddalen   City: Mjølfjell   State: Voss
Elevation: 665 m  Lat: N 60° 41' 59"   Lon: E 006° 50' 40"

                  Temperature (°C), Rain (mm), Wind Speed (m/s)

                                      Heat  Cool        Avg
    Mean                              Deg   Deg         Wind                 Dom
Day Temp  High   Time   Low    Time   Days  Days  Rain  Speed High   Time    Dir
----------------------------------------------------------------------------------
14   9.9  10.7   10:10   9.1   09:35   0.3   0.0   0.0  ----   1.5   09:36     E
15   7.0   7.7   17:28   0.0   09:11   4.2   0.0   1.0  ----   4.7   10:22   ESE
16   7.9   9.2   14:36   6.8   01:35  10.4   0.0   4.3  ----   7.9   04:43    SE
17   4.6   7.7   16:53   2.5   04:03  13.7   0.0  19.8  ----   6.5   00:05   SSE
18   4.6   9.1   16:02   2.6   22:25  13.7   0.0  13.7  ----   4.9   12:11     S
19   2.7   7.1   11:59  -0.1   05:49  15.6   0.0   2.0  ----   6.5   15:51    SE
20   2.2   5.6   12:28   0.0   06:54  16.1   0.0   7.6  ----   4.9   12:22    SE
21   3.1   7.9   16:34   0.3   08:10  15.2   0.0   1.0  ----   6.9   14:06   NNW
22  -0.3   0.9   00:00  -1.4   04:22   3.4   0.0   0.0  ----   2.8   03:15   NNW
23  -0.3   0.9   00:00  -1.4   04:22   3.4   0.0   0.0  ----   2.8   03:15   NNW
24  -0.3   0.9   00:00  -1.4   04:22   3.4   0.0   0.0  ----   2.8   03:15   NNW
25  -0.3   0.9   00:00  -1.4   04:22   3.4   0.0   0.0  ----   2.8   03:15   NNW
26  -0.3   0.9   00:00  -1.4   04:22   3.4   0.0   0.0  ----   2.8   03:15   NNW
27  -0.3   0.9   00:00  -1.4   04:22   3.4   0.0   0.0  ----   2.8   03:15   NNW
28   4.9   7.1   17:00   0.0   00:00   3.9   0.0   0.0  ----   4.3   17:24    SW
29   4.9   7.1   17:00   0.0   00:00   3.9   0.0   0.0  ----   4.3   17:24    SW
30   5.0   8.0   11:26   2.9   07:10  13.3   0.0   5.3  ----   5.9   15:18   SSE
----------------------------------------------------------------------------------
     3.2  10.7    14    -1.4    22   130.7   0.0  54.7  ----   7.9    16       E

Max >=  27.0  0
Max <=   0.0  0
Min <=   0.0 11
Min <= -18.0  0
Max Rain: 19.8 on day 17
Days of Rain: 8 (>= 0.2 mm)  6 (>= 2.0 mm)  0 (>= 300.0 mm)
Heat Base: 17.0  Cool Base: 17.0  Method: Integration

Powered by Ecowitt HP2553  and   CumulusMX   v 3.21.1 (b3205)   MXUI Template v 2.2.3 by  Silver Acorn   (13.7)  Valid HTML5