NOAA-style Climate Reports

   V/Λ SELECT: Month and Year   OR  >   Month
                   Monthly Climatological Summary for Oct 2012

Name: Rjoanddalen   City: Mjølfjell   State: Voss
Elevation: 665 m  Lat: N 60° 41' 59"   Lon: E 006° 50' 40"

                  Temperature (°C), Rain (mm), Wind Speed (m/s)

                                      Heat  Cool        Avg
    Mean                              Deg   Deg         Wind                 Dom
Day Temp  High   Time   Low    Time   Days  Days  Rain  Speed High   Time    Dir
----------------------------------------------------------------------------------
01   6.5   9.2   11:49   4.7   22:21  11.8   0.0  13.5  ----   7.4   12:11     S
02   5.0   8.1   11:04   3.6   21:04  13.3   0.0  13.7  ----   6.9   10:54     S
03   5.9   8.4   15:56   3.6   23:26  12.4   0.0  12.7  ----  11.7   18:52   SSE
04   3.7   6.4   14:50   2.0   22:36  14.6   0.0   3.3  ----   5.5   16:08   SSE
05   3.5   7.6   11:44   1.7   01:09  14.8   0.0   1.0  ----   3.8   13:27    NW
06   3.2   6.0   15:11   1.3   05:47  15.1   0.0   2.0  ----   3.6   17:23   SSE
07   3.6   7.5   15:53   1.6   06:28  14.7   0.0   1.0  ----   6.9   17:37   WSW
08   1.8   3.7   12:42  -0.1   22:44  16.5   0.0   9.7  ----   4.8   17:30   SSE
09   0.2   5.1   16:20  -4.0   08:58  18.1   0.0   0.8  ----   3.4   14:18     S
10   1.4   4.4   15:26  -1.1   03:44  16.9   0.0   1.3  ----   2.8   16:58   SSE
11   1.9   7.8   15:15  -2.4   09:05  16.4   0.0   0.0  ----   3.9   03:03     N
12   1.4   7.8   11:43  -2.8   05:00  16.9   0.0   0.0  ----  10.5   22:44   WNW
13   1.2   5.0   12:16  -3.5   23:42  17.1   0.0   0.0  ----  10.7   08:46   SSW
14   0.0   4.3   12:22  -4.1   07:58  18.3   0.0   0.0  ----  11.0   13:25     W
15   3.3   4.6   13:27   0.9   01:37  15.0   0.0   0.0  ----  13.5   08:23   WNW
16   2.5   7.1   12:40   0.1   08:08  15.8   0.0   0.0  ----   8.3   14:49   WNW
17   3.8   7.6   13:25   1.3   04:50  14.5   0.0   1.0  ----   4.9   01:26   NNW
18   4.9   7.9   13:51   2.4   00:41  13.4   0.0   7.4  ----   7.9   07:01     W
19   4.8   7.8   14:16   2.4   19:14  13.5   0.0   3.0  ----   8.7   04:16     N
20   4.3   6.9   08:15   1.7   16:59  14.0   0.0  16.0  ----   6.9   12:19    NW
21   3.5   6.2   15:17   0.9   23:59  14.8   0.0   4.1  ----   3.3   21:46   NNW
22   3.1   8.2   14:41  -0.9   09:03  15.2   0.0   0.0  ----   3.5   01:57   NNW
23   2.8   7.6   14:51  -1.0   08:25  15.5   0.0   0.0  ----   2.9   07:37    NW
24   2.4   4.8   12:36  -1.6   22:36  15.9   0.0   5.3  ----   4.4   04:11    SW
25  -2.9  -0.9   12:36  -7.8   19:58  21.2   0.0   0.0  ----   9.2   16:36    NW
26  -3.9  -0.6   11:46  -9.1   23:28  21.9   0.0   0.0  ----   6.9   07:58   WSW
27  -7.0   0.1   14:43 -11.5   03:45  25.3   0.0   0.0  ----   3.9   07:28   NNW
28  -5.2  -1.4   22:50 -11.0   03:14  24.5   0.0   0.0  ----   6.8   16:48     N
29  -5.1  -1.2   12:25 -13.1   23:38  23.4   0.0   0.0  ----   6.9   08:14   NNW
30  -9.6  -2.2   23:56 -15.0   05:11  27.9   0.0   0.0  ----   6.3   14:26     N
31   0.8   5.2   11:59  -2.2   00:00  17.5   0.0   7.4  ----  10.1   23:30     S
----------------------------------------------------------------------------------
     1.3   9.2     1   -15.0    30   526.2   0.0 103.2  ----  13.5    15       E

Max >=  27.0  0
Max <=   0.0  5
Min <=   0.0 17
Min <= -18.0  0
Max Rain: 16.0 on day 20
Days of Rain: 17 (>= 0.2 mm)  12 (>= 2.0 mm)  0 (>= 300.0 mm)
Heat Base: 17.0  Cool Base: 17.0  Method: Integration

Powered by Ecowitt HP2553  and   CumulusMX   v 3.19.3 (b3196)   MXUI Template v 2.2.3 by  Silver Acorn   (19.5)  Valid HTML5