NOAA-style Climate Reports

   V/Λ SELECT: Month and Year   OR  >   Month
                   Monthly Climatological Summary for Nov 2012

Name: Rjoanddalen   City: Mjølfjell   State: Voss
Elevation: 665 m  Lat: N 60° 41' 59"   Lon: E 006° 50' 40"

                  Temperature (°C), Rain (mm), Wind Speed (m/s)

                                      Heat  Cool        Avg
    Mean                              Deg   Deg         Wind                 Dom
Day Temp  High   Time   Low    Time   Days  Days  Rain  Speed High   Time    Dir
----------------------------------------------------------------------------------
01   4.3   5.5   13:05   2.2   23:59  14.0   0.0   1.0  ----  21.2   12:25   SSE
02   1.4   2.8   02:34   0.1   16:48  16.9   0.0   1.0  ----  11.5   00:49   SSW
03   1.0   3.8   11:54  -2.5   22:39  17.3   0.0   1.0  ----   5.9   06:36   WNW
04  -1.2   1.6   10:56  -6.1   23:29  19.5   0.0   1.0  ----   4.5   00:55     N
05  -7.1  -2.5   13:04 -10.7   23:50  25.4   0.0   0.0  ----   3.5   01:20     N
06  -2.3   2.0   14:04 -10.6   00:31  20.6   0.0   0.0  ----   6.8   23:34     W
07  -1.6   0.4   23:53  -3.2   05:11  19.9   0.0   0.0  ----   4.7   00:07    SW
08   1.4   4.3   13:10  -1.8   23:59  16.9   0.0   9.7  ----   4.2   02:52     W
09  -0.2   2.2   22:15  -4.4   03:07  18.5   0.0   3.0  ----   5.9   19:36     E
10   1.9   2.6   13:15   0.9   17:49  14.9   0.0   8.3  ----   9.9   02:24     S
11   0.8   2.1   13:25  -0.1   07:55  17.3   0.0   5.3  ----   4.5   20:23   NNW
12  -0.3   2.0   13:31  -2.7   23:34  18.7   0.0   0.0  ----   4.7   00:05    NW
13   1.4   6.8   20:54  -5.7   02:52  16.9   0.0   8.4  ----   6.2   23:36     W
14   3.4   6.6   00:06   1.7   18:55  14.9   0.0  38.9  ----   6.6   22:09    NW
15   1.9   3.0   00:38   0.9   05:17  16.4   0.0   9.7  ----   7.7   07:00     N
16   2.9   4.2   12:28   1.0   00:00  15.4   0.0   5.3  ----   5.9   12:33   SSE
17   2.2   3.1   02:00   1.1   23:12  16.1   0.0   5.3  ----   5.6   02:45     S
18  -0.2   1.3   00:06  -1.1   17:57  18.5   0.0   1.0  ----   4.6   05:05   SSE
19   0.4   1.9   23:56  -1.1   00:16  17.9   0.0   0.0  ----   5.6   23:45   ESE
20   3.5   5.8   19:41   1.8   01:47  14.8   0.0  45.2  ----   6.8   17:10   SSE
21   3.3   5.3   02:21   1.5   16:07  15.0   0.0   9.4  ----   6.4   00:42    NW
22   2.6   4.6   23:05   0.2   17:41  15.7   0.0   3.3  ----   7.8   22:01   SSW
23   3.2   5.7   02:38  -0.1   23:33  15.1   0.0   4.1  ----  16.5   07:22   SSE
24  -0.2   2.0   12:22  -4.2   23:58  18.5   0.0   0.0  ----   3.9   23:07   SSW
25  -0.8   1.2   12:58  -5.6   02:01  19.1   0.0   0.0  ----  10.8   13:03     W
26   0.3   1.1   10:43  -1.4   23:58  18.0   0.0   0.0  ----   6.4   21:49   WNW
27  -1.4  -0.2   10:02  -3.3   18:48  19.7   0.0   0.0  ----   7.9   14:57    NW
28  -2.4  -0.4   01:45  -4.0   22:25  20.7   0.0   0.0  ----   2.7   01:42     N
29  -4.2  -2.9   12:56  -5.6   04:31  22.5   0.0   0.0  ----   0.7   00:00   NNW
30  -5.8  -3.2   11:54  -9.7   23:21  24.1   0.0   0.0  ----   0.7   00:00   NNW
----------------------------------------------------------------------------------
     0.3   6.8    13   -10.7     5   539.2   0.0 160.9  ----  21.2     1       E

Max >=  27.0  0
Max <=   0.0  5
Min <=   0.0 20
Min <= -18.0  0
Max Rain: 45.2 on day 20
Days of Rain: 18 (>= 0.2 mm)  13 (>= 2.0 mm)  0 (>= 300.0 mm)
Heat Base: 17.0  Cool Base: 17.0  Method: Integration

Powered by Ecowitt HP2553  and   CumulusMX   v 3.19.3 (b3196)   MXUI Template v 2.2.3 by  Silver Acorn   (18.3)  Valid HTML5