NOAA-style Climate Reports

   V/Λ SELECT: Month and Year   OR  >   Month
                   Annual Climatological Summary for 2013

Name: Rjoanddalen   City: Mjølfjell   State: Voss
Elevation: 665 m  Lat: N 60° 41' 59"   Lon: E 006° 50' 40"

                  Temperature (°C), Heat Base: 17.0  Cool Base: 17.0
                          Dep.  Heat  Cool                       Max  Max  Min  Min
        Mean  Mean        From  Deg   Deg                        >=   <=   <=   <=
 YR MO  Max   Min   Mean  Norm  Days  Days  Hi  Date  Low  Date 27.0  0.0  0.0 -18.0
------------------------------------------------------------------------------------
 13  1  -3.9  -9.6  -6.8  -1.8   777     0   4.4   4 -18.1   16    0   18   31    1
 13  2  -2.6 -10.9  -7.2  -2.2   713     0   4.3  28 -17.0   11    0   18   28    0
 13  3  -0.7 -11.7  -6.9  -3.9   781     0   4.9  16 -18.5   13    0   18   31    3
 13  4   4.0  -5.2  -0.9  -0.9   390     0   8.8  29 -14.2    7    0    4   29    0
 13  5  14.2   2.3   7.6   0.6   334     2  25.4  31  -6.0    1    0    0    9    0
 13  6  16.8   5.5  10.6  -0.4   233     2  22.9  11   0.0    9    0    0    1    0
 13  7  19.4   8.0  13.6   1.6   170    24  29.3  24   2.6    3    5    0    0    0
 13  8  17.3   6.8  11.6  -0.4   205     4  27.1   2   0.0   23    1    0    1    0
 13  9  16.0   5.1   8.8   1.8   226     1  21.5  11  -2.9   27    0    0    5    0
 13 10   9.0   1.9   5.1   1.1   409     0  17.2  13  -5.4   18    0    0    9    0
 13 11   2.2  -2.8  -0.3   1.7   488     0   5.4   3 -10.3   11    0    7   25    0
 13 12   1.9  -3.2  -0.5   3.5   583     0   6.0  11 -17.6    7    0    6   27    0
------------------------------------------------------------------------------------
         7.9  -1.1   2.9   0.1  5310    33  29.3 Jul -18.5  Mar    6   71  196    4

                                Precipitation (mm)

              Dep.   Max        Days of Rain
              From   Obs.           >=
 YR MO Total  Norm   Day Date  0.2  2.0300.0
---------------------------------------------
 13  1   6.0-144.0   2.0   3     4    2    0
 13  2   3.0 -87.0   2.0  28     2    1    0
 13  3   1.0-109.0   1.0  16     1    0    0
 13  4  11.7 -43.3   7.4  30     2    2    0
 13  5  76.4   6.4  11.7  15    18   15    0
 13  6  97.9 -12.1  21.1  21    19   14    0
 13  7  66.1 -43.9  11.4  18    17   12    0
 13  8 171.7  41.7  30.5  16    14   13    0
 13  9  55.8-164.2  29.5   1     8    5    0
 13 10 228.6  23.6  45.5  22    15   15    0
 13 11 176.9  -8.1  40.1  14    17   14    0
 13 12 182.3   2.3  26.4  24    21   18    0
---------------------------------------------
      1077.4-537.6  45.5  Oct  138  111    0

                                Wind Speed (m/s)
                          Dom
 YR MO   Avg.  Hi   Date  Dir
------------------------------
 13  1  ----  13.3   27     E
 13  2  ----  11.0   28     E
 13  3  ----  13.0    2     E
 13  4  ----  12.2   28     E
 13  5  ----  22.1   15     E
 13  6  ----  11.8   28     E
 13  7  ----  16.5   28     E
 13  8  ----  13.0    3     E
 13  9  ----   9.3   10     E
 13 10  ----  11.2    4     E
 13 11  ----  20.4    3     E
 13 12  ----  23.8   27     E
------------------------------
        ----  23.8  Dec     W

Powered by Ecowitt HP2553  and   CumulusMX   v 3.19.3 (b3196)   MXUI Template v 2.2.3 by  Silver Acorn   (19.7)  Valid HTML5