NOAA-style Climate Reports

   V/Λ SELECT: Month and Year   OR  >   Month
                   Monthly Climatological Summary for Jan 2013

Name: Rjoanddalen   City: Mjølfjell   State: Voss
Elevation: 665 m  Lat: N 60° 41' 59"   Lon: E 006° 50' 40"

                  Temperature (°C), Rain (mm), Wind Speed (m/s)

                                      Heat  Cool        Avg
    Mean                              Deg   Deg         Wind                 Dom
Day Temp  High   Time   Low    Time   Days  Days  Rain  Speed High   Time    Dir
----------------------------------------------------------------------------------
01  -0.9   1.7   00:00  -3.2   09:29  19.2   0.0   0.0  ----   5.8   03:12   WNW
02  -1.1   0.3   12:24  -2.5   09:01  19.4   0.0   0.0  ----   1.7   08:22   WSW
03   1.4   2.8   07:24  -0.6   00:00  16.9   0.0   2.0  ----   8.8   15:21    NW
04   2.1   4.4   13:20  -0.6   23:53  16.2   0.0   0.0  ----   5.7   08:04   WNW
05   0.7   2.2   13:47  -0.7   00:13  17.6   0.0   0.0  ----   2.5   21:50   NNW
06   0.7   2.1   12:51  -1.7   01:25  17.6   0.0   1.0  ----   4.9   22:50    NW
07   1.2   2.8   18:57  -1.3   03:18  17.1   0.0   0.0  ----   6.0   16:45    NW
08  -1.7   2.4   00:39  -4.7   16:18  20.0   0.0   0.0  ----   6.4   10:23   NNW
09  -2.2   0.4   14:07  -6.1   21:58  20.5   0.0   0.0  ----   3.8   01:13   NNW
10  -7.5  -3.3   02:44 -10.8   23:46  25.8   0.0   0.0  ----   4.0   00:39   NNW
11 -11.2  -8.3   15:11 -13.7   07:48  29.5   0.0   0.0  ----   5.4   13:06   NNW
12 -13.2 -10.9   12:38 -14.4   21:26  31.5   0.0   0.0  ----   4.6   04:21     N
13 -14.3 -12.4   12:10 -15.3   17:42  32.6   0.0   0.0  ----   3.9   02:23   NNW
14 -13.1  -9.7   15:05 -16.0   01:55  31.4   0.0   0.0  ----   3.6   01:00   NNW
15 -16.1 -13.0   00:25 -17.6   16:48  34.4   0.0   0.0  ----   1.5   00:00   NNW
16 -15.3 -11.5   16:54 -18.1   01:16  33.6   0.0   0.0  ----   1.5   00:00   NNW
17 -13.0  -7.4   13:19 -16.0   02:45  31.3   0.0   0.0  ----   6.0   18:51   NNW
18 -15.5 -12.5   13:36 -17.6   06:53  33.8   0.0   0.0  ----   1.3   00:00   NNE
19 -13.6 -11.1   13:03 -15.6   05:59  31.9   0.0   0.0  ----   1.3   00:00   NNE
20  -7.1  -2.4   11:26 -13.0   00:06  25.4   0.0   0.0  ----   1.3   00:00   NNE
21 -11.3  -7.2   00:01 -17.6   23:11  29.6   0.0   0.0  ----   1.3   00:00   NNE
22 -14.4 -10.7   12:18 -17.8   01:13  32.7   0.0   0.0  ----   1.3   00:00   NNE
23 -13.5  -9.9   13:18 -16.7   04:37  31.8   0.0   0.0  ----   1.3   00:00   NNE
24 -12.8  -9.7   22:40 -15.3   09:17  31.1   0.0   0.0  ----   1.3   00:00   NNE
25  -6.7  -4.0   13:29 -10.0   00:42  23.7   0.0   0.0  ----   7.6   23:40   NNE
26  -4.6  -2.3   11:30  -9.3   22:05  22.9   0.0   0.0  ----   8.3   12:57     S
27  -3.5  -2.0   15:30  -6.1   00:00  21.8   0.0   0.0  ----  13.3   17:26   SSE
28  -0.6   2.0   12:43  -2.8   00:23  18.9   0.0   1.0  ----   8.4   13:11   SSE
29   0.4   2.3   13:02  -0.6   05:34  17.8   0.0   2.0  ----  10.2   02:29     S
30   0.0   2.3   00:00  -1.2   16:18  18.3   0.0   0.0  ----  10.4   02:10   SSE
31  -4.6   0.6   12:50 -11.5   22:42  22.9   0.0   0.0  ----   0.0   00:00     E
----------------------------------------------------------------------------------
    -6.8   4.4     4   -18.1    16   777.2   0.0   6.0  ----  13.3    27       E

Max >=  27.0  0
Max <=   0.0 18
Min <=   0.0 31
Min <= -18.0  1
Max Rain: 2.0 on day 3
Days of Rain: 4 (>= 0.2 mm)  2 (>= 2.0 mm)  0 (>= 300.0 mm)
Heat Base: 17.0  Cool Base: 17.0  Method: Integration

Powered by Ecowitt HP2553  and   CumulusMX   v 3.19.3 (b3196)   MXUI Template v 2.2.3 by  Silver Acorn   (19.7)  Valid HTML5