NOAA-style Climate Reports

   V/Λ SELECT: Month and Year   OR  >   Month
                   Monthly Climatological Summary for Feb 2013

Name: Rjoanddalen   City: Mjølfjell   State: Voss
Elevation: 665 m  Lat: N 60° 41' 59"   Lon: E 006° 50' 40"

                  Temperature (°C), Rain (mm), Wind Speed (m/s)

                                      Heat  Cool        Avg
    Mean                              Deg   Deg         Wind                 Dom
Day Temp  High   Time   Low    Time   Days  Days  Rain  Speed High   Time    Dir
----------------------------------------------------------------------------------
01  -9.6  -4.7   13:23 -13.6   18:40  27.9   0.0   0.0  ----   0.0   00:00     E
02  -5.8  -1.2   12:41 -11.0   00:00  24.1   0.0   0.0  ----   0.0   00:00     E
03  -4.7  -2.1   15:06  -7.9   08:24  23.0   0.0   0.0  ----   1.8   11:37    SE
04  -2.0   0.3   12:42  -4.3   00:00  20.3   0.0   0.0  ----   2.8   15:30    SE
05  -5.0   1.1   12:24 -11.4   22:11  23.3   0.0   0.0  ----   0.0   00:00     E
06  -9.9  -6.3   13:11 -13.9   23:04  28.2   0.0   0.0  ----   1.4   21:41    SE
07 -12.6  -7.4   13:04 -16.1   23:29  30.9   0.0   0.0  ----   1.8   12:38    SE
08 -14.0 -10.1   13:03 -16.2   01:38  32.3   0.0   0.0  ----   1.6   10:23    SE
09 -11.2  -8.5   06:22 -14.9   18:38  29.5   0.0   0.0  ----   1.9   18:21    SE
10  -9.9  -4.0   13:39 -14.4   20:37  28.2   0.0   0.0  ----   6.0   18:53   NNW
11 -14.2 -10.5   13:23 -17.0   08:35  32.5   0.0   0.0  ----   5.4   03:01     N
12 -13.2  -8.4   14:03 -16.6   08:54  31.5   0.0   0.0  ----   3.8   00:27     N
13 -10.0  -5.9   13:16 -13.3   17:21  28.3   0.0   0.0  ----   4.6   18:41   NNW
14  -5.0  -2.8   12:30  -7.4   00:00  23.3   0.0   0.0  ----   7.7   06:28   ENE
15  -4.2  -1.0   13:33  -6.7   06:52  22.5   0.0   0.0  ----   4.9   04:26     N
16  -2.4   1.6   13:18  -4.8   00:18  20.7   0.0   0.0  ----   3.5   20:36     N
17  -0.7   3.0   14:42  -3.3   02:12  19.0   0.0   0.0  ----   1.3   00:39   WNW
18   0.4   2.9   13:05  -1.5   23:50  17.9   0.0   1.0  ----   1.2   23:58    NW
19  -6.4   0.9   01:12 -12.8   23:27  24.7   0.0   0.0  ----   5.5   07:26     N
20 -12.6  -7.5   13:45 -16.0   23:04  30.9   0.0   0.0  ----   3.6   18:44   NNW
21 -12.1  -5.9   13:12 -16.2   01:28  30.4   0.0   0.0  ----   3.2   23:57   NNW
22  -7.9  -0.3   13:43 -14.0   00:17  26.2   0.0   0.0  ----   3.2   04:27   NNW
23  -3.8   2.0   13:56  -8.4   00:48  22.1   0.0   0.0  ----   4.7   13:42   NNW
24  -5.7  -0.8   14:39  -8.7   07:00  24.0   0.0   0.0  ----   5.5   22:37     N
25  -7.1  -2.0   13:45 -10.2   23:03  25.4   0.0   0.0  ----   4.9   00:51     N
26  -6.1   1.3   14:23 -10.1   00:38  24.4   0.0   0.0  ----   3.6   17:26   NNW
27  -5.0   0.1   14:20 -10.1   06:56  23.3   0.0   0.0  ----   3.5   01:26     N
28   0.0   4.3   12:51  -4.9   23:57  18.3   0.0   2.0  ----  11.0   12:44    NW
----------------------------------------------------------------------------------
    -7.2   4.3    28   -17.0    11   713.1   0.0   3.0  ----  11.0    28       E

Max >=  27.0  0
Max <=   0.0 18
Min <=   0.0 28
Min <= -18.0  0
Max Rain: 2.0 on day 28
Days of Rain: 2 (>= 0.2 mm)  1 (>= 2.0 mm)  0 (>= 300.0 mm)
Heat Base: 17.0  Cool Base: 17.0  Method: Integration

Powered by Ecowitt HP2553  and   CumulusMX   v 3.19.3 (b3196)   MXUI Template v 2.2.3 by  Silver Acorn   (18.3)  Valid HTML5