NOAA-style Climate Reports

   V/Λ SELECT: Month and Year   OR  >   Month
                   Monthly Climatological Summary for Mar 2013

Name: Rjoanddalen   City: Mjølfjell   State: Voss
Elevation: 665 m  Lat: N 60° 41' 59"   Lon: E 006° 50' 40"

                  Temperature (°C), Rain (mm), Wind Speed (m/s)

                                      Heat  Cool        Avg
    Mean                              Deg   Deg         Wind                 Dom
Day Temp  High   Time   Low    Time   Days  Days  Rain  Speed High   Time    Dir
----------------------------------------------------------------------------------
01  -3.1   1.8   10:16  -6.1   06:29  21.4   0.0   0.0  ----   5.7   16:11   WNW
02  -1.5   1.9   09:31  -3.9   00:18  19.8   0.0   0.0  ----  13.0   10:33    NW
03  -2.5   3.0   10:22  -5.2   06:56  20.8   0.0   0.0  ----   9.5   00:23   WNW
04   0.0   4.0   11:57  -2.8   01:46  18.3   0.0   0.0  ----   3.9   03:47   ENE
05  -0.5   3.3   11:04  -3.3   23:07  18.8   0.0   0.0  ----   3.3   11:09   NNE
06  -2.6   1.3   12:48  -7.0   06:37  20.9   0.0   0.0  ----  10.6   16:33   NNW
07  -4.9   0.0   13:01  -9.2   06:35  23.2   0.0   0.0  ----   8.1   16:01   NNW
08  -6.6  -1.2   11:56 -10.6   20:55  24.9   0.0   0.0  ----   5.7   11:43     N
09  -7.9   0.6   12:34 -12.8   04:23  26.2   0.0   0.0  ----   7.6   21:45   NNW
10 -12.8  -7.0   12:02 -18.4   22:28  31.1   0.0   0.0  ----   7.5   15:00   NNW
11 -12.3  -6.3   13:37 -18.2   05:57  30.6   0.0   0.0  ----   4.5   00:08   NNW
12  -7.4   0.4   10:52 -12.1   23:51  25.7   0.0   0.0  ----   7.6   23:22   NNW
13 -13.1  -8.2   12:16 -18.5   22:29  31.4   0.0   0.0  ----   7.2   01:45   NNW
14 -11.5  -6.5   11:50 -16.8   00:15  29.8   0.0   0.0  ----   4.7   12:01     N
15  -7.5  -0.4   13:51 -13.6   07:42  25.8   0.0   0.0  ----   5.6   08:44     N
16  -1.9   4.9   12:08  -5.7   06:18  20.2   0.0   1.0  ----   6.8   23:42    SE
17  -1.7   3.7   10:56  -4.1   22:29  20.0   0.0   0.0  ----  10.4   23:59    SE
18  -5.5  -1.3   09:54 -11.4   23:36  23.8   0.0   0.0  ----  10.9   10:04   NNW
19  -9.7  -4.5   11:24 -13.7   07:43  28.0   0.0   0.0  ----   8.4   04:57     N
20  -7.2  -2.3   15:48 -13.1   01:06  25.5   0.0   0.0  ----  12.1   17:16    NW
21  -6.5  -0.5   11:36 -13.8   23:40  24.8   0.0   0.0  ----   9.3   11:03   NNW
22 -10.7  -3.5   12:01 -15.0   06:59  29.0   0.0   0.0  ----   7.5   07:15   NNW
23  -9.2  -3.0   14:10 -15.8   05:41  27.5   0.0   0.0  ----   6.2   03:53   NNW
24  -8.9  -2.1   15:26 -13.8   23:37  27.2   0.0   0.0  ----   5.4   00:47     N
25  -9.3  -2.9   15:00 -13.9   00:10  27.6   0.0   0.0  ----   4.8   12:16     N
26  -9.8  -2.8   14:48 -14.2   05:48  28.1   0.0   0.0  ----   4.4   09:15     N
27 -10.4  -3.1   15:22 -15.7   06:02  28.7   0.0   0.0  ----   4.1   11:37     N
28  -8.4  -0.7   14:45 -14.0   02:57  26.7   0.0   0.0  ----   4.7   00:04     N
29  -7.4   2.0   14:00 -13.0   04:57  25.7   0.0   0.0  ----   4.8   10:27     N
30  -7.2   1.7   14:47 -12.9   23:27  25.5   0.0   0.0  ----   5.7   01:04   NNW
31  -6.7   4.7   16:26 -14.9   06:56  23.9   0.0   0.0  ----   4.6   16:33     N
----------------------------------------------------------------------------------
    -6.9   4.9    16   -18.5    13   780.9   0.0   1.0  ----  13.0     2       E

Max >=  27.0  0
Max <=   0.0 18
Min <=   0.0 31
Min <= -18.0  3
Max Rain: 1.0 on day 16
Days of Rain: 1 (>= 0.2 mm)  0 (>= 2.0 mm)  0 (>= 300.0 mm)
Heat Base: 17.0  Cool Base: 17.0  Method: Integration

Powered by Ecowitt HP2553  and   CumulusMX   v 3.19.3 (b3196)   MXUI Template v 2.2.3 by  Silver Acorn   (18.2)  Valid HTML5