NOAA-style Climate Reports

   V/Λ SELECT: Month and Year   OR  >   Month
                   Monthly Climatological Summary for May 2013

Name: Rjoanddalen   City: Mjølfjell   State: Voss
Elevation: 665 m  Lat: N 60° 41' 59"   Lon: E 006° 50' 40"

                  Temperature (°C), Rain (mm), Wind Speed (m/s)

                                      Heat  Cool        Avg
    Mean                              Deg   Deg         Wind                 Dom
Day Temp  High   Time   Low    Time   Days  Days  Rain  Speed High   Time    Dir
----------------------------------------------------------------------------------
01  -0.9   6.2   12:25  -6.0   02:53  19.2   0.0   0.0  ----  10.9   17:43    SE
02  -0.1  10.1   13:45  -3.6   04:39  18.4   0.0   7.4  ----  12.2   18:07    NE
03   0.2   5.1   14:36  -3.7   02:13  18.1   0.0   6.4  ----  10.6   15:51    SE
04   1.7  11.3   11:37  -5.2   02:48  16.6   0.0   3.0  ----   8.9   12:08    NE
05   4.7  11.3   14:15  -0.7   00:00  13.6   0.0   4.3  ----   6.0   17:15    SE
06   5.6   9.5   12:07   2.7   05:24  12.7   0.0   3.0  ----   5.6   08:35     W
07   5.4   7.6   13:19   2.6   23:32  12.9   0.0   3.3  ----   5.5   02:08   NNW
08   8.5  16.6   13:19   1.7   01:58   9.8   0.0   3.0  ----  13.4   22:08    NW
09   7.3  12.3   14:38   3.8   23:46  11.0   0.0   0.0  ----   7.7   01:50   NNW
10   6.0  13.1   10:27   1.5   05:22  12.3   0.0   1.0  ----  11.4   17:50   SSE
11   5.2  11.2   14:02   1.0   23:49  13.1   0.0   4.3  ----   7.1   08:54     S
12   6.2  15.9   14:30  -0.7   03:09  12.1   0.0   0.0  ----   7.0   13:02    SE
13   3.8   6.7   07:48  -1.1   23:24  14.5   0.0   3.0  ----  13.7   11:12   SSE
14   4.1  12.2   13:58  -2.1   01:40  14.2   0.0   0.0  ----   7.8   14:49   SSE
15   4.6   7.9   17:03   0.6   03:30  13.7   0.0  11.7  ----  22.1   17:45   SSE
16   8.6  15.1   13:20   4.3   01:46   9.7   0.0   5.1  ----  16.9   04:02   SSE
17  11.7  14.9   12:48   8.5   00:01   6.6   0.0   0.0  ----  11.4   06:24    NW
18  12.0  20.5   14:21   6.0   05:36   6.4   0.1   8.6  ----   8.1   12:22   NNW
19  12.1  18.4   16:02   6.8   03:31   6.2   0.0   0.0  ----   7.0   15:20     N
20  11.4  18.9   14:44   5.4   01:02   6.9   0.0   0.0  ----   7.9   11:59   NNW
21   8.5  13.5   15:17   4.6   05:22   9.8   0.0   0.0  ----   5.4   20:18     N
22   3.9   5.8   15:21   1.7   23:59  14.4   0.0   1.0  ----   5.9   14:19   NNE
23   8.6  17.7   13:27   1.3   01:13   9.7   0.0   0.0  ----  14.6   07:49   NNW
24   6.5  13.2   17:19  -1.4   04:58  11.8   0.0   0.0  ----   5.3   15:37   NNW
25  11.1  20.6   13:44   1.9   04:36   7.4   0.2   0.0  ----   5.9   13:04     N
26  13.4  23.3   13:14   4.0   04:34   5.9   1.0   0.0  ----   5.7   14:20     N
27  11.7  19.1   07:27   6.4   01:47   6.7   0.0   5.3  ----   8.5   23:16    NE
28  11.0  15.9   08:32   5.3   03:08   7.3   0.0   1.0  ----   8.5   00:00   NNW
29  15.2  20.1   17:28   9.4   02:15   3.2   0.1   0.0  ----  10.6   14:22   NNW
30  13.4  21.1   17:48   7.9   23:26   5.1   0.1   2.0  ----   5.4   10:48   NNW
31  14.4  25.4   16:14   8.5   04:29   4.8   0.9   3.0  ----   5.8   16:31     N
----------------------------------------------------------------------------------
     7.6  25.4    31    -6.0     1   334.1   2.4  76.4  ----  22.1    15       E

Max >=  27.0  0
Max <=   0.0  0
Min <=   0.0  9
Min <= -18.0  0
Max Rain: 11.7 on day 15
Days of Rain: 18 (>= 0.2 mm)  15 (>= 2.0 mm)  0 (>= 300.0 mm)
Heat Base: 17.0  Cool Base: 17.0  Method: Integration

Powered by Ecowitt HP2553  and   CumulusMX   v 3.19.3 (b3196)   MXUI Template v 2.2.3 by  Silver Acorn   (18.3)  Valid HTML5