NOAA-style Climate Reports

   V/Λ SELECT: Month and Year   OR  >   Month
                   Monthly Climatological Summary for Jun 2013

Name: Rjoanddalen   City: Mjølfjell   State: Voss
Elevation: 665 m  Lat: N 60° 41' 59"   Lon: E 006° 50' 40"

                  Temperature (°C), Rain (mm), Wind Speed (m/s)

                                      Heat  Cool        Avg
    Mean                              Deg   Deg         Wind                 Dom
Day Temp  High   Time   Low    Time   Days  Days  Rain  Speed High   Time    Dir
----------------------------------------------------------------------------------
01  11.6  17.7   12:51   8.2   23:45   6.7   0.0   9.7  ----   6.6   14:07   ESE
02   7.1   8.8   12:00   4.5   23:59  11.2   0.0  11.7  ----   4.8   12:50   ESE
03   8.2  13.1   17:24   2.7   05:26  10.1   0.0   0.0  ----   5.8   14:44   NNW
04   8.2  13.5   12:23   0.2   05:54  10.1   0.0   0.0  ----   8.6   21:23     N
05   8.6  16.1   12:28   3.0   04:23   9.7   0.0   2.0  ----   9.9   14:05    SW
06   7.7  13.1   11:24   3.2   04:26  10.6   0.0   0.0  ----   5.8   13:51   SSE
07   8.3  14.5   12:38   2.5   03:57  10.0   0.0   1.0  ----   6.8   15:59    SE
08   7.5  11.8   17:32   4.0   23:58  10.8   0.0   0.0  ----   6.6   10:37    SE
09   8.5  14.7   15:10   0.0   05:09   9.8   0.0   0.0  ----   6.4   22:54     N
10  11.8  19.2   14:21   4.0   02:29   6.5   0.0   0.0  ----   6.0   17:56    NW
11  14.2  22.9   15:03   3.8   05:18   5.1   1.0   0.0  ----   6.2   16:49    SE
12  12.9  22.1   12:26   4.5   04:44   5.9   0.5   2.0  ----   8.8   23:25    SE
13  11.5  15.4   14:35   8.9   04:42   6.8   0.0   5.3  ----   5.7   00:04   SSE
14   8.3  13.8   15:34   4.7   23:52  10.0   0.0   3.0  ----   5.7   11:25   ENE
15  11.3  19.9   15:35   3.2   06:08   7.1   0.0   0.0  ----   8.8   20:53   SSE
16  10.6  15.6   14:03   6.8   23:58   7.7   0.0   3.3  ----   5.9   17:36   SSE
17   9.0  14.8   16:12   3.5   02:59   9.3   0.0   0.0  ----   4.8   11:13    SE
18  12.3  19.2   16:38   5.5   04:27   6.1   0.0   1.0  ----   6.3   15:29   SSE
19  12.4  20.5   11:25   8.3   02:39   6.0   0.1   8.4  ----   6.3   14:28    SE
20  12.5  19.7   17:15   8.6   03:13   5.9   0.1   1.0  ----   5.6   13:51   SSE
21  11.0  16.3   09:06   7.5   02:59   7.3   0.0  21.1  ----   4.4   09:39   NNW
22  11.6  15.7   16:02   9.3   02:53   6.7   0.0   9.4  ----   3.3   16:43     E
23  13.1  19.7   17:57   8.8   04:37   5.2   0.0   1.0  ----   5.5   03:01   SSE
24  10.9  16.6   12:44   7.4   03:51   7.4   0.0   3.3  ----   4.7   14:19     S
25  10.6  16.9   14:42   7.6   03:12   7.7   0.0   3.0  ----   4.9   16:30   SSE
26  11.0  17.0   12:23   6.8   02:59   7.3   0.0   1.3  ----   5.8   18:21     N
27  14.5  22.9   14:26   8.2   02:54   4.0   0.2   2.0  ----   9.9   12:37     N
28  13.2  20.3   13:27   9.5   23:43   5.2   0.1   0.0  ----  11.8   18:17   SSE
29   8.0  11.8   14:08   3.4   07:38  10.3   0.0   8.4  ----  10.7   06:49   ESE
30  12.0  20.6   16:37   5.8   04:11   6.4   0.1   0.0  ----   5.5   16:20   SSE
----------------------------------------------------------------------------------
    10.6  22.9    11     0.0     9   232.9   2.1  97.9  ----  11.8    28       E

Max >=  27.0  0
Max <=   0.0  0
Min <=   0.0  1
Min <= -18.0  0
Max Rain: 21.1 on day 21
Days of Rain: 19 (>= 0.2 mm)  14 (>= 2.0 mm)  0 (>= 300.0 mm)
Heat Base: 17.0  Cool Base: 17.0  Method: Integration

Powered by Ecowitt HP2553  and   CumulusMX   v 3.21.1 (b3205)   MXUI Template v 2.2.3 by  Silver Acorn   (13.5)  Valid HTML5