NOAA-style Climate Reports

   V/Λ SELECT: Month and Year   OR  >   Month
                   Monthly Climatological Summary for Aug 2013

Name: Rjoanddalen   City: Mjølfjell   State: Voss
Elevation: 665 m  Lat: N 60° 41' 59"   Lon: E 006° 50' 40"

                  Temperature (°C), Rain (mm), Wind Speed (m/s)

                                      Heat  Cool        Avg
    Mean                              Deg   Deg         Wind                 Dom
Day Temp  High   Time   Low    Time   Days  Days  Rain  Speed High   Time    Dir
----------------------------------------------------------------------------------
01  13.1  20.5   16:18   6.8   00:02   5.3   0.1   0.0  ----   4.0   14:12     S
02  17.5  27.1   15:16  11.5   03:34   2.6   1.8   7.4  ----   9.8   18:59     S
03  15.6  21.6   09:02  10.7   23:30   2.9   0.2  21.1  ----  13.0   11:49   SSE
04  11.7  17.4   12:14   9.1   02:56   6.6   0.0   2.0  ----   8.6   10:00   SSE
05  12.3  20.2   11:44   9.2   00:20   6.0   0.0  15.0  ----   6.9   23:19     S
06  12.3  15.8   16:13  10.0   23:57   6.0   0.0  29.2  ----   5.5   00:00     W
07  12.0  18.6   16:53   7.2   05:19   6.3   0.0   0.0  ----   6.6   17:11     S
08  11.8  21.3   11:49   6.3   03:08   6.6   0.1   0.0  ----   6.6   13:12     S
09  10.7  14.4   12:27   7.4   06:22   7.6   0.0  13.7  ----   4.9   10:45   SSE
10  13.5  20.1   14:12   7.6   02:55   4.9   0.1   0.0  ----   5.9   20:01   SSE
11  10.9  15.1   13:22   8.1   05:15   7.4   0.0   0.0  ----   5.7   15:02   SSE
12   9.3  12.6   14:04   7.3   04:09   9.0   0.0   2.3  ----   5.6   09:59   SSE
13   9.0  11.4   14:45   7.2   06:05   9.3   0.0   2.0  ----   5.8   12:46   NNW
14  10.0  18.3   13:08   2.4   05:36   8.3   0.0   0.0  ----   5.8   12:52   SSE
15  11.3  19.8   15:45   2.9   04:58   7.1   0.2   1.0  ----   5.1   15:41   SSE
16  11.3  12.7   19:16   9.5   23:56   7.0   0.0  30.5  ----   5.7   09:47   WNW
17  11.4  16.0   11:36   7.0   05:05   6.9   0.0   0.0  ----   8.7   23:49   SSE
18  10.5  13.1   16:43   8.4   21:25   7.8   0.0  25.4  ----  10.5   00:56   SSE
19   9.2  12.0   16:18   7.3   22:20   9.1   0.0   9.4  ----   5.5   14:48    SE
20   8.7  11.8   14:10   6.5   03:48   9.6   0.0   3.3  ----   4.8   13:29   SSE
21   9.6  13.3   14:48   6.8   05:28   8.7   0.0   0.0  ----   4.4   14:42   SSE
22   9.3  19.1   12:40   4.3   06:43   4.8   0.0   0.0  ----   3.3   05:47     N
23  13.7  16.9   19:46   0.0   19:46   0.8   0.0   0.0  ----   2.4   22:27     W
24  15.7  22.3   14:41   9.2   07:37   3.4   0.7   0.0  ----   8.8   14:42   SSE
25  13.6  21.7   15:58   6.4   05:58   5.3   0.6   0.0  ----   7.7   11:28     S
26  12.3  20.5   16:14   5.4   05:46   6.3   0.3   0.0  ----   4.7   14:44   SSE
27  12.0  19.6   13:47   5.7   04:19   6.4   0.1   0.0  ----   7.8   14:39    SE
28  10.0  14.7   15:23   4.8   23:33   8.3   0.0   0.0  ----   5.1   15:23     S
29   9.4  15.7   12:50   4.8   04:08   8.9   0.0   0.0  ----   4.7   11:59   SSE
30  11.8  19.3   16:19   7.4   02:40   6.5   0.0   0.0  ----   4.1   16:09     S
31   8.6  14.1   11:58   2.4   23:35   9.7   0.0   9.4  ----  10.4   10:19    SE
----------------------------------------------------------------------------------
    11.6  27.1     2     0.0    23   205.4   4.2 171.7  ----  13.0     3       E

Max >=  27.0  1
Max <=   0.0  0
Min <=   0.0  1
Min <= -18.0  0
Max Rain: 30.5 on day 16
Days of Rain: 14 (>= 0.2 mm)  13 (>= 2.0 mm)  0 (>= 300.0 mm)
Heat Base: 17.0  Cool Base: 17.0  Method: Integration

Powered by Ecowitt HP2553  and   CumulusMX   v 3.19.3 (b3196)   MXUI Template v 2.2.3 by  Silver Acorn   (18.3)  Valid HTML5