NOAA-style Climate Reports

   V/Λ SELECT: Month and Year   OR  >   Month
                   Monthly Climatological Summary for Sep 2013

Name: Rjoanddalen   City: Mjølfjell   State: Voss
Elevation: 665 m  Lat: N 60° 41' 59"   Lon: E 006° 50' 40"

                  Temperature (°C), Rain (mm), Wind Speed (m/s)

                                      Heat  Cool        Avg
    Mean                              Deg   Deg         Wind                 Dom
Day Temp  High   Time   Low    Time   Days  Days  Rain  Speed High   Time    Dir
----------------------------------------------------------------------------------
01   5.2   8.0   12:14   2.6   02:56  13.0   0.0  29.5  ----   5.6   17:02    SE
02   9.2  14.4   14:36   5.5   00:00   9.1   0.0   1.0  ----   4.3   12:46    SE
03  12.4  18.4   15:16   8.9   02:38   5.9   0.0   1.0  ----   5.4   15:35   SSE
04  12.6  19.8   14:18   7.7   07:32   5.8   0.1   0.0  ----   7.7   15:40   SSE
05  13.9  21.2   16:25   8.0   02:56   4.6   0.2   0.0  ----   6.2   11:10     S
06  13.3  16.9   14:33  10.4   05:34   5.0   0.0  10.7  ----   8.6   21:42     S
07  14.9  20.6   15:06  11.7   01:22   3.5   0.1   4.3  ----   6.8   12:36   SSW
08  15.6  19.9   12:02  11.4   22:25   2.8   0.1   1.0  ----   8.8   11:01   SSW
09  13.5  16.1   13:33  11.4   12:17   4.8   0.0   0.0  ----   6.9   03:13     W
10  13.6  17.7   14:55  10.1   23:54   4.7   0.0   0.0  ----   9.3   05:54    NW
11  13.6  21.5   16:02   8.2   23:53   5.1   0.4   0.0  ----   6.4   13:35   SSE
12  11.2  19.8   13:14   6.3   05:43   4.2   0.1   0.0  ----   6.1   12:36    SE
13  11.2  19.8   13:14   6.3   05:43   4.2   0.1   0.0  ----   6.1   12:36    SE
14  11.2  19.8   13:14   6.3   05:43   4.2   0.1   0.0  ----   6.1   12:36    SE
15  11.2  19.8   13:14   6.3   05:43   4.2   0.1   0.0  ----   6.1   12:36    SE
16  11.2  19.8   13:14   6.3   05:43   4.2   0.1   0.0  ----   6.1   12:36    SE
17   4.0  16.0   14:41   5.0   04:40   2.6   0.0   0.0  ----   1.5   20:09     W
18   4.0  16.0   14:41   5.0   04:40   2.6   0.0   0.0  ----   1.5   20:09     W
19   4.0  16.0   14:41   5.0   04:40   2.6   0.0   0.0  ----   1.5   20:09     W
20   4.0  16.0   14:41   5.0   04:40   2.6   0.0   0.0  ----   1.5   20:09     W
21   7.0   9.8   15:27   4.1   00:00  11.3   0.0   3.0  ----   7.5   12:41   ESE
22   7.4  13.4   16:14   4.7   05:17  10.9   0.0   5.3  ----   4.3   17:49     W
23   6.6  11.1   16:04   2.2   23:58  11.7   0.0   0.0  ----   4.9   13:15    NW
24   4.4  13.9   16:24  -1.6   07:32  13.9   0.0   0.0  ----   4.9   12:15   NNW
25   4.6  13.0   12:25  -0.4   23:31  13.7   0.0   0.0  ----   3.9   14:56   NNW
26   3.3  11.4   13:31  -2.1   03:53  15.0   0.0   0.0  ----   4.5   15:46     N
27   2.6  11.0   16:27  -2.9   08:27  15.7   0.0   0.0  ----   3.9   14:14   NNW
28   4.2  11.8   14:58  -2.4   06:02  14.1   0.0   0.0  ----   5.6   12:51     S
29   6.1  10.9   13:29   1.9   08:11  12.2   0.0   0.0  ----   3.3   09:58     W
30   6.7  14.7   16:13   2.0   23:53  11.6   0.0   0.0  ----   4.4   13:40     S
----------------------------------------------------------------------------------
     8.8  21.5    11    -2.9    27   225.8   1.4  55.8  ----   9.3    10       E

Max >=  27.0  0
Max <=   0.0  0
Min <=   0.0  5
Min <= -18.0  0
Max Rain: 29.5 on day 1
Days of Rain: 8 (>= 0.2 mm)  5 (>= 2.0 mm)  0 (>= 300.0 mm)
Heat Base: 17.0  Cool Base: 17.0  Method: Integration

Powered by Ecowitt HP2553  and   CumulusMX   v 3.19.3 (b3196)   MXUI Template v 2.2.3 by  Silver Acorn   (18.2)  Valid HTML5