NOAA-style Climate Reports

   V/Λ SELECT: Month and Year   OR  >   Month
                   Monthly Climatological Summary for Nov 2013

Name: Rjoanddalen   City: Mjølfjell   State: Voss
Elevation: 665 m  Lat: N 60° 41' 59"   Lon: E 006° 50' 40"

                  Temperature (°C), Rain (mm), Wind Speed (m/s)

                                      Heat  Cool        Avg
    Mean                              Deg   Deg         Wind                 Dom
Day Temp  High   Time   Low    Time   Days  Days  Rain  Speed High   Time    Dir
----------------------------------------------------------------------------------
01   1.2   2.4   14:48   0.1   05:03  17.1   0.0  19.8  ----   4.8   00:16    SW
02   1.2   4.2   11:51  -0.2   22:03  17.1   0.0   8.4  ----   5.9   21:20    NW
03   3.5   5.4   12:27   1.9   23:27  14.8   0.0   9.7  ----  20.4   05:39   SSW
04   1.4   4.2   13:59  -0.8   23:26  16.9   0.0   1.0  ----   4.5   00:00   NNW
05   0.3   3.0   14:03  -2.1   23:03  18.0   0.0   0.0  ----   4.7   21:30     N
06  -0.7   1.7   13:43  -3.4   19:49  19.0   0.0   1.0  ----   3.8   19:36     N
07   0.2   3.1   11:50  -1.6   00:00  18.1   0.0   0.0  ----   3.4   19:39   WNW
08   0.6   2.1   11:14  -0.7   02:36  17.7   0.0   7.4  ----   3.6   18:46     W
09   0.2   2.9   12:09  -1.4   22:16  18.1   0.0   8.4  ----   3.9   13:22   NNW
10  -4.3  -0.5   13:45 -10.1   23:51  22.6   0.0   0.0  ----   3.9   07:24   NNW
11  -2.4   3.5   22:38 -10.3   00:24  20.7   0.0   3.3  ----   7.7   13:53     E
12   1.2   3.6   01:14  -0.2   20:13  17.1   0.0   9.4  ----   7.9   12:17    NW
13   0.3   1.4   10:40  -0.4   19:24  18.0   0.0   0.0  ----   2.9   16:44   NNE
14   1.9   5.2   11:45   0.3   00:00  16.4   0.0  40.1  ----   4.9   01:40   SSE
15   1.8   5.4   21:05  -0.7   09:44  16.5   0.0  20.1  ----  11.0   21:38     N
16   4.1   5.3   19:21   0.2   23:37  14.2   0.0  17.8  ----  10.8   02:03     N
17   0.2   1.7   12:12  -1.0   19:19  18.1   0.0   0.0  ----   7.0   00:48   WNW
18   0.6   1.4   08:29  -0.8   23:54  17.7   0.0   6.4  ----   5.9   08:14    SE
19  -1.6  -0.8   00:00  -2.5   02:37   2.2   0.0   0.0  ----   1.4   02:05     S
20  -1.6  -0.8   00:00  -2.5   02:37   2.2   0.0   0.0  ----   1.4   02:05     S
21  -3.2   0.0   19:36  -3.5   21:15   3.8   0.0   0.0  ----   1.8   21:33   NNW
22  -3.2   0.0   19:36  -3.5   21:15   3.8   0.0   0.0  ----   1.8   21:33   NNW
23  -1.3   1.1   12:10  -4.9   23:56  19.6   0.0   1.0  ----   5.6   19:33   NNW
24  -5.0  -2.8   19:10  -8.5   09:14  23.3   0.0   0.0  ----   4.0   18:18   WSW
25  -3.1  -0.1   13:03  -6.7   20:24  21.4   0.0   0.0  ----   4.3   06:27   WSW
26  -0.8   2.4   23:12  -4.2   00:00  19.1   0.0   5.3  ----   2.1   22:32   WNW
27   2.9   4.6   11:44   0.4   22:45  15.4   0.0  10.4  ----  10.9   23:41    NW
28  -0.7   1.6   00:07  -2.4   21:48  19.0   0.0   0.0  ----  11.8   01:55   WNW
29  -2.0   0.7   12:27  -6.7   23:49  20.3   0.0   0.0  ----   4.4   06:10    SW
30  -1.7   3.2   23:24  -6.5   00:00  20.0   0.0   7.4  ----   6.2   21:47   NNW
----------------------------------------------------------------------------------
    -0.3   5.4     3   -10.3    11   488.2   0.0 176.9  ----  20.4     3       E

Max >=  27.0  0
Max <=   0.0  7
Min <=   0.0 25
Min <= -18.0  0
Max Rain: 40.1 on day 14
Days of Rain: 17 (>= 0.2 mm)  14 (>= 2.0 mm)  0 (>= 300.0 mm)
Heat Base: 17.0  Cool Base: 17.0  Method: Integration

Powered by Ecowitt HP2553  and   CumulusMX   v 3.19.3 (b3196)   MXUI Template v 2.2.3 by  Silver Acorn   (18.3)  Valid HTML5