NOAA-style Climate Reports

   V/Λ SELECT: Month and Year   OR  >   Month
                   Monthly Climatological Summary for des 2013

Name: Rjoanddalen   City: Mjølfjell   State: Voss
Elevation: 655 m  Lat: N 60° 41' 58"   Lon: E 006° 50' 38"

                  Temperature (°C), Rain (mm), Wind Speed (m/s)

                                      Heat  Cool        Avg
    Mean                              Deg   Deg         Wind                 Dom
Day Temp  High   Time   Low    Time   Days  Days  Rain  Speed High   Time    Dir
----------------------------------------------------------------------------------
01  -0,3   2,8   00:00  -2,3   19:35  18,6   0,0   4,3  ----  10,4   13:01    NW
02  -1,3   2,8   21:09  -5,7   02:40  19,6   0,0   3,0  ----   8,8   22:32   SSE
03   0,9   3,9   11:31  -3,6   22:10  17,4   0,0  22,1  ----  10,2   00:16     E
04  -2,2  -0,8   11:20  -3,7   01:33  20,5   0,0   0,0  ----  13,2   21:46   NNW
05  -4,7   0,1   12:32 -12,5   23:52  23,0   0,0   0,0  ----  12,2   00:16   NNW
06  -7,9  -4,8   09:24 -13,7   01:01  26,2   0,0   0,0  ----   9,1   21:19   WNW
07 -14,0  -8,9   00:12 -17,6   15:59  32,3   0,0   0,0  ----   3,8   00:10     N
08  -5,6  -0,1   23:18 -12,5   00:00  23,1   0,0   0,0  ----   6,5   03:32     N
09   1,2   4,5   21:33  -0,5   00:00  17,1   0,0   9,7  ----   4,9   21:39    NW
10   3,4   5,1   06:57   2,3   00:07  14,9   0,0   2,0  ----   4,5   12:15     S
11   3,6   6,0   22:38   2,4   04:45  14,7   0,0   1,0  ----   7,9   23:52   WSW
12   2,6   5,6   01:44  -1,5   23:58  15,7   0,0  10,4  ----  11,6   09:47    SW
13  -1,0   2,9   13:04  -5,3   06:05  19,3   0,0   1,3  ----   7,9   14:33    NW
14   2,1   4,2   04:41   0,9   18:04  16,2   0,0   5,3  ----  12,0   22:50   SSE
15   0,7   1,9   01:54  -3,7   17:36  17,6   0,0   3,0  ----  12,8   21:25    SE
16   0,9   3,1   11:11  -0,3   20:09  17,4   0,0  20,1  ----  14,0   16:56     S
17   0,1   1,1   12:47  -0,4   00:55  18,2   0,0   0,0  ----   2,7   14:48     N
18   0,3   3,3   23:20  -1,7   09:42  18,0   0,0   3,0  ----   7,3   20:14   ESE
19   1,3   2,9   00:03  -1,3   23:45  17,0   0,0   7,4  ----  16,7   11:19   SSE
20  -1,2  -0,3   11:33  -2,1   15:51  19,5   0,0   0,0  ----   2,1   23:49    SE
21   1,1   2,7   09:34  -0,9   00:00  17,2   0,0  10,7  ----   9,3   22:26    SE
22  -0,1   2,6   03:23  -1,8   23:28  18,4   0,0   4,1  ----   7,9   08:18   NNW
23  -1,6   0,0   22:30  -2,8   17:17  19,9   0,0   0,0  ----   2,6   08:35   NNE
24   1,1   3,7   08:33  -1,1   23:57  17,2   0,0  26,4  ----  15,2   09:16    SE
25   0,5   2,1   12:52  -1,3   00:01  17,8   0,0   0,0  ----  13,9   08:58    SE
26   0,9   2,0   13:24  -1,2   22:59  17,4   0,0   5,3  ----  12,7   10:25    SE
27   0,9   2,0   12:38  -1,4   00:56  17,4   0,0   1,0  ----  23,8   12:21   SSE
28   0,9   1,9   06:07   0,3   15:35  17,4   0,0  12,7  ----  12,4   06:06    SE
29  -0,5   0,4   12:47  -1,9   17:54  18,8   0,0   0,0  ----   2,4   16:06   SSE
30  -0,4   3,5   23:35  -3,8   07:26  18,7   0,0  16,8  ----   6,4   22:53   SSE
31   1,5   3,3   00:01  -0,5   18:19  16,8   0,0  12,7  ----  15,5   02:01   SSE
----------------------------------------------------------------------------------
    -0,5   6,0    11   -17,6     7   583,3   0,0 182,3  ----  23,8    27       E

Max >=  27,0  0
Max <=   0,0  6
Min <=   0,0 27
Min <= -18,0  0
Max Rain: 26,4 on day 24
Days of Rain: 21 (>= 0,2 mm)  18 (>= 2,0 mm)  3 (>= 20,0 mm)
Heat Base: 18,3  Cool Base: 18,3  Method: Integration

Powered by Ecowitt HP2553  and   CumulusMX   v 3.22.4 (b3215)   MXUI Template v 2.2.3 by  Silver Acorn   (7,0)  Valid HTML5