NOAA-style Climate Reports

   V/Λ SELECT: Month and Year   OR  >   Month
                   Annual Climatological Summary for 2014

Name: Rjoanddalen   City: Mjølfjell   State: Voss
Elevation: 665 m  Lat: N 60° 41' 59"   Lon: E 006° 50' 40"

                  Temperature (°C), Heat Base: 17.0  Cool Base: 17.0
                          Dep.  Heat  Cool                       Max  Max  Min  Min
        Mean  Mean        From  Deg   Deg                        >=   <=   <=   <=
 YR MO  Max   Min   Mean  Norm  Days  Days  Hi  Date  Low  Date 27.0  0.0  0.0 -18.0
------------------------------------------------------------------------------------
 14  1  -2.0  -6.7  -4.1   0.9   695     0   3.6   5 -16.8   12    0   20   26    0
 14  2   3.0  -2.5   0.0   5.0   513     0  10.7  25 -13.1   20    0    4   23    0
 14  3   5.5  -2.6   0.9   3.9   539     0  12.8  28  -9.1   24    0    0   26    0
 14  4   8.4  -0.9   3.1   3.1   457     0  15.2  23  -7.3    4    0    0   16    0
 14  5  13.0   1.8   7.0   0.0   352     0  20.2  28  -6.8    1    0    0    6    0
 14  6  18.8   4.7  11.2   0.2   212     5  26.2   7   0.6   22    0    0    0    0
 14  7  21.6   8.6  15.8   3.8    99    21  28.1  10   0.0   21    3    0    1    0
 14  8  17.8   7.3  12.0   0.0   200     3  22.1   5   0.2   20    0    0    0    0
 14  9  15.7   4.3   9.4   2.4   236     2  22.6  14  -1.4   26    0    0    5    0
 14 10   9.0   2.2   5.4   1.4   376     0  14.6   4  -1.4    1    0    0   10    0
 14 11   4.2  -0.2   2.0   4.0   466     0  13.0   1  -5.3   22    0    1   17    0
 14 12  -0.4  -5.7  -2.8   1.2   655     0   4.4  31 -18.2   25    0   14   30    2
------------------------------------------------------------------------------------
         9.6   0.9   5.0   2.2  4798    30  28.1 Jul -18.2  Dec    3   39  160    2

                                Precipitation (mm)

              Dep.   Max        Days of Rain
              From   Obs.           >=
 YR MO Total  Norm   Day Date  0.2  2.0300.0
---------------------------------------------
 14  1  25.0-125.0  13.7   7     6    4    0
 14  2  63.1 -26.9  28.4  23    11    5    0
 14  3 178.0  68.0 114.8  20    14   10    0
 14  4  67.3  12.3  11.7  14    11    9    0
 14  5  48.5 -21.5  11.7  15    10    9    0
 14  6  57.9 -52.1  20.1  12    12    5    0
 14  7  57.0 -53.0  13.7  31     7    7    0
 14  8  83.3 -46.7  11.4  24    19   13    0
 14  9  34.4-185.6  11.4   8     5    5    0
 14 10 299.1  94.1  63.0  28    20   17    0
 14 11 107.3 -77.7  21.1   1    12   10    0
 14 12  19.1-160.9  11.7   3     6    2    0
---------------------------------------------
      1040.0-575.0 114.8  Mar  133   96    0

                                Wind Speed (m/s)
                          Dom
 YR MO   Avg.  Hi   Date  Dir
------------------------------
 14  1  ----  23.8    6     E
 14  2  ----  25.4   15     E
 14  3  ----  19.4   26     E
 14  4  ----  10.5   12     E
 14  5  ----  15.8   22     E
 14  6  ----   9.9   10     E
 14  7  ----  21.3    5     E
 14  8  ----  17.3   11     E
 14  9  ----  16.3   30     E
 14 10  ----  26.6    5     E
 14 11  ----  17.4    8     E
 14 12  ----  14.7    9     E
------------------------------
        ----  26.6  Oct     W

Powered by Ecowitt HP2553  and   CumulusMX   v 3.19.3 (b3196)   MXUI Template v 2.2.3 by  Silver Acorn   (19.7)  Valid HTML5