NOAA-style Climate Reports

   V/Λ SELECT: Month and Year   OR  >   Month
                   Monthly Climatological Summary for Mar 2014

Name: Rjoanddalen   City: Mjølfjell   State: Voss
Elevation: 665 m  Lat: N 60° 41' 59"   Lon: E 006° 50' 40"

                  Temperature (°C), Rain (mm), Wind Speed (m/s)

                                      Heat  Cool        Avg
    Mean                              Deg   Deg         Wind                 Dom
Day Temp  High   Time   Low    Time   Days  Days  Rain  Speed High   Time    Dir
----------------------------------------------------------------------------------
01   1.4   7.0   12:30  -1.9   23:14  16.9   0.0   0.0  ----   5.8   02:26    SE
02   0.4   2.3   10:59  -2.0   00:01  17.9   0.0   0.0  ----  15.4   11:22   SSE
03   1.9   5.3   13:23  -0.5   05:03  16.4   0.0   0.0  ----  11.5   12:09   SSE
04   1.6   4.4   14:00   0.0   07:28  16.7   0.0   0.0  ----  11.2   10:54   SSE
05   2.4   6.1   15:04   0.4   05:58  15.9   0.0   0.0  ----   9.5   22:46   SSE
06   2.1   5.3   13:19   0.5   03:58  16.2   0.0   5.3  ----   7.7   00:28    SE
07   1.2   3.9   12:09  -2.4   19:57  17.1   0.0  19.8  ----  10.4   16:57    SE
08   0.4   5.9   12:12  -1.9   00:02  17.9   0.0   2.3  ----   9.5   03:11   NNW
09   3.3   4.8   06:46  -0.4   23:59  15.0   0.0   5.1  ----  14.2   08:03    SE
10   0.1   3.6   09:58  -0.9   21:26  18.2   0.0   0.0  ----   6.8   15:33   NNW
11   1.2   9.6   12:01  -3.4   23:25  17.1   0.0   4.3  ----   4.3   13:28   ESE
12  -1.4   9.6   15:24  -6.4   05:30  19.7   0.0   0.0  ----   3.6   10:18   NNW
13  -1.1   5.6   11:19  -7.0   02:32  19.4   0.0   1.0  ----   8.3   21:56   NNW
14   0.6   3.7   09:54  -0.8   05:30  17.7   0.0   1.0  ----   5.4   19:10   ENE
15  -1.5   2.3   11:14  -3.7   21:16  19.8   0.0   0.0  ----   6.9   14:38    NW
16  -0.4   3.8   12:28  -4.2   05:34  18.7   0.0   6.4  ----  17.5   22:10    NW
17  -1.7   0.7   12:49  -3.5   06:26  20.0   0.0   0.0  ----  11.7   13:35    NW
18  -1.3   5.2   13:57  -8.1   21:18  19.5   0.0   2.0  ----  13.0   01:43   NNW
19  -0.5   5.1   13:31  -4.9   00:00  18.8   0.0   1.3  ----   6.4   15:33     N
20   1.5   3.7   11:18   0.0   00:00  16.8   0.0 114.8  ----   6.5   23:30   ESE
21  -0.1   3.8   14:15  -1.5   12:27  18.3   0.0   1.0  ----  10.4   01:42   NNE
22   0.4   4.9   11:18  -2.6   22:37  17.9   0.0   0.0  ----   4.7   12:59    SE
23   0.2   5.0   10:58  -3.3   02:45  18.0   0.0   3.3  ----   3.5   15:48    NE
24  -2.5   2.3   10:43  -9.1   06:16  20.8   0.0  10.4  ----   8.7   19:38   NNW
25  -1.7   4.0   10:11  -7.1   06:26  20.0   0.0   0.0  ----   7.7   05:02   NNW
26   1.7   8.5   12:39  -5.7   01:12  16.6   0.0   0.0  ----  19.4   12:17   NNW
27   3.2   8.2   15:18  -2.8   07:00  15.1   0.0   0.0  ----   8.7   01:05     N
28   6.2  12.8   10:47   3.3   23:13  12.1   0.0   0.0  ----  11.9   04:39   NNW
29   4.9   9.5   12:42   1.6   04:28  13.4   0.0   0.0  ----   3.9   01:29     N
30   4.0   8.4   13:13   0.5   23:11  13.7   0.0   0.0  ----   3.4   14:45     N
31   0.5   5.5   14:56  -3.8   08:19  17.8   0.0   0.0  ----   4.0   14:01     N
----------------------------------------------------------------------------------
     0.9  12.8    28    -9.1    24   539.4   0.0 178.0  ----  19.4    26       E

Max >=  27.0  0
Max <=   0.0  0
Min <=   0.0 26
Min <= -18.0  0
Max Rain: 114.8 on day 20
Days of Rain: 14 (>= 0.2 mm)  10 (>= 2.0 mm)  0 (>= 300.0 mm)
Heat Base: 17.0  Cool Base: 17.0  Method: Integration

Powered by Ecowitt HP2553  and   CumulusMX   v 3.21.1 (b3205)   MXUI Template v 2.2.3 by  Silver Acorn   (13.7)  Valid HTML5