NOAA-style Climate Reports

   V/Λ SELECT: Month and Year   OR  >   Month
                   Monthly Climatological Summary for Jun 2014

Name: Rjoanddalen   City: Mjølfjell   State: Voss
Elevation: 665 m  Lat: N 60° 41' 59"   Lon: E 006° 50' 40"

                  Temperature (°C), Rain (mm), Wind Speed (m/s)

                                      Heat  Cool        Avg
    Mean                              Deg   Deg         Wind                 Dom
Day Temp  High   Time   Low    Time   Days  Days  Rain  Speed High   Time    Dir
----------------------------------------------------------------------------------
01  12.4  22.7   17:18   2.7   04:13   6.8   0.9   0.0  ----   6.4   16:53   NNE
02  13.7  23.7   13:37   4.0   02:36   5.9   1.3   0.0  ----   8.9   16:26   NNE
03  13.3  22.8   12:52   5.1   05:04   5.4   0.4   0.0  ----   6.8   10:52     E
04  12.1  19.9   14:04   7.1   03:36   6.3   0.1   1.0  ----   5.3   13:22     N
05  11.6  14.1   12:33  10.0   01:16   3.5   0.0   1.3  ----   8.7   10:26   NNW
06  15.2  21.9   16:03   6.9   23:59   1.2   0.2   1.0  ----   5.7   16:00     S
07  12.2  26.2   14:09   3.8   04:44   6.5   0.4   1.0  ----   4.9   15:24     N
08  12.0  22.5   12:32   5.4   04:34   6.6   0.3   0.0  ----   6.1   12:47   NNE
09  12.0  19.7   17:42   5.0   03:29   6.4   0.0   0.0  ----   5.0   11:36     N
10  14.1  22.8   13:08   5.7   02:41   5.0   0.8   1.0  ----   9.9   14:04   SSE
11  11.3  17.6   12:28   8.2   13:39   7.0   0.0   8.4  ----   8.5   11:52     S
12   7.8   9.5   12:53   6.5   23:16  10.5   0.0  20.1  ----   5.1   14:48    NE
13  10.9  17.2   17:50   6.1   02:36   7.3   0.0   1.0  ----   6.9   16:08     N
14  13.1  22.0   14:53   3.5   05:02   5.7   0.5   0.0  ----   6.3   15:05     N
15  12.3  19.0   16:09   4.0   04:37   6.0   0.0   0.0  ----   7.0   20:44     N
16  12.3  17.6   16:43   6.7   23:51   6.0   0.0   0.0  ----   7.2   12:58     N
17  10.9  17.2   09:43   3.9   05:44   7.4   0.0   0.0  ----   7.7   15:26     N
18  11.9  17.9   16:22   6.7   05:05   6.4   0.0   2.0  ----   6.5   13:51   NNE
19   9.5  15.9   14:22   5.9   04:38   8.8   0.0   7.4  ----   8.9   15:47   NNW
20   8.1  13.7   12:27   3.7   03:26  10.2   0.0   0.0  ----   6.8   16:03     N
21   7.4  13.5   14:25   3.0   03:47  10.9   0.0   0.0  ----   6.9   15:12     N
22   6.6  11.9   14:49   0.6   03:54  11.7   0.0   0.0  ----   6.0   16:53     N
23   9.2  17.6   15:42   1.9   06:38   9.1   0.0   0.0  ----   5.0   13:26     N
24  11.5  19.3   14:46   2.6   03:57   6.8   0.0   0.0  ----   6.9   12:33    SE
25  11.1  19.1   12:51   3.1   04:10   7.2   0.0   1.0  ----   7.9   12:08     E
26  11.8  20.5   15:09   2.8   03:31   6.6   0.1   0.0  ----   6.6   14:31   NNE
27   9.1  18.8   15:42   3.4   05:33   9.2   0.0  12.7  ----   6.0   11:27     N
28  11.9  19.2   18:11   6.2   23:59   6.4   0.0   0.0  ----   4.9   10:37     N
29   9.7  18.6   11:42   3.2   04:34   8.6   0.0   0.0  ----   9.9   12:57    NE
30  12.1  21.4   15:46   4.2   01:40   6.4   0.2   0.0  ----   6.5   12:21   SSW
----------------------------------------------------------------------------------
    11.2  26.2     7     0.6    22   211.8   5.2  57.9  ----   9.9    10       E

Max >=  27.0  0
Max <=   0.0  0
Min <=   0.0  0
Min <= -18.0  0
Max Rain: 20.1 on day 12
Days of Rain: 12 (>= 0.2 mm)  5 (>= 2.0 mm)  0 (>= 300.0 mm)
Heat Base: 17.0  Cool Base: 17.0  Method: Integration

Powered by Ecowitt HP2553  and   CumulusMX   v 3.19.3 (b3196)   MXUI Template v 2.2.3 by  Silver Acorn   (19.5)  Valid HTML5