NOAA-style Climate Reports

   V/Λ SELECT: Month and Year   OR  >   Month
                   Monthly Climatological Summary for Jul 2014

Name: Rjoanddalen   City: Mjølfjell   State: Voss
Elevation: 665 m  Lat: N 60° 41' 59"   Lon: E 006° 50' 40"

                  Temperature (°C), Rain (mm), Wind Speed (m/s)

                                      Heat  Cool        Avg
    Mean                              Deg   Deg         Wind                 Dom
Day Temp  High   Time   Low    Time   Days  Days  Rain  Speed High   Time    Dir
----------------------------------------------------------------------------------
01  12.5  21.0   18:23   4.3   04:47   5.9   0.1   0.0  ----   4.8   21:44   NNW
02  12.7  20.4   11:41   5.5   05:34   5.7   0.1   2.3  ----   7.6   12:15    SE
03   9.2  13.7   10:53   4.9   23:51   9.1   0.0   8.4  ----   6.9   10:55   SSE
04  11.1  16.2   13:01   3.0   04:28   7.2   0.0   0.0  ----  11.0   23:48   SSE
05  15.6  20.3   10:51  12.1   07:02   2.8   0.1   7.4  ----  21.3   22:40     S
06  16.3  21.1   15:48  12.4   05:55   2.2   0.2   7.4  ----  15.5   00:31     S
07  15.2  19.0   10:50   9.9   23:51   3.1   0.0  10.4  ----  18.6   05:24     S
08  16.6  25.5   13:03   8.1   04:47   3.0   1.3   0.0  ----   6.9   14:11   WNW
09  21.9  27.9   17:32  17.3   00:13   0.0   3.6   0.0  ----  10.5   04:17    SW
10  19.2  28.1   10:15  13.8   04:01   0.8   1.2   0.0  ----   5.6   12:00   NNE
11  21.9  27.9   17:32  17.3   00:13   0.0   3.6   0.0  ----  10.5   04:17    SW
12  16.6  25.5   13:03   8.1   04:47   3.0   1.3   0.0  ----   6.9   14:11   WNW
13  15.2  19.0   10:50   9.9   23:51   3.1   0.0   0.0  ----  18.6   05:24     S
14  16.3  21.1   15:48  12.4   05:55   2.2   0.2   0.0  ----  15.5   00:31     S
15  15.2  19.0   10:50   9.9   23:51   3.1   0.0   0.0  ----  18.6   05:24     S
16  16.6  25.5   13:03   8.1   04:47   3.0   1.3   0.0  ----   6.9   14:11   WNW
17  15.6  20.3   10:51  12.1   07:02   2.8   0.1   0.0  ----  21.3   22:40     S
18  16.3  21.1   15:48  12.4   05:55   2.2   0.2   0.0  ----  15.5   00:31     S
19  16.3  21.1   15:48  12.4   05:55   2.2   0.2   0.0  ----  11.5   00:31     S
20  15.0  22.1   12:46   7.8   00:47   3.9   0.6   0.0  ----   6.8   15:05   SSE
21  18.4  23.0   12:36   0.0   11:03   0.8   0.8   0.0  ----   4.9   14:54   SSE
22  18.4  23.0   12:36   0.2   11:03   0.8   0.8   0.0  ----   4.9   14:54   SSE
23  18.4  23.0   12:36   0.2   11:03   0.8   0.8   0.0  ----   4.9   14:54   SSE
24  15.0  22.1   12:46   7.8   00:47   3.9   0.6   0.0  ----   6.8   15:05   SSE
25  15.0  22.1   12:46   7.8   00:47   3.9   0.6   0.0  ----   6.8   15:05   SSE
26  15.0  22.1   12:46   7.8   00:47   3.9   0.6   0.0  ----   6.8   15:05   SSE
27  15.0  22.1   12:46   7.8   00:47   3.9   0.6   0.0  ----   6.8   15:05   SSE
28  18.4  24.0   12:36   6.7   11:03   0.8   0.8   0.0  ----   4.9   14:54   SSE
29  18.4  24.0   12:36   7.8   11:03   0.8   0.8   0.0  ----   4.9   14:54   SSE
30  11.9  15.8   15:45   9.7   23:54   6.4   0.0   7.4  ----   6.0   18:32   SSE
31  10.5  13.3   12:30   8.9   03:56   7.8   0.0  13.7  ----   2.6   15:28   SSE
----------------------------------------------------------------------------------
    15.8  28.1    10     0.0    21    99.1  20.5  57.0  ----  21.3     5       E

Max >=  27.0  3
Max <=   0.0  0
Min <=   0.0  1
Min <= -18.0  0
Max Rain: 13.7 on day 31
Days of Rain: 7 (>= 0.2 mm)  7 (>= 2.0 mm)  0 (>= 300.0 mm)
Heat Base: 17.0  Cool Base: 17.0  Method: Integration

Powered by Ecowitt HP2553  and   CumulusMX   v 3.21.1 (b3205)   MXUI Template v 2.2.3 by  Silver Acorn   (13.5)  Valid HTML5