NOAA-style Climate Reports

   V/Λ SELECT: Month and Year   OR  >   Month
                   Monthly Climatological Summary for Aug 2014

Name: Rjoanddalen   City: Mjølfjell   State: Voss
Elevation: 665 m  Lat: N 60° 41' 59"   Lon: E 006° 50' 40"

                  Temperature (°C), Rain (mm), Wind Speed (m/s)

                                      Heat  Cool        Avg
    Mean                              Deg   Deg         Wind                 Dom
Day Temp  High   Time   Low    Time   Days  Days  Rain  Speed High   Time    Dir
----------------------------------------------------------------------------------
01  11.7  17.6   18:14   9.0   06:54   6.6   0.0  10.4  ----   3.6   12:42   SSE
02  15.8  21.6   14:58  10.7   03:37   2.6   0.1   0.0  ----  10.4   16:25     S
03  16.2  18.0   18:14  14.1   03:21   2.1   0.0   7.6  ----   8.8   00:52   WSW
04  15.7  21.2   10:32   8.4   23:57   2.8   0.2   1.0  ----   5.6   15:33   SSE
05  15.0  22.1   12:46   7.8   00:47   3.9   0.6   0.0  ----   6.8   15:05   SSE
06  14.5  22.0   17:09   9.4   03:21   4.2   0.4   0.0  ----   5.8   15:40     S
07  14.2  21.8   12:30   8.4   05:02   4.5   0.3   1.0  ----   8.9   12:54     S
08  14.4  21.7   16:02  10.5   04:47   4.3   0.4   4.1  ----   5.6   17:08     S
09  14.9  19.4   11:26   9.7   02:38   3.4   0.0   0.0  ----  13.3   23:15     S
10  13.5  17.7   14:37   8.5   05:01   4.8   0.0   0.0  ----  14.7   00:32     S
11  14.1  19.3   13:57  11.3   22:33   4.2   0.0   1.0  ----  17.3   11:38     S
12  12.0  16.6   13:56   9.1   23:49   6.3   0.0   0.0  ----  10.7   10:21     S
13  11.6  16.0   14:53   8.6   03:08   6.7   0.0   1.3  ----   7.8   14:55     S
14  12.4  21.0   15:06   6.7   05:39   6.0   0.1   1.0  ----   5.4   15:47   NNW
15  11.2  19.6   12:09   5.2   05:24   7.2   0.1   7.4  ----   6.2   14:56   SSE
16   9.0  13.3   12:39   6.9   06:02   9.3   0.0   2.0  ----   5.7   10:42   SSE
17   9.5  14.0   14:40   7.0   00:00   8.8   0.0   5.3  ----   4.4   16:51   NNW
18   9.5  15.9   15:45   7.4   04:22   8.8   0.0   8.4  ----   5.5   18:53     S
19   9.4  13.2   15:46   6.8   02:04   8.9   0.0   4.1  ----   6.3   14:42    NW
20   9.7  14.8   12:16   0.2   15:00   8.6   0.0   4.3  ----   5.6   13:37    NW
21   8.0  13.4   15:18   6.0   06:28  10.3   0.0   5.3  ----   6.2   14:00     S
22   8.5  15.9   12:17   3.9   04:58   9.8   0.0   4.1  ----   6.6   12:50   NNW
23   8.8  16.7   14:22   4.0   23:39   9.5   0.0   2.3  ----   5.5   15:25    NE
24   7.5  11.0   13:26   3.0   02:13  10.8   0.0  11.4  ----   4.4   17:33     S
25  10.8  18.8   17:03   5.1   23:33   7.5   0.0   0.0  ----   6.6   13:23   SSE
26  11.0  20.5   16:36   3.4   06:40   7.4   0.1   0.0  ----   5.6   16:52    SE
27  11.5  20.1   15:13   4.1   05:22   7.0   0.1   0.0  ----   7.6   17:37   ENE
28  12.0  21.2   16:46   4.8   06:20   6.7   0.4   0.0  ----   5.9   16:26     E
29  13.5  18.2   12:07   6.8   02:16   4.8   0.0   0.0  ----  11.7   12:55     S
30  12.1  13.8   14:47  10.0   06:44   6.2   0.0   1.3  ----  12.5   10:25   WSW
31  12.6  16.1   14:31  10.4   05:02   5.7   0.0   0.0  ----   9.8   15:02    SW
----------------------------------------------------------------------------------
    12.0  22.1     5     0.2    20   199.7   2.8  83.3  ----  17.3    11       E

Max >=  27.0  0
Max <=   0.0  0
Min <=   0.0  0
Min <= -18.0  0
Max Rain: 11.4 on day 24
Days of Rain: 19 (>= 0.2 mm)  13 (>= 2.0 mm)  0 (>= 300.0 mm)
Heat Base: 17.0  Cool Base: 17.0  Method: Integration

Powered by Ecowitt HP2553  and   CumulusMX   v 3.19.3 (b3196)   MXUI Template v 2.2.3 by  Silver Acorn   (18.3)  Valid HTML5