NOAA-style Climate Reports

   V/Λ SELECT: Month and Year   OR  >   Month
                   Monthly Climatological Summary for Oct 2014

Name: Rjoanddalen   City: Mjølfjell   State: Voss
Elevation: 665 m  Lat: N 60° 41' 59"   Lon: E 006° 50' 40"

                  Temperature (°C), Rain (mm), Wind Speed (m/s)

                                      Heat  Cool        Avg
    Mean                              Deg   Deg         Wind                 Dom
Day Temp  High   Time   Low    Time   Days  Days  Rain  Speed High   Time    Dir
----------------------------------------------------------------------------------
01   2.0  10.9   11:49  -1.4   06:16   8.3   0.0   0.0  ----   4.5   11:57     W
02   2.0  10.9   11:49  -1.4   06:16   8.3   0.0   0.0  ----   4.5   11:57     W
03   2.0  10.9   11:49  -1.4   06:16   8.3   0.0   0.0  ----   4.5   11:57     W
04  13.4  14.6   13:00   0.0   08:55   3.0   0.0   0.0  ----  16.3   23:13     S
05   9.7  13.1   02:04   6.2   16:23   8.6   0.0   7.4  ----  26.6   06:46     S
06   9.2  11.5   12:06   5.4   23:48   9.1   0.0   0.0  ----  24.3   09:14     S
07   5.8   8.2   13:59   4.2   05:13  12.5   0.0   0.0  ----  17.6   03:38    SW
08   5.5   7.1   03:23   2.3   23:47  12.8   0.0   4.3  ----  19.1   01:05    SW
09   6.5  10.2   15:19   3.2   00:22  11.8   0.0   4.3  ----  13.6   07:13    SW
10   6.1   8.1   14:29   4.7   22:21  12.2   0.0  11.4  ----   8.7   03:37    SW
11   7.3  13.0   12:31   4.2   05:16  11.0   0.0   1.0  ----   7.4   13:10     S
12   5.1   7.9   16:23   3.0   07:56  13.2   0.0   1.3  ----   3.9   13:33     W
13   4.8   8.4   15:21   2.9   23:59  13.5   0.0   2.0  ----   4.1   14:58     S
14   3.9  10.4   16:11   0.3   07:32  14.4   0.0   0.0  ----   4.6   15:30   NNW
15   2.9   8.5   12:07  -1.2   09:05  15.4   0.0   0.0  ----   6.5   14:35     N
16   2.4   7.0   15:12  -0.5   06:53  15.9   0.0   0.0  ----   6.6   15:25     N
17   3.2   6.4   10:58  -0.4   09:17  15.1   0.0   0.0  ----   6.9   01:05   NNW
18   5.0  10.5   23:21  -0.4   05:31  13.3   0.0   8.4  ----  12.5   16:30     N
19   8.7  10.6   12:01   6.4   22:35   9.6   0.0  36.8  ----   7.7   11:57   SSE
20   6.5   8.3   14:58   3.8   23:34  11.8   0.0  13.7  ----   8.7   18:14    SE
21   5.9   9.2   19:00   1.8   03:53  12.4   0.0   1.0  ----  14.7   17:03     S
22   4.5   7.4   00:00   3.1   17:59  13.8   0.0   8.4  ----   6.6   00:46   SSW
23   6.3   8.3   13:32   4.7   08:34  12.0   0.0   5.3  ----   8.5   00:30   SSE
24   7.1   9.0   13:53   4.6   23:58  11.2   0.0  18.8  ----  11.7   04:55   SSE
25   4.7   6.5   14:49   3.6   02:45  13.6   0.0   7.6  ----  10.8   15:36   SSE
26   6.1   8.0   23:46   4.6   02:57  12.7   0.0  51.6  ----  17.3   19:28   SSE
27   6.3   9.5   23:17   3.1   08:08  12.0   0.0  36.8  ----  12.3   00:11    SE
28   8.5  10.9   09:23   3.4   23:27   9.8   0.0  63.0  ----  15.8   13:42    SE
29   0.9   3.4   00:00   0.0   07:08  17.4   0.0   0.0  ----   4.4   01:23     S
30   0.5   2.8   13:30  -1.4   07:11  17.8   0.0   3.3  ----   4.5   23:18     N
31   3.3   7.9   22:23   0.1   00:03  15.0   0.0  12.7  ----   7.4   22:22     N
----------------------------------------------------------------------------------
     5.4  14.6     4    -1.4     1   375.8   0.0 299.1  ----  26.6     5       E

Max >=  27.0  0
Max <=   0.0  0
Min <=   0.0 10
Min <= -18.0  0
Max Rain: 63.0 on day 28
Days of Rain: 20 (>= 0.2 mm)  17 (>= 2.0 mm)  0 (>= 300.0 mm)
Heat Base: 17.0  Cool Base: 17.0  Method: Integration

Powered by Ecowitt HP2553  and   CumulusMX   v 3.19.3 (b3196)   MXUI Template v 2.2.3 by  Silver Acorn   (19.5)  Valid HTML5