NOAA-style Climate Reports

   V/Λ SELECT: Month and Year   OR  >   Month
                   Monthly Climatological Summary for Nov 2014

Name: Rjoanddalen   City: Mjølfjell   State: Voss
Elevation: 665 m  Lat: N 60° 41' 59"   Lon: E 006° 50' 40"

                  Temperature (°C), Rain (mm), Wind Speed (m/s)

                                      Heat  Cool        Avg
    Mean                              Deg   Deg         Wind                 Dom
Day Temp  High   Time   Low    Time   Days  Days  Rain  Speed High   Time    Dir
----------------------------------------------------------------------------------
01   9.1  13.0   09:13   5.7   23:58   9.2   0.0  21.1  ----  13.1   09:05   SSE
02   6.3   8.4   15:24   4.6   07:56  12.0   0.0  12.4  ----  10.8   18:08   SSE
03   4.2   6.5   14:00   2.0   18:41  14.1   0.0   1.3  ----   4.9   23:53   NNW
04   2.0   4.2   15:06   0.0   07:33  16.3   0.0   8.4  ----   6.6   22:55     N
05   1.7   3.4   11:13   0.6   07:47  16.6   0.0   0.0  ----   7.1   09:21   WNW
06   0.5   3.0   10:48  -1.5   07:44  17.8   0.0   0.0  ----   8.8   11:37   WSW
07   1.5   4.6   22:47  -2.3   04:18  16.8   0.0   0.0  ----  14.0   17:52     S
08   4.5   6.4   13:15   2.4   04:28  13.8   0.0   0.0  ----  17.4   09:43     S
09   5.6   7.9   10:05   3.4   05:51  12.7   0.0   8.4  ----  15.7   10:55     S
10   4.5   6.6   02:05   1.5   23:33  13.8   0.0   4.1  ----  10.7   09:33     S
11   1.0   4.8   13:32  -1.6   08:17  17.3   0.0   0.0  ----   5.9   20:52     N
12   5.0   6.7   10:31   1.9   00:01  13.3   0.0   0.0  ----  10.8   23:56    SW
13   3.7   6.5   00:56   0.5   15:58  14.6   0.0  13.7  ----  12.1   00:03     N
14   5.1   6.1   20:30   2.8   02:39  13.2   0.0   1.3  ----   8.9   22:31     N
15   5.2   6.5   12:26   3.4   18:44  13.1   0.0   0.0  ----  10.9   14:43   SSW
16   3.9   7.4   13:26   1.5   21:09  14.4   0.0   0.0  ----   8.8   00:03    SW
17   1.2   3.5   13:32  -1.0   19:00  17.1   0.0   0.0  ----   7.9   09:40   NNW
18   1.7   4.5   13:47   0.0   21:49  16.6   0.0   0.0  ----   4.8   01:21   NNW
19  -0.6   1.3   13:38  -2.9   09:26  18.9   0.0   0.0  ----   4.8   20:50     N
20  -1.7   0.3   00:14  -4.5   09:16  20.1   0.0   0.0  ----   4.7   05:54     N
21  -3.0  -0.8   12:43  -4.8   04:38  21.3   0.0   0.0  ----   4.8   05:59     N
22  -1.0   2.6   23:34  -5.3   09:15  19.3   0.0   0.0  ----   6.1   19:12     N
23   1.8   2.8   13:50   0.7   20:08  16.5   0.0  17.8  ----   6.9   02:05     W
24   0.4   1.3   18:08  -0.4   07:57  17.9   0.0   2.0  ----   4.5   17:15   SSW
25   1.1   3.0   09:57  -1.0   23:58  17.2   0.0   8.4  ----   4.6   09:48    NW
26   1.1   3.0   09:57  -1.0   23:58  17.2   0.0   8.4  ----   4.6   09:48    NW
27  -3.0   0.4   11:43  -4.6   07:01  10.6   0.0   0.0  ----   5.6   00:36   NNE
28   0.8   1.6   17:30   0.0   15:59   5.8   0.0   0.0  ----   8.8   19:58     S
29  -1.2   0.8   00:23  -2.7   19:39  19.5   0.0   0.0  ----  10.3   04:33   SSE
30  -0.5   0.7   10:58  -2.0   00:00  18.8   0.0   0.0  ----   7.8   06:40    SW
----------------------------------------------------------------------------------
     2.0  13.0     1    -5.3    22   465.8   0.0 107.3  ----  17.4     8       E

Max >=  27.0  0
Max <=   0.0  1
Min <=   0.0 17
Min <= -18.0  0
Max Rain: 21.1 on day 1
Days of Rain: 12 (>= 0.2 mm)  10 (>= 2.0 mm)  0 (>= 300.0 mm)
Heat Base: 17.0  Cool Base: 17.0  Method: Integration

Powered by Ecowitt HP2553  and   CumulusMX   v 3.21.1 (b3205)   MXUI Template v 2.2.3 by  Silver Acorn   (13.8)  Valid HTML5