NOAA-style Climate Reports

   V/Λ SELECT: Month and Year   OR  >   Month
                   Monthly Climatological Summary for Dec 2014

Name: Rjoanddalen   City: Mjølfjell   State: Voss
Elevation: 665 m  Lat: N 60° 41' 59"   Lon: E 006° 50' 40"

                  Temperature (°C), Rain (mm), Wind Speed (m/s)

                                      Heat  Cool        Avg
    Mean                              Deg   Deg         Wind                 Dom
Day Temp  High   Time   Low    Time   Days  Days  Rain  Speed High   Time    Dir
----------------------------------------------------------------------------------
01  -0.1   2.4   12:19  -2.3   09:42  18.4   0.0   0.0  ----  10.0   21:29   SSE
02  -1.5  -0.2   00:00  -3.3   21:38  19.8   0.0   0.0  ----   9.0   04:48   SSW
03   0.8   3.1   17:11  -2.1   02:52  17.5   0.0  11.7  ----   5.8   18:38   NNW
04   0.6   3.7   11:49  -3.0   22:29  17.7   0.0   0.0  ----   4.4   12:56     N
05   0.3   1.2   12:50  -2.5   00:00  18.0   0.0   0.0  ----   4.3   07:56   NNW
06  -2.3   1.6   23:41  -4.6   08:41  20.6   0.0   0.0  ----  10.3   23:41    SW
07  -0.2   2.8   01:48  -3.0   22:17  18.5   0.0   3.0  ----   7.0   01:14   NNW
08  -2.1  -0.7   11:44  -3.0   19:49  20.4   0.0   0.0  ----   1.9   03:43   SSW
09  -2.0   0.2   23:41  -4.0   09:13  20.3   0.0   0.0  ----  14.7   16:41   SSE
10  -1.4   0.1   00:00  -2.4   09:46  19.7   0.0   0.0  ----   3.9   00:01   SSE
11  -2.1  -0.2   13:09  -6.0   22:18  20.4   0.0   0.0  ----   8.3   05:52   SSE
12  -2.4  -0.9   14:05  -4.5   04:10  20.6   0.0   0.0  ----   3.4   15:28   SSE
13  -2.9  -0.7   06:16  -6.5   22:31  21.2   0.0   1.0  ----   3.2   06:14   SSE
14  -1.1   1.9   18:07  -6.2   00:00  19.4   0.0   1.3  ----  13.4   19:16   SSE
15  -3.0  -1.0   00:00  -5.9   16:12  21.3   0.0   0.0  ----   7.9   14:21     N
16  -3.6  -2.0   13:44  -5.9   23:30  21.9   0.0   0.0  ----   7.9   00:00     N
17  -3.9   0.1   21:20  -8.0   10:37  22.2   0.0   0.0  ----   7.9   00:00     N
18   0.1   1.1   11:41  -0.7   06:46  18.2   0.0   0.0  ----   7.9   00:00     N
19  -1.7   0.2   00:02  -2.8   09:30  20.0   0.0   0.0  ----   7.9   00:00     N
20  -3.4  -1.5   23:31  -5.8   10:13  21.7   0.0   0.0  ----   7.9   00:00     N
21  -2.1   0.3   18:09  -4.2   08:05  20.4   0.0   0.0  ----   7.9   00:00     N
22  -0.4   1.4   02:13  -1.3   22:15  18.7   0.0   0.8  ----   7.9   00:00     N
23  -1.1  -0.9   12:12  -1.2   02:58  19.4   0.0   0.0  ----   7.9   00:00     N
24  -4.0  -1.2   00:00 -10.4   22:56  22.3   0.0   0.0  ----   9.2   23:03     N
25 -14.6  -8.9   00:05 -18.2   23:30  32.9   0.0   0.0  ----   7.9   02:39     N
26  -9.1  -3.2   13:26 -18.1   00:34  27.4   0.0   0.0  ----   3.9   01:02   NNW
27 -13.8 -12.5   00:00 -15.4   23:30  32.1   0.0   0.0  ----   4.5   23:05     N
28  -9.4  -4.9   11:39 -13.9   00:00  27.7   0.0   0.0  ----   3.8   19:29     N
29  -3.6   0.4   17:43 -11.1   00:12  21.9   0.0   0.0  ----   4.8   12:41   SSW
30   0.2   1.9   22:43  -1.1   03:08  18.1   0.0   0.0  ----   3.0   00:25   SSW
31   1.8   4.4   12:38   0.2   17:18  16.5   0.0   1.3  ----   5.8   20:15     W
----------------------------------------------------------------------------------
    -2.8   4.4    31   -18.2    25   655.2   0.0  19.1  ----  14.7     9       E

Max >=  27.0  0
Max <=   0.0 14
Min <=   0.0 30
Min <= -18.0  2
Max Rain: 11.7 on day 3
Days of Rain: 6 (>= 0.2 mm)  2 (>= 2.0 mm)  0 (>= 300.0 mm)
Heat Base: 17.0  Cool Base: 17.0  Method: Integration

Powered by Ecowitt HP2553  and   CumulusMX   v 3.21.1 (b3205)   MXUI Template v 2.2.3 by  Silver Acorn   (13.7)  Valid HTML5