NOAA-style Climate Reports

   V/Λ SELECT: Month and Year   OR  >   Month
                   Monthly Climatological Summary for jan 2015

Name: Rjoanddalen   City: Mjølfjell   State: Voss
Elevation: 655 m  Lat: N 60° 41' 58"   Lon: E 006° 50' 38"

                  Temperature (°C), Rain (mm), Wind Speed (m/s)

                                      Heat  Cool        Avg
    Mean                              Deg   Deg         Wind                 Dom
Day Temp  High   Time   Low    Time   Days  Days  Rain  Speed High   Time    Dir
----------------------------------------------------------------------------------
01   2,2   3,4   06:40   0,8   18:39  16,1   0,0  15,7  ----  12,3   20:23   SSE
02  -0,1   3,3   01:08  -2,1   12:52  18,4   0,0  12,7  ----  11,0   19:30   NNW
03  -2,5  -0,8   01:02  -4,5   21:56  20,8   0,0   0,0  ----   7,8   01:02   WNW
04  -4,8  -3,7   00:54  -6,8   08:32   9,4   0,0   0,0  ----   7,6   04:09   WNW
05  -4,8  -3,7   00:54  -6,8   08:32   9,4   0,0   0,0  ----   7,6   04:09   WNW
06  -4,8  -3,7   00:54  -6,8   08:32   9,4   0,0   0,0  ----   7,6   04:09   WNW
07  -4,8  -3,7   00:54  -6,8   08:32   9,4   0,0   0,0  ----   7,6   04:09   WNW
08  -4,8  -3,7   00:54  -6,8   08:32   9,4   0,0   0,0  ----   7,6   04:09   WNW
09  -4,8  -3,7   00:54  -6,8   08:32   9,4   0,0   0,0  ----   7,6   04:09   WNW
10  -1,7  -0,2   09:00  -4,7   01:00   6,6   0,0   0,0  ----  10,7   18:11   SSE
11  -1,7  -0,2   09:00  -4,7   01:00   6,6   0,0   0,0  ----  10,7   18:11   SSE
12  -1,7  -0,2   09:00  -4,7   01:00   6,6   0,0   0,0  ----  10,7   18:11   SSE
13  -1,7  -0,2   09:00  -4,7   01:00   6,6   0,0   0,0  ----  10,7   18:11   SSE
14  -1,7  -0,2   09:00  -4,7   01:00   6,6   0,0   0,0  ----  10,7   18:11   SSE
15  -1,7  -0,2   09:00  -4,7   01:00   6,6   0,0   0,0  ----  10,7   18:11   SSE
16  -1,7  -0,2   09:00  -4,7   01:00   6,6   0,0   0,0  ----  10,7   18:11   SSE
17  -2,5  -1,6   11:30  -3,8   00:30  19,4   0,0   0,0  ----  11,3   00:07   SSE
18  -3,2  -2,3   13:00  -5,3   21:30  19,3   0,0   0,0  ----   4,9   23:26    NW
19  -6,6  -5,3   07:00  -8,7   00:30  19,2   0,0   0,0  ----   6,0   16:42     N
20  -6,4  -5,3   00:00  -8,4   11:00  19,4   0,0   0,0  ----  11,2   21:45   NNW
21  -6,5  -1,4   00:00  -1,8   21:23  19,9   0,0   1,0  ----  14,3   00:42     N
22 -10,2  -7,5   01:00 -13,4   20:22  20,3   0,0   0,0  ----   5,5   12:54     N
23  -5,1  -0,9   00:00 -12,0   00:30  20,8   0,0   0,0  ----  13,6   22:52    SE
24  -3,2  -0,8   00:30  -5,9   23:30  21,3   0,0   0,0  ----  11,9   00:15     N
25  -2,6   1,0   23:00  -6,4   02:30  21,3   0,0   0,0  ----   6,8   22:22    SE
26  -2,8   0,3   01:00  -5,6   18:00  21,1   0,0   0,0  ----   6,5   07:30   NNW
27  -2,6   1,2   23:51  -5,8   05:30  20,9   0,0   0,0  ----   5,7   22:53    SW
28  -2,3   0,6   16:00  -3,2   00:00  20,6   0,0   0,0  ----   6,6   09:56   SSE
29  -4,1  -2,8   00:30  -6,0   03:00  20,2   0,0   0,0  ----  16,4   14:02   SSE
30  -4,2  -3,4   16:30  -5,6   23:30  19,8   0,0   0,0  ----  15,8   19:48     S
31  -6,9  -4,6   03:30 -10,3   23:30  19,5   0,0   0,0  ----  10,9   05:34    NW
----------------------------------------------------------------------------------
    -3,6   3,4     1   -13,4    22   460,9   0,0  29,4  ----  16,4    29       E

Max >=  27,0  0
Max <=   0,0 25
Min <=   0,0 30
Min <= -18,0  0
Max Rain: 15,7 on day 1
Days of Rain: 3 (>= 0,2 mm)  2 (>= 2,0 mm)  0 (>= 20,0 mm)
Heat Base: 18,3  Cool Base: 18,3  Method: Integration

Powered by Ecowitt HP2553  and   CumulusMX   v 3.22.4 (b3215)   MXUI Template v 2.2.3 by  Silver Acorn   (7,1)  Valid HTML5