NOAA-style Climate Reports

   V/Λ SELECT: Month and Year   OR  >   Month
                   Monthly Climatological Summary for May 2015

Name: Rjoanddalen   City: Mjølfjell   State: Voss
Elevation: 665 m  Lat: N 60° 41' 59"   Lon: E 006° 50' 40"

                  Temperature (°C), Rain (mm), Wind Speed (m/s)

                                      Heat  Cool        Avg
    Mean                              Deg   Deg         Wind                 Dom
Day Temp  High   Time   Low    Time   Days  Days  Rain  Speed High   Time    Dir
----------------------------------------------------------------------------------
01   0.8   7.8   11:30  -2.8   00:00  18.0   0.0   0.0  ----   4.8   19:05     N
02  -0.6   7.6   16:30  -4.0   04:30  18.0   0.0   0.0  ----   4.7   02:23     N
03   0.7   3.6   18:00  -3.8   01:30  18.0   0.0   0.0  ----  12.4   23:18     S
04   2.1   3.5   17:00   0.7   10:00  18.0   0.0   1.0  ----  17.8   07:51   SSW
05   5.1   8.0   13:00   2.2   00:30  18.0   0.0   4.3  ----  16.2   18:06    SW
06   5.3   8.1   12:00   2.6   06:30  18.0   0.0   0.0  ----   9.8   02:15     S
07   2.6   6.8   11:30  -0.4   00:00  18.0   0.0   2.0  ----   8.7   00:27     S
08  -0.9   1.1   13:30  -3.9   00:00  18.0   0.0   2.0  ----   6.9   13:18   NNE
09  -0.1   6.3   11:30  -5.2   04:30  18.0   0.0   0.0  ----   4.9   18:27   NNE
10   1.1   7.6   12:00  -4.3   07:00  18.0   0.0   0.0  ----   6.8   22:29    NE
11   3.7   5.3   12:30   0.3   22:00  18.0   0.0  16.0  ----   7.3   04:05   SSE
12   3.1   8.0   13:30   1.2   00:00  18.0   0.0   5.3  ----  10.1   06:58   SSE
13   3.8   9.1   15:00   0.2   04:00  18.0   0.0   0.8  ----   6.9   20:27     N
14   1.9   5.3   17:00  -0.6   18:07  18.0   0.0   0.0  ----   5.7   21:25     N
15   3.1  11.9   12:30  -1.6   06:00  18.0   0.0   0.0  ----   5.7   06:20     N
16   1.7   5.9   14:30  -0.8   01:11  18.0   0.0   3.3  ----   3.9   14:40   NNW
17   1.4  10.4   15:30  -1.8   02:29  18.0   0.0   2.0  ----   4.2   09:47     N
18   2.4   5.8   19:00  -1.4   05:30  18.0   0.0   0.0  ----  14.8   22:33   SSW
19   3.3   6.1   19:30   1.4   06:30  18.0   0.0   0.0  ----  20.6   01:33   SSW
20   4.1  10.2   13:00  -0.8   15:34  18.0   0.0   0.0  ----   3.9   16:28     N
21   2.7   7.2   11:00  -0.2   03:30  17.9   0.0   3.3  ----   6.1   11:55   NNE
22   1.8   3.9   09:30  -1.3   09:23  18.0   0.0  17.8  ----   8.7   13:43    NE
23   1.3   4.3   19:00  -1.2   00:30  18.0   0.0   6.3  ----   7.7   03:09   NNW
24   1.9   5.7   14:30  -1.3   02:00  18.0   0.0   3.0  ----   7.3   09:46     N
25   3.4   9.6   15:00   0.3   04:30  18.0   0.0   2.3  ----   3.6   20:43     N
26   2.7   5.9   13:30   0.7   03:00  18.0   0.0   0.0  ----   4.6   14:36    NW
27   2.2   8.3   14:00  -0.1   04:30  18.0   0.0   4.1  ----   3.9   19:38    SW
28   2.5   4.3   17:00  -0.1   00:00  18.0   0.0   6.3  ----   8.7   13:08    SW
29   2.1   5.7   14:30  -0.1   00:30  18.0   0.0   1.0  ----   6.6   12:23    SE
30   2.8   9.5   16:30   0.8   01:00  18.0   0.0   1.3  ----   3.6   04:23     N
31   2.0   4.4   00:00   0.4   05:30  18.0   0.0   4.1  ----   4.7   23:28     S
----------------------------------------------------------------------------------
     2.3  11.9    15    -5.2     9   557.9   0.0  86.2  ----  20.6    19       E

Max >=  27.0  0
Max <=   0.0  0
Min <=   0.0 20
Min <= -18.0  0
Max Rain: 17.8 on day 22
Days of Rain: 19 (>= 0.2 mm)  15 (>= 2.0 mm)  0 (>= 300.0 mm)
Heat Base: 17.0  Cool Base: 17.0  Method: Integration

Powered by Ecowitt HP2553  and   CumulusMX   v 3.19.3 (b3196)   MXUI Template v 2.2.3 by  Silver Acorn   (18.3)  Valid HTML5