NOAA-style Climate Reports

   V/Λ SELECT: Month and Year   OR  >   Month
                   Monthly Climatological Summary for Jun 2015

Name: Rjoanddalen   City: Mjølfjell   State: Voss
Elevation: 665 m  Lat: N 60° 41' 59"   Lon: E 006° 50' 40"

                  Temperature (°C), Rain (mm), Wind Speed (m/s)

                                      Heat  Cool        Avg
    Mean                              Deg   Deg         Wind                 Dom
Day Temp  High   Time   Low    Time   Days  Days  Rain  Speed High   Time    Dir
----------------------------------------------------------------------------------
01   1.7   4.8   07:00  -0.2   23:30  18.0   0.0  10.7  ----  13.9   08:51   SSE
02   2.2   6.1   16:00  -0.4   01:30  18.0   0.0   5.1  ----  19.9   09:23     S
03   1.5   3.6   16:00  -0.2   01:00  18.0   0.0  19.1  ----   7.6   16:41     N
04   1.9   3.8   14:00   0.4   04:00  18.0   0.0   6.4  ----   7.3   10:42   NNE
05   5.8  12.1   12:30   0.7   02:30  18.0   0.0   0.0  ----   6.9   22:01     N
06   5.6   8.9   10:46   2.0   00:00  18.0   0.0  12.7  ----   9.0   17:00   SSW
07   2.2   4.9   15:16   0.4   03:00  17.9   0.0  27.2  ----   5.8   12:17   NNE
08   3.7   9.3   10:18   0.3   00:00  17.5   0.0   0.0  ----   4.6   21:25     N
09   4.2   9.4   09:30  -1.2   04:11  19.4   0.0   0.0  ----   4.8   14:52     N
10   3.6   5.3   13:00  -1.2   00:00  19.5   0.0   1.0  ----   7.9   18:05     N
11   2.5   8.0   16:41   4.0   23:17  12.2   0.0   0.0  ----   6.9   15:42   NNW
12   8.4  13.9   13:30   2.0   04:30   9.9   0.0   0.0  ----   8.3   15:55   SSE
13   6.0  10.5   13:18   2.8   23:14  12.3   0.0   0.0  ----   3.9   13:36     N
14   4.9   9.9   10:28   1.4   23:58  13.4   0.0   0.0  ----   5.6   16:09   NNW
15   5.0  10.4   12:32   0.9   04:28  13.3   0.0   0.0  ----   5.4   19:25    NW
16   5.2   9.3   07:49  -0.8   04:50  13.1   0.0   0.0  ----   4.9   15:12     N
17   4.5   7.9   15:50   1.6   00:43  13.8   0.0   4.3  ----   3.9   06:17     N
18   6.1   9.5   16:53   3.1   03:46  12.2   0.0   4.1  ----   3.8   13:48     N
19   6.7  12.5   14:49   2.8   03:00  11.6   0.0   2.0  ----   4.4   13:46     N
20   7.5  12.1   08:38   2.0   04:18  10.8   0.0   0.0  ----   5.7   14:57     N
21   9.8  16.3   13:41   2.8   02:20   8.5   0.0   0.0  ----   6.4   15:21     N
22   9.6  15.1   15:22   4.6   23:23   8.7   0.0   0.0  ----   5.7   12:39     N
23   8.9  13.6   14:14   3.5   03:37   9.4   0.0   0.0  ----   5.7   11:47     N
24   6.1  10.5   18:35   3.5   04:32  12.2   0.0   0.0  ----   6.0   15:29    NW
25   5.8   9.6   16:56   3.3   03:04  12.5   0.0   1.0  ----   6.9   17:00    SE
26   8.0  12.8   14:47   2.7   00:48  10.3   0.0   0.0  ----   5.6   15:14     N
27   9.2  14.7   15:17   2.8   02:50   9.1   0.0   0.0  ----   5.9   13:25     N
28   9.0  15.5   14:40   3.2   03:39   9.3   0.0   1.3  ----   5.7   11:28     N
29   7.7  12.0   16:12   4.7   04:46  10.6   0.0   2.0  ----   4.1   13:57     N
30   9.1  15.1   13:36   4.0   04:18   9.2   0.0   0.0  ----   5.4   11:07   NNE
----------------------------------------------------------------------------------
     5.7  16.3    21    -1.2     9   404.7   0.0  96.9  ----  19.9     2       E

Max >=  27.0  0
Max <=   0.0  0
Min <=   0.0  6
Min <= -18.0  0
Max Rain: 27.2 on day 7
Days of Rain: 13 (>= 0.2 mm)  10 (>= 2.0 mm)  0 (>= 300.0 mm)
Heat Base: 17.0  Cool Base: 17.0  Method: Integration

Powered by Ecowitt HP2553  and   CumulusMX   v 3.19.3 (b3196)   MXUI Template v 2.2.3 by  Silver Acorn   (19.4)  Valid HTML5