NOAA-style Climate Reports

   V/Λ SELECT: Month and Year   OR  >   Month
                   Monthly Climatological Summary for Jul 2015

Name: Rjoanddalen   City: Mjølfjell   State: Voss
Elevation: 665 m  Lat: N 60° 41' 59"   Lon: E 006° 50' 40"

                  Temperature (°C), Rain (mm), Wind Speed (m/s)

                                      Heat  Cool        Avg
    Mean                              Deg   Deg         Wind                 Dom
Day Temp  High   Time   Low    Time   Days  Days  Rain  Speed High   Time    Dir
----------------------------------------------------------------------------------
01  11.4  17.8   16:34   6.0   00:41   6.9   0.0   0.0  ----   6.8   17:31   NNE
02  16.9  23.9   16:22   8.1   00:54   3.0   1.6   0.0  ----  10.9   13:13     E
03  13.6  19.3   16:36   9.3   23:44   4.7   0.0   1.0  ----   6.8   12:51     N
04  13.7  19.7   15:07   6.3   05:05   4.8   0.2   0.0  ----   6.6   10:21   NNE
05  14.5  21.2   14:40   7.2   02:37   4.3   0.5   0.0  ----   6.3   08:33   NNE
06   9.7  13.4   03:40   8.2   08:30   8.6   0.0  32.8  ----   5.9   02:42     N
07   8.4  10.6   18:09   6.8   05:13   9.9   0.0   2.0  ----   6.8   06:53    NE
08  11.0  16.2   13:38   6.3   01:01   7.3   0.0   1.0  ----   5.9   18:05     N
09   8.8  11.9   11:01   5.6   23:53   9.5   0.0   0.0  ----   6.5   10:41     N
10   8.2  12.9   18:02   3.5   02:50  10.1   0.0   0.0  ----   5.9   12:20   NNW
11  10.5  19.0   14:11   3.0   01:10   7.8   0.0   1.0  ----   4.9   08:41     N
12  12.8  20.0   14:26   6.7   00:53   5.7   0.2   1.0  ----   5.9   13:20    NE
13  10.1  14.5   17:52   7.1   23:57   8.2   0.0   2.3  ----   5.6   15:41     E
14   8.3  11.0   16:37   5.8   03:46  10.0   0.0   1.0  ----   3.2   14:59     S
15   8.7  12.2   16:43   6.2   04:51   9.6   0.0   2.0  ----   4.9   19:29   SSE
16   8.3  12.2   13:34   3.7   23:58  10.0   0.0   0.0  ----   6.5   12:45     N
17  11.0  18.6   16:32   1.3   05:41   7.3   0.0   1.0  ----  10.6   22:51    SE
18   8.3  10.8   11:10   6.4   06:22  10.0   0.0  15.7  ----   7.6   00:57     S
19   8.9  11.3   13:45   5.9   23:34   9.3   0.0   1.0  ----   6.2   13:26   ENE
20   9.5  15.0   11:35   5.3   01:22   8.8   0.0   3.3  ----   3.5   23:53   NNE
21   8.5  12.3   12:47   5.1   00:52   9.7   0.0  13.7  ----   5.8   12:54   WNW
22   9.2  11.3   14:31   5.3   23:57   9.1   0.0   9.4  ----   6.1   15:05    SE
23   8.2  12.4   15:14   4.0   04:35  10.1   0.0   0.0  ----   4.9   17:53   SSE
24   7.1   9.8   11:37   3.6   06:03  11.2   0.0   5.3  ----   7.9   14:14   SSE
25  11.2  17.2   16:32   4.6   06:11   7.1   0.0   0.0  ----   5.9   16:34     N
26  10.9  14.9   14:31   6.4   04:47   7.4   0.0   1.0  ----   6.2   12:34     N
27  10.0  15.5   17:42   5.4   23:32   8.3   0.0   1.0  ----   4.6   15:24   SSW
28  12.0  18.4   13:32   3.7   02:28   6.3   0.0   0.0  ----   6.2   12:08   ENE
29  12.6  18.4   08:50   8.8   23:52   5.7   0.0   0.0  ----   8.6   15:51     N
30  11.6  17.6   14:03   8.0   05:28   6.7   0.0   1.0  ----   4.7   14:20   NNE
31   8.9  13.5   15:53   4.0   23:49   9.4   0.0   0.0  ----   6.5   12:21   SSE
----------------------------------------------------------------------------------
    10.4  23.9     2     1.3    17   246.8   2.5  96.5  ----  10.9     2       E

Max >=  27.0  0
Max <=   0.0  0
Min <=   0.0  0
Min <= -18.0  0
Max Rain: 32.8 on day 6
Days of Rain: 19 (>= 0.2 mm)  9 (>= 2.0 mm)  0 (>= 300.0 mm)
Heat Base: 17.0  Cool Base: 17.0  Method: Integration

Powered by Ecowitt HP2553  and   CumulusMX   v 3.19.3 (b3196)   MXUI Template v 2.2.3 by  Silver Acorn   (19.6)  Valid HTML5