NOAA-style Climate Reports

   V/Λ SELECT: Month and Year   OR  >   Month
                   Monthly Climatological Summary for Aug 2015

Name: Rjoanddalen   City: Mjølfjell   State: Voss
Elevation: 665 m  Lat: N 60° 41' 59"   Lon: E 006° 50' 40"

                  Temperature (°C), Rain (mm), Wind Speed (m/s)

                                      Heat  Cool        Avg
    Mean                              Deg   Deg         Wind                 Dom
Day Temp  High   Time   Low    Time   Days  Days  Rain  Speed High   Time    Dir
----------------------------------------------------------------------------------
01   7.7  13.8   16:01   1.9   03:18  10.6   0.0   0.0  ----   6.6   17:41     E
02   8.7  14.4   14:36   3.8   23:57   9.6   0.0   1.0  ----   6.4   14:13    SE
03   9.6  16.8   18:00   2.0   02:49   8.7   0.0   0.0  ----   7.1   22:50   SSW
04  13.2  18.8   11:33  10.7   00:24   5.1   0.0   7.6  ----   7.9   10:59    SW
05  12.6  18.9   14:08   9.1   23:56   5.7   0.0   1.0  ----   6.3   14:14   SSE
06  12.2  19.2   12:33   7.4   05:54   6.2   0.0   5.1  ----   7.6   12:28   SSE
07  12.9  16.4   16:30   8.4   23:38   5.4   0.0   8.4  ----   4.6   05:32     S
08  10.1  15.1   14:52   6.0   23:18   8.2   0.0   0.0  ----   5.8   12:01   ESE
09  10.3  15.8   16:33   6.2   00:31   8.0   0.0   0.0  ----   6.9   20:38     S
10  13.0  17.9   17:27  10.3   02:02   5.3   0.0   0.0  ----   7.8   19:35     S
11  11.2  13.5   11:37   8.6   23:59   7.1   0.0  18.0  ----   9.2   15:08   SSE
12   9.0  13.4   16:07   4.3   23:58   9.3   0.0   1.0  ----   6.8   14:35     S
13  10.6  18.0   16:50   3.0   05:07   7.7   0.0   0.0  ----   5.6   15:14    NE
14  14.2  21.3   15:14   5.8   04:35   4.5   0.3   0.0  ----  11.2   16:00     S
15  16.1  20.7   15:40  13.8   19:23   2.4   0.1   0.0  ----   9.5   07:26   SSW
16  13.2  14.9   00:04  11.7   05:24   5.1   0.0  11.7  ----   8.3   00:09   NNW
17  15.5  19.2   16:47  11.9   23:55   2.8   0.1   0.0  ----   8.8   11:08   WNW
18  11.4  12.7   02:00   8.9   06:42   2.1   0.0   0.0  ----   7.7   03:35     W
19  11.4  12.7   02:00   8.9   06:42   2.1   0.0   0.0  ----   7.7   03:35     W
20  17.2  20.8   14:49   0.0   10:54   1.1   0.5   0.0  ----  11.9   12:25     S
21  14.4  19.6   14:52   7.8   05:24   4.0   0.1   0.0  ----  13.1   09:40   SSE
22  15.5  19.6   13:51  11.4   23:34   2.9   0.1   0.0  ----   8.6   10:10     S
23  14.5  20.4   15:20   7.1   05:22   4.1   0.3   0.0  ----   9.0   19:12    NE
24  15.3  19.7   11:05  10.9   00:49   3.1   0.1   0.0  ----  11.6   13:15   WSW
25  14.2  15.8   17:49  11.5   23:50   4.1   0.0   9.4  ----  13.5   05:49   WSW
26  12.5  16.5   15:00  10.5   01:23   5.8   0.0  11.7  ----   8.3   15:15     S
27  11.6  16.1   11:34   7.9   23:54   6.7   0.0   4.3  ----   7.5   15:58    SW
28   9.3  12.6   16:39   6.7   04:25   9.0   0.0   7.1  ----   4.5   14:33   SSE
29   9.0  10.9   15:40   6.7   03:39   9.3   0.0  13.7  ----   4.7   17:35   WSW
30   9.4  12.4   14:02   7.9   02:02   8.9   0.0  22.1  ----   3.3   16:01   WNW
31   9.2   9.9   10:31   7.7   03:38   9.1   0.0   1.3  ----   3.6   20:57   NNW
----------------------------------------------------------------------------------
    12.1  21.3    14     0.0    20   184.0   1.6 123.4  ----  13.5    25       E

Max >=  27.0  0
Max <=   0.0  0
Min <=   0.0  1
Min <= -18.0  0
Max Rain: 22.1 on day 30
Days of Rain: 15 (>= 0.2 mm)  11 (>= 2.0 mm)  0 (>= 300.0 mm)
Heat Base: 17.0  Cool Base: 17.0  Method: Integration

Powered by Ecowitt HP2553  and   CumulusMX   v 3.21.1 (b3205)   MXUI Template v 2.2.3 by  Silver Acorn   (13.8)  Valid HTML5