NOAA-style Climate Reports

   V/Λ SELECT: Month and Year   OR  >   Month
                   Monthly Climatological Summary for Sep 2015

Name: Rjoanddalen   City: Mjølfjell   State: Voss
Elevation: 665 m  Lat: N 60° 41' 59"   Lon: E 006° 50' 40"

                  Temperature (°C), Rain (mm), Wind Speed (m/s)

                                      Heat  Cool        Avg
    Mean                              Deg   Deg         Wind                 Dom
Day Temp  High   Time   Low    Time   Days  Days  Rain  Speed High   Time    Dir
----------------------------------------------------------------------------------
01   9.9   9.9   00:00   9.9   00:00   8.4   0.0   1.0  ----   9.1   19:21     N
02   9.9   9.9   00:00   9.9   00:00   8.4   0.0   0.0  ----  15.5   13:20     N
03  11.2  18.2   11:08   7.3   23:24   6.7   0.0   0.0  ----  11.6   05:23     N
04   8.8  14.5   13:41   3.9   03:33   9.5   0.0   4.3  ----   9.6   12:00    SE
05   7.4  11.4   15:56   3.3   05:09  10.9   0.0   3.0  ----   8.3   14:09     N
06   6.5  12.8   13:28   1.4   07:15  11.8   0.0   0.0  ----   5.4   19:19     N
07   6.5  13.5   16:55   1.3   06:40  11.8   0.0   0.0  ----   4.8   17:37    NW
08   9.1  16.4   15:53   3.0   01:50   9.2   0.0   0.0  ----   4.9   15:02     W
09  11.6  19.6   15:20   5.6   06:50   6.8   0.1   0.0  ----   4.8   14:16   NNE
10  12.3  20.2   14:21   5.9   01:55   6.2   0.2   0.0  ----   5.0   14:06   NNW
11  12.4  16.8   13:32   8.4   04:16   5.9   0.0   0.0  ----  11.9   13:40     S
12  11.4  14.1   10:27   9.4   06:04   6.9   0.0   0.0  ----  15.3   19:54     S
13  11.3  12.5   14:14   9.8   09:59   7.0   0.0  17.8  ----  18.4   07:40     S
14  12.7  14.7   16:32  10.4   02:06   5.6   0.0   2.3  ----  16.2   13:36    SW
15  11.2  13.7   08:29   7.4   23:20   7.1   0.0  14.7  ----  11.6   00:39   WNW
16   8.9  13.2   16:01   6.1   05:56   9.4   0.0   2.0  ----   8.9   11:34   SSW
17  10.6  13.5   16:16   8.9   05:07   7.7   0.0   1.0  ----   8.9   06:30     N
18   9.4  12.9   14:50   5.8   22:11   8.9   0.0   2.0  ----   5.7   15:13    SW
19   7.1   9.9   16:42   4.8   03:21  11.2   0.0   1.3  ----   4.4   16:02   SSW
20   7.3  12.2   13:13   4.0   06:36  11.0   0.0   0.0  ----   5.0   14:44   SSE
21   6.2  13.6   15:31   0.3   05:23  12.1   0.0   0.0  ----   7.2   14:38   SSE
22   8.5  12.7   11:38   4.7   07:32   9.8   0.0   0.0  ----   6.3   11:59    SE
23   9.8  14.9   13:51   6.9   05:42   8.5   0.0   0.0  ----   6.5   23:28   SSE
24   9.5  13.0   12:38   5.8   22:47   8.8   0.0   7.4  ----  10.3   12:38     S
25   5.4   7.3   12:27   3.6   06:45  12.9   0.0   6.3  ----   4.8   01:54   SSE
26   5.6   8.7   14:49   3.6   03:19  12.7   0.0   7.4  ----   4.3   16:09   SSW
27   5.9  10.7   13:21   2.3   03:28  12.4   0.0   0.0  ----   2.9   12:49   WNW
28   6.1  12.7   13:37   1.0   07:49  12.2   0.0   0.0  ----   3.4   23:10   NNW
29   7.9  14.0   15:10   2.4   06:45  10.4   0.0   0.0  ----   6.3   14:52    SE
30   7.8   9.7   14:16   6.7   21:30  10.5   0.0   0.0  ----   2.6   05:35   SSW
----------------------------------------------------------------------------------
     8.9  20.2    10     0.3    21   280.7   0.3  70.5  ----  18.4    13       E

Max >=  27.0  0
Max <=   0.0  0
Min <=   0.0  0
Min <= -18.0  0
Max Rain: 17.8 on day 13
Days of Rain: 13 (>= 0.2 mm)  10 (>= 2.0 mm)  0 (>= 300.0 mm)
Heat Base: 17.0  Cool Base: 17.0  Method: Integration

Powered by Ecowitt HP2553  and   CumulusMX   v 3.19.3 (b3196)   MXUI Template v 2.2.3 by  Silver Acorn   (18.2)  Valid HTML5