NOAA-style Climate Reports

   V/Λ SELECT: Month and Year   OR  >   Month
                   Monthly Climatological Summary for Dec 2015

Name: Rjoanddalen   City: Mjølfjell   State: Voss
Elevation: 665 m  Lat: N 60° 41' 59"   Lon: E 006° 50' 40"

                  Temperature (°C), Rain (mm), Wind Speed (m/s)

                                      Heat  Cool        Avg
    Mean                              Deg   Deg         Wind                 Dom
Day Temp  High   Time   Low    Time   Days  Days  Rain  Speed High   Time    Dir
----------------------------------------------------------------------------------
01  -2.8  -0.5   12:20  -5.2   19:28  21.1   0.0   0.0  ----   0.0   00:00     N
02   0.9   4.6   18:21  -3.9   00:54  17.4   0.0  75.9  ----   7.8   16:59   WNW
03  -0.7   0.7   04:17  -2.4   00:20  19.0   0.0   0.0  ----   7.4   05:36   NNW
04  -0.1   0.7   05:42  -1.2   01:30  18.4   0.0   0.0  ----   8.0   16:01   NNW
05   2.2   4.5   09:09   0.1   22:43  16.1   0.0  35.8  ----  14.6   11:07     E
06   0.6   1.9   22:04   0.0   15:50  17.7   0.0   0.0  ----  11.8   18:26     N
07  -1.6   1.3   00:00  -5.5   15:53  19.9   0.0   0.0  ----   5.9   00:31    NW
08   3.7   5.2   11:46   0.4   00:00  14.5   0.0  25.1  ----  14.9   11:52     S
09   1.2   3.3   01:29  -0.2   09:21  17.1   0.0  18.0  ----   9.4   22:12   SSE
10   0.9   3.7   03:09  -1.4   14:36  17.4   0.0  13.7  ----  12.8   14:33     S
11  -1.1   0.9   10:59  -2.6   23:52  19.4   0.0   0.0  ----   4.9   06:02   ESE
12  -2.5  -0.5   13:21  -5.8   23:43  20.8   0.0   0.0  ----   0.6   04:03     N
13  -8.0  -4.7   16:01 -13.4   22:14  26.3   0.0   0.0  ----   2.5   16:46   ESE
14  -5.0  -1.5   14:00 -13.8   00:20  23.2   0.0   0.0  ----   4.4   22:46   ESE
15 -10.0  -8.6   00:00 -10.8   04:09  14.3   0.0   0.0  ----   3.3   01:15   ESE
16  -4.0   1.9   23:53  -9.9   11:03  11.8   0.0   0.0  ----   5.8   17:08     N
17   3.1   5.4   22:19   0.5   01:57  15.1   0.0  38.1  ----   4.4   21:17   WNW
18   3.9   5.5   03:00   2.7   19:05  14.4   0.0  20.8  ----   7.5   14:16     N
19   4.2   6.7   15:01   1.6   04:02  14.1   0.0  12.7  ----  12.9   20:57    SE
20   6.5   6.5   00:00   6.5   00:00  11.8   0.0  38.1  ----  10.5   00:04    SE
21   6.5   6.5   00:00   6.5   00:00  11.8   0.0  14.5  ----  11.7   08:03    SE
22   5.2   6.5   00:00   1.0   20:39  11.8   0.0   4.3  ----  11.5   14:08   SSW
23   1.0   1.7   12:39   0.2   21:51  16.7   0.0   7.3  ----   8.9   01:45     E
24   2.1   3.9   14:44   0.4   00:12  16.2   0.0  32.8  ----  15.7   08:40   SSE
25  -0.3   1.0   12:23  -2.8   23:49  18.6   0.0   0.0  ----   6.4   16:10     N
26  -9.2  -2.4   00:08 -12.7   18:01  27.5   0.0   0.0  ----   7.7   23:57   NNW
27  -5.5  -3.6   12:47  -8.9   00:00  23.7   0.0   0.0  ----  15.7   06:11   NNW
28  -5.0  -0.4   17:56 -10.3   02:45  23.3   0.0   0.0  ----   8.4   05:32   NNW
29   0.0   1.3   02:19  -2.3   00:28  18.2   0.0   0.0  ----  16.9   18:19    SE
30   3.0   4.4   19:32   0.8   01:07  15.3   0.0   1.0  ----  24.0   11:46     S
31   1.9   4.0   00:00  -0.5   15:17  16.4   0.0   4.3  ----  27.6   10:13     S
----------------------------------------------------------------------------------
    -0.3   6.7    19   -13.8    14   549.3   0.0 342.4  ----  27.6    31       E

Max >=  27.0  0
Max <=   0.0  8
Min <=   0.0 20
Min <= -18.0  0
Max Rain: 75.9 on day 2
Days of Rain: 15 (>= 0.2 mm)  14 (>= 2.0 mm)  0 (>= 300.0 mm)
Heat Base: 17.0  Cool Base: 17.0  Method: Integration

Powered by Ecowitt HP2553  and   CumulusMX   v 3.21.1 (b3205)   MXUI Template v 2.2.3 by  Silver Acorn   (13.7)  Valid HTML5