NOAA-style Climate Reports

   V/Λ SELECT: Month and Year   OR  >   Month
                   Annual Climatological Summary for 2016

Name: Rjoanddalen   City: Mjølfjell   State: Voss
Elevation: 665 m  Lat: N 60° 41' 59"   Lon: E 006° 50' 40"

                  Temperature (°C), Heat Base: 17.0  Cool Base: 17.0
                          Dep.  Heat  Cool                       Max  Max  Min  Min
        Mean  Mean        From  Deg   Deg                        >=   <=   <=   <=
 YR MO  Max   Min   Mean  Norm  Days  Days  Hi  Date  Low  Date 27.0  0.0  0.0 -18.0
------------------------------------------------------------------------------------
 16  1  -3.5  -8.9  -6.0  -1.0   729     0   3.7  24 -17.5   20    0   19   23    0
 16  2   0.6  -6.8  -3.3   1.7   627     0   5.0   7 -17.4   14    0    9   25    0
 16  3   4.5  -4.6  -0.5   2.5   582     0  13.8  15 -12.9    8    0    2   27    0
 16  4   7.9  -3.1   1.5   1.5   504     0  11.8   4  -9.6   25    0    0   27    0
 16  5  13.8   2.6   7.4   0.4   338     1  22.7  31  -3.2   16    0    0    5    0
 16  6  19.6   6.1  12.3   1.3   190    11  27.3   3   0.7   10    1    0    0    0
 16  7  17.1   8.5  12.1   0.1   203     9  27.4  24   4.2   10    1    0    0    0
 16  8  15.9   7.4  11.2  -0.8   222     2  22.7  17   1.9   12    0    0    0    0
 16  9  16.1   7.3  11.4   4.4   209     6  26.5  15   0.0    8    0    0    1    0
 16 10   9.1  -0.2   3.6  -0.4   442     0  18.2   6  -5.0   30    0    0   18    0
 16 11   0.3  -5.0  -2.0   0.0   608     0   6.4  15 -16.1    8    0   10   23    0
 16 12   1.7  -1.4   0.3   4.3   558     0   5.2  19  -7.6   12    0    1   16    0
------------------------------------------------------------------------------------
         8.6   0.2   4.0   1.2  5214    30  27.4 Jul -17.5  Jan    2   41  165    0

                                Precipitation (mm)

              Dep.   Max        Days of Rain
              From   Obs.           >=
 YR MO Total  Norm   Day Date  0.2  2.0300.0
---------------------------------------------
 16  1  65.2 -84.8  19.0  29     6    6    0
 16  2  52.7 -37.3  22.1   6     7    4    0
 16  3  45.2 -64.8  12.7  27    12    7    0
 16  4  36.7 -18.3   9.7  21     8    8    0
 16  5  63.3  -6.7  14.7  28     9    9    0
 16  6  56.6 -53.4  11.7  24    10    9    0
 16  7 195.7  85.7  24.1  26    23   21    0
 16  8 206.5  76.5  39.9  26    22   16    0
 16  9 205.2 -14.8  41.1  29    14   12    0
 16 10  63.3-141.7  34.8  27     7    6    0
 16 11  66.4-118.6  19.1  15     8    8    0
 16 12 166.2 -13.8  49.5  25    14   12    0
---------------------------------------------
      1223.0-392.0  49.5  Dec  140  118    0

                                Wind Speed (m/s)
                          Dom
 YR MO   Avg.  Hi   Date  Dir
------------------------------
 16  1  ----  22.0    1     E
 16  2  ----  22.5   20     E
 16  3  ----  27.1   28     E
 16  4  ----  12.4   29     E
 16  5  ----  15.5    2     E
 16  6  ----  15.4   30     E
 16  7  ----   9.3   21     E
 16  8  ----  10.9    3     E
 16  9  ----  16.6   25     E
 16 10   1.6  12.3   17     N
 16 11   1.4  12.4    5     N
 16 12   1.2  15.9   26   ESE
------------------------------
         1.4  27.1  Mar     W

Powered by Ecowitt HP2553  and   CumulusMX   v 3.21.1 (b3205)   MXUI Template v 2.2.3 by  Silver Acorn   (13.5)  Valid HTML5