NOAA-style Climate Reports

   V/Λ SELECT: Month and Year   OR  >   Month
                   Monthly Climatological Summary for Jan 2016

Name: Rjoanddalen   City: Mjølfjell   State: Voss
Elevation: 665 m  Lat: N 60° 41' 59"   Lon: E 006° 50' 40"

                  Temperature (°C), Rain (mm), Wind Speed (m/s)

                                      Heat  Cool        Avg
    Mean                              Deg   Deg         Wind                 Dom
Day Temp  High   Time   Low    Time   Days  Days  Rain  Speed High   Time    Dir
----------------------------------------------------------------------------------
01  -1.4   2.7   05:56  -7.8   20:15  19.7   0.0   0.0  ----  22.0   04:56     S
02  -2.7   1.4   04:31  -8.4   23:52  21.0   0.0   0.0  ----  14.7   09:40   SSW
03  -9.5  -8.1   13:26 -12.5   21:30  27.8   0.0   0.0  ----  17.6   03:59    SE
04 -13.4  -9.5   00:01 -17.0   17:42  31.7   0.0   0.0  ----   7.9   01:55     N
05 -12.6  -9.0   13:09 -15.8   23:30  30.9   0.0   0.0  ----   6.8   20:12     N
06 -15.1 -12.6   13:20 -16.7   03:29  33.4   0.0   0.0  ----   3.9   01:47   NNW
07 -11.4  -7.9   12:34 -15.0   00:26  29.7   0.0   0.0  ----   8.6   18:49     N
08 -12.8  -9.2   02:39 -15.0   19:27  31.1   0.0   0.0  ----   6.2   23:31     N
09 -11.1  -8.3   14:04 -15.0   00:22  29.4   0.0   0.0  ----   7.7   13:44     N
10  -5.5  -2.6   21:48  -8.8   00:00  23.8   0.0   0.0  ----  15.2   23:55   NNE
11  -4.4  -2.2   12:13  -8.8   23:44  22.7   0.0   0.0  ----  11.5   00:02     N
12  -4.4  -2.2   12:13  -8.8   23:44  22.7   0.0   0.0  ----  11.5   00:02     N
13  -4.4  -2.2   12:13  -8.8   23:44  22.7   0.0   0.0  ----  11.5   00:02     N
14  -9.8  -7.5   00:34 -11.2   09:07  14.0   0.0   0.0  ----   5.9   05:02     N
15  -3.8   0.0   10:58  -6.4   23:57  12.0   0.0   0.0  ----   6.9   20:33   NNE
16 -12.8  -6.4   00:00 -17.3   23:45  31.1   0.0   0.0  ----   9.8   04:01     N
17 -12.3  -7.4   23:51 -17.2   00:19  30.6   0.0   0.0  ----   4.5   08:27     N
18  -7.4  -3.3   13:22 -14.9   23:31  25.7   0.0   0.0  ----   4.7   21:08     N
19 -15.2 -12.5   13:18 -17.0   09:02  33.5   0.0   0.0  ----   5.7   20:18     N
20 -16.3 -13.5   12:50 -17.5   03:47  34.6   0.0   0.0  ----   4.9   20:03     N
21 -14.2 -11.2   13:53 -16.7   00:00  32.5   0.0   0.0  ----   4.7   15:44     N
22  -4.6   0.9   13:37 -15.2   00:59  22.9   0.0   0.0  ----  10.6   18:06   SSE
23  -0.1   2.1   12:19  -2.4   01:07  18.4   0.0   3.3  ----   6.8   01:18   WNW
24   1.8   3.7   12:16   0.3   01:48  16.5   0.0  11.4  ----   4.5   17:16   NNW
25   2.3   2.6   06:49   1.5   00:01  16.0   0.0  11.7  ----  10.8   19:18   SSE
26   2.5   2.5   00:00   2.5   00:00  15.8   0.0  12.7  ----   8.7   21:56   SSE
27   2.5   2.5   00:00   2.5   00:00  15.8   0.0   7.1  ----   8.8   05:50   NNE
28   2.5   2.5   00:00   2.5   00:00  15.8   0.0   0.0  ----   7.8   11:08     N
29   2.5   2.5   00:00   2.5   00:00  15.8   0.0  19.0  ----  21.0   19:23   ESE
30   2.5   2.5   00:00   2.5   00:00  15.8   0.0   0.0  ----  14.9   05:50   ESE
31   2.5   2.5   00:00   2.5   00:00  15.8   0.0   0.0  ----   6.6   16:49     N
----------------------------------------------------------------------------------
    -6.0   3.7    24   -17.5    20   729.2   0.0  65.2  ----  22.0     1       E

Max >=  27.0  0
Max <=   0.0 19
Min <=   0.0 23
Min <= -18.0  0
Max Rain: 19.0 on day 29
Days of Rain: 6 (>= 0.2 mm)  6 (>= 2.0 mm)  0 (>= 300.0 mm)
Heat Base: 17.0  Cool Base: 17.0  Method: Integration

Powered by Ecowitt HP2553  and   CumulusMX   v 3.19.3 (b3196)   MXUI Template v 2.2.3 by  Silver Acorn   (19.7)  Valid HTML5