NOAA-style Climate Reports

   V/Λ SELECT: Month and Year   OR  >   Month
                   Monthly Climatological Summary for apr 2016

Name: Rjoanddalen   City: Mjølfjell   State: Voss
Elevation: 655 m  Lat: N 60° 41' 58"   Lon: E 006° 50' 38"

                  Temperature (°C), Rain (mm), Wind Speed (m/s)

                                      Heat  Cool        Avg
    Mean                              Deg   Deg         Wind                 Dom
Day Temp  High   Time   Low    Time   Days  Days  Rain  Speed High   Time    Dir
----------------------------------------------------------------------------------
01  -0,9   3,0   10:25  -4,3   01:33  19,2   0,0   0,0  ----   6,9   21:46   SSE
02   1,9   4,6   16:47  -0,7   00:02  16,4   0,0   2,0  ----   9,9   08:50   SSE
03   3,5   8,0   14:01  -0,5   06:11  14,8   0,0   0,0  ----   8,9   17:08   NNE
04   5,7  11,8   14:14   2,2   06:05  12,6   0,0   0,0  ----   9,0   00:47   NNE
05   5,6  10,3   12:45   3,0   07:17  12,7   0,0   2,0  ----   6,1   11:07   ESE
06   3,3   6,5   13:51   0,9   23:40  15,0   0,0   4,3  ----   4,2   07:23    NW
07   2,7   8,2   12:23  -1,4   06:55  15,6   0,0   0,0  ----   3,8   12:28     N
08   2,3   9,1   14:18  -2,7   23:56  16,0   0,0   0,0  ----   4,6   12:08   NNE
09  -0,7   7,2   15:20  -6,4   07:13  19,0   0,0   0,0  ----   4,5   10:23     N
10   0,3  10,8   15:24  -6,7   06:20  18,0   0,0   0,0  ----   5,5   12:05   NNE
11   1,2   8,9   14:34  -3,2   04:56  17,1   0,0   0,0  ----   4,5   13:27     N
12   0,6   9,7   14:16  -5,7   06:28  17,7   0,0   0,0  ----   2,8   00:00     N
13   2,3   8,5   15:36  -4,1   02:40  16,0   0,0   0,0  ----   2,8   00:00     N
14   2,1   4,6   13:35  -0,2   23:46  16,2   0,0   3,0  ----   2,8   00:00     N
15   1,1   5,8   15:01  -2,2   06:24  17,2   0,0   5,3  ----   2,8   00:00     N
16   0,5   7,2   15:02  -3,4   23:50  17,8   0,0   0,0  ----   4,4   21:19     N
17   0,6   9,0   15:50  -6,6   06:36  17,7   0,0   0,0  ----   6,2   16:02   NNE
18   1,6   5,4   14:31  -0,6   22:53  16,6   0,0   4,3  ----   8,9   12:45    SE
19   2,8   8,9   12:41  -1,7   05:19  15,5   0,0   6,1  ----   1,1   00:00    SE
20   2,8   8,3   13:39  -0,5   07:04  15,5   0,0   0,0  ----   1,1   00:00    SE
21   1,9   7,6   12:57  -1,2   20:53  16,4   0,0   9,7  ----   1,1   00:00    SE
22   1,2   9,1   14:21  -3,6   22:00  17,1   0,0   0,0  ----   1,1   00:00    SE
23  -0,7   7,1   14:40  -5,8   23:45  19,0   0,0   0,0  ----   1,1   00:00    SE
24  -2,7   5,2   14:02  -9,1   05:39  21,0   0,0   0,0  ----   1,1   00:00    SE
25  -2,3   6,0   15:40  -9,6   04:49  20,6   0,0   0,0  ----   1,1   00:00    SE
26   0,5   9,7   13:52  -4,9   06:51  17,8   0,0   0,0  ----   1,1   00:00    SE
27   0,4   8,4   14:33  -5,7   05:46  17,9   0,0   0,0  ----   1,1   00:00    SE
28   1,0  10,4   14:53  -6,2   04:27  17,3   0,0   0,0  ----   4,9   15:03   NNW
29   1,9   8,2   14:33  -1,8   04:27  16,4   0,0   0,0  ----  12,4   20:12    SW
30   3,9  10,4   14:24  -0,7   04:01  14,4   0,0   0,0  ----   9,2   11:37   SSW
----------------------------------------------------------------------------------
     1,5  11,8     4    -9,6    25   504,5   0,0  36,7  ----  12,4    29       E

Max >=  27,0  0
Max <=   0,0  0
Min <=   0,0 27
Min <= -18,0  0
Max Rain: 9,7 on day 21
Days of Rain: 8 (>= 0,2 mm)  8 (>= 2,0 mm)  0 (>= 20,0 mm)
Heat Base: 18,3  Cool Base: 18,3  Method: Integration

Powered by Ecowitt HP2553  and   CumulusMX   v 3.22.4 (b3215)   MXUI Template v 2.2.3 by  Silver Acorn   (7,0)  Valid HTML5