NOAA-style Climate Reports

   V/Λ SELECT: Month and Year   OR  >   Month
                   Monthly Climatological Summary for May 2016

Name: Rjoanddalen   City: Mjølfjell   State: Voss
Elevation: 665 m  Lat: N 60° 41' 59"   Lon: E 006° 50' 39"

                  Temperature (°C), Rain (mm), Wind Speed (m/s)

                                      Heat  Cool        Avg
    Mean                              Deg   Deg         Wind                 Dom
Day Temp  High   Time   Low    Time   Days  Days  Rain  Speed High   Time    Dir
----------------------------------------------------------------------------------
01   2.9   6.8   14:17  -0.1   05:17  15.4   0.0   0.0  ----   7.8   17:27SSØ
02   4.7   9.0   11:25   2.6   00:00  13.6   0.0   3.0  ----  15.5   14:03     S
03   3.8   7.4   15:18   1.6   23:56  14.5   0.0   7.4  ----   6.5   00:06SSØ
04   5.3  11.3   13:32   1.4   03:26  13.0   0.0   0.0  ----   6.9   12:44SSØ
05   6.0   9.0   13:26   2.5   04:28  12.3   0.0   0.0  ----   7.9   06:02     S
06   7.2  13.6   13:33   1.9   05:53  11.1   0.0   0.0  ----   6.6   14:23     S
07   8.6  16.4   16:01   3.2   01:15   9.7   0.0   0.0  ----   9.2   14:40   NNV
08   8.8  14.9   13:08   4.1   23:26   9.5   0.0   0.0  ----   5.9   00:10     N
09   8.6  17.3   13:39   3.1   04:22   9.7   0.0   0.0  ----   5.3   14:38NNØ
10   7.8  15.7   12:59   2.1   04:55  10.5   0.0   0.0  ----   5.5   13:18NNØ
11   8.5  16.1   14:51   3.2   03:24   9.8   0.0   0.0  ----   5.1   12:04NNØ
12   7.6  15.8   14:36   1.4   06:07  10.7   0.0   0.0  ----   6.5   14:44     N
13   4.5  11.4   13:41  -0.3   05:28  13.8   0.0   0.0  ----   6.9   16:24     N
14   4.2  12.2   15:13  -1.7   05:09  14.1   0.0   0.0  ----   5.4   12:48   NNV
15   4.0  12.7   16:08  -3.1   05:51  14.3   0.0   0.0  ----   5.6   10:54   NNV
16   4.4  12.5   14:14  -3.2   05:58  13.9   0.0   0.0  ----   5.8   16:46     N
17   5.4  12.5   13:59   1.9   04:49  12.9   0.0   0.0  ----   4.3   15:58     N
18   4.1   7.7   14:21   1.1   05:08  14.2   0.0   8.4  ----   3.9   12:39     N
19   7.3  15.5   14:36   1.9   01:31  11.0   0.0   3.3  ----   7.3   15:42NØ
20   6.7   8.7   14:35   5.0   23:50  11.6   0.0   6.4  ----   7.2   13:39   SSV
21   7.5  12.5   13:14   3.1   04:55  10.8   0.0   2.0  ----   8.8   17:00     S
22   8.2  10.7   10:16   4.6   23:56  10.1   0.0   8.4  ----   4.7   04:13     N
23   9.3  15.1   15:38   3.8   04:47   9.0   0.0   0.0  ----   5.8   19:25     N
24   9.7  16.6   17:02   4.5   04:24   8.6   0.0   0.0  ----   7.9   10:24     N
25  10.3  19.3   15:28   3.4   06:17   8.0   0.0   0.0  ----   9.1   10:26     N
26  10.5  20.9   13:52   2.6   04:25   8.0   0.2   0.0  ----   5.6   10:32     N
27  11.5  20.3   14:31   3.6   01:59   7.1   0.3   0.0  ----   5.6   08:01     N
28   8.0  14.4   10:04   4.5   02:00  10.3   0.0  14.7  ----   7.1   03:29     N
29   9.6  13.7   15:18   4.8   05:34   8.7   0.0   0.0  ----   6.8   13:31     N
30  10.6  13.9   10:47   6.7   04:42   7.7   0.0   9.7  ----   7.9   19:12     N
31  15.0  22.7   16:51   9.2   04:46   4.1   0.8   0.0  ----   7.9   12:55NNØ
----------------------------------------------------------------------------------
     7.4  22.7    31    -3.2    16   338.0   1.3  63.3  ----  15.5     2  Ø

Max >=  27.0  0
Max <=   0.0  0
Min <=   0.0  5
Min <= -18.0  0
Max Rain: 14.7 on day 28
Days of Rain: 9 (>= 0.2 mm)  9 (>= 2.0 mm)  0 (>= 20.0 mm)
Heat Base: 17.0  Cool Base: 17.0  Method: Integration

Powered by Ecowitt HP2553  and   CumulusMX   v 3.19.3 (b3196)   MXUI Template v 2.2.3 by  Silver Acorn   (18.3)  Valid HTML5