NOAA-style Climate Reports

   V/Λ SELECT: Month and Year   OR  >   Month
                   Monthly Climatological Summary for jun 2016

Name: Rjoanddalen   City: Mjølfjell   State: Voss
Elevation: 655 m  Lat: N 60° 41' 58"   Lon: E 006° 50' 38"

                  Temperature (°C), Rain (mm), Wind Speed (m/s)

                                      Heat  Cool        Avg
    Mean                              Deg   Deg         Wind                 Dom
Day Temp  High   Time   Low    Time   Days  Days  Rain  Speed High   Time    Dir
----------------------------------------------------------------------------------
01  13,2  20,7   14:32   8,8   04:21   5,3   0,1   2,0  ----   5,4   00:33   NNE
02  15,3  24,3   12:33   8,9   02:52   3,9   0,9   0,0  ----   7,0   10:09     N
03  16,3  27,3   15:04   7,9   03:38   4,2   2,2   0,0  ----   5,9   10:28     N
04  16,1  26,6   15:15   6,8   04:47   4,2   2,0   0,0  ----   6,4   11:01     N
05  15,5  26,8   14:20   6,2   04:39   4,7   1,9   0,0  ----   5,1   17:11     N
06  14,0  22,5   12:38   6,5   04:58   4,8   0,5   0,0  ----   4,5   19:17     N
07  14,3  21,5   10:52   6,7   04:07   4,4   0,4   0,0  ----   4,9   16:42     N
08  12,2  20,4   16:14   4,7   05:27   6,4   0,2   0,0  ----   6,9   11:57     N
09  10,6  20,7   13:41   2,0   05:14   7,9   0,2   0,0  ----   7,7   16:30     N
10   8,9  17,6   15:09   0,7   05:19   9,4   0,0   0,0  ----   5,1   10:51     N
11  11,1  19,3   11:53   3,7   06:18   7,2   0,0   0,0  ----   6,1   10:55     N
12  11,3  20,1   17:02   2,2   03:49   7,1   0,1   0,0  ----   5,0   13:00   NNE
13  12,9  23,7   16:07   4,2   02:38   6,1   0,7   0,0  ----   6,5   14:51   NNE
14  13,6  23,4   14:48   4,4   03:55   5,7   1,0   0,0  ----   5,9   10:28    NE
15  11,9  17,9   11:15   7,1   05:10   6,4   0,0   0,0  ----   8,5   11:38   NNW
16  12,8  17,7   18:27   8,0   04:36   5,5   0,0   0,0  ----   5,8   07:41     N
17  12,5  18,5   12:20   6,7   03:44   5,8   0,0   7,4  ----   4,9   12:36     N
18  13,2  23,6   14:26   6,0   05:35   5,5   0,4   0,0  ----   4,8   11:47   NNE
19   9,9  19,1   14:52   2,3   05:47   8,4   0,0   0,0  ----   5,9   12:16     N
20   8,6  13,9   10:20   2,6   03:49   9,7   0,0   7,4  ----  10,0   11:40   SSW
21  10,7  14,8   16:55   7,8   04:20   7,6   0,0   2,0  ----   4,5   13:38    SE
22  11,5  16,7   18:06   7,9   04:11   6,8   0,0   0,0  ----   3,9   18:24     S
23  14,5  22,2   16:49   9,1   05:34   4,3   0,5   0,0  ----   5,6   19:00     S
24  11,7  15,1   13:32   7,5   03:06   6,6   0,0  11,7  ----   8,4   17:13     N
25  14,2  20,6   16:36  10,5   06:40   4,3   0,2   0,0  ----   3,9   03:36    SE
26  13,0  15,3   19:43   9,3   02:10   5,3   0,0   5,3  ----  11,6   08:38     N
27  11,2  14,4   12:07   7,8   23:55   7,1   0,0   5,1  ----   8,7   10:05   SSE
28   9,0  13,1   17:56   5,4   04:06   9,3   0,0   1,0  ----   4,7   00:43    SE
29   9,6  14,7   13:09   2,7   03:58   8,7   0,0   3,3  ----   7,8   21:28   SSW
30  10,6  16,0   12:17   7,3   23:56   7,7   0,0  11,4  ----  15,4   10:40     S
----------------------------------------------------------------------------------
    12,3  27,3     3     0,7    10   190,3  11,3  56,6  ----  15,4    30       E

Max >=  27,0  1
Max <=   0,0  0
Min <=   0,0  0
Min <= -18,0  0
Max Rain: 11,7 on day 24
Days of Rain: 10 (>= 0,2 mm)  9 (>= 2,0 mm)  0 (>= 20,0 mm)
Heat Base: 18,3  Cool Base: 18,3  Method: Integration

Powered by Ecowitt HP2553  and   CumulusMX   v 3.22.4 (b3215)   MXUI Template v 2.2.3 by  Silver Acorn   (7,0)  Valid HTML5