NOAA-style Climate Reports

   V/Λ SELECT: Month and Year   OR  >   Month
                   Monthly Climatological Summary for jul 2016

Name: Rjoanddalen   City: Mjølfjell   State: Voss
Elevation: 655 m  Lat: N 60° 41' 58"   Lon: E 006° 50' 38"

                  Temperature (°C), Rain (mm), Wind Speed (m/s)

                                      Heat  Cool        Avg
    Mean                              Deg   Deg         Wind                 Dom
Day Temp  High   Time   Low    Time   Days  Days  Rain  Speed High   Time    Dir
----------------------------------------------------------------------------------
01   9,2  11,7   11:12   6,7   06:38   9,1   0,0   6,3  ----   7,8   15:01     S
02   9,3  16,5   13:58   6,4   05:19   9,0   0,0   9,4  ----   7,5   15:07     S
03   8,1  11,8   17:33   5,8   02:12  10,2   0,0   6,4  ----   4,5   15:12   SSE
04   8,9  15,3   13:55   4,7   03:57   9,4   0,0   5,3  ----   4,3   15:26   SSE
05  10,5  17,2   17:02   6,0   04:03   7,8   0,0   0,0  ----   6,1   14:40   SSE
06   9,0  13,0   12:45   5,8   23:57   9,3   0,0   0,0  ----   5,9   13:29   SSE
07   9,3  15,4   11:54   4,7   03:05   9,0   0,0   2,0  ----   4,7   17:10   SSE
08  12,9  20,9   13:50   7,8   04:44   5,5   0,1   0,0  ----   6,0   13:41   SSE
09  10,9  15,9   12:21   7,2   23:46   7,4   0,0   4,3  ----   8,8   19:03   SSE
10  10,4  16,2   15:51   4,2   04:07   7,9   0,0   6,3  ----   5,6   11:59   WNW
11  13,2  19,1   13:46   9,9   05:12   5,1   0,0   4,3  ----   4,5   13:56   SSE
12  12,4  15,9   14:30  10,4   04:09   5,9   0,0  14,7  ----   4,5   16:28   SSE
13  13,7  19,8   12:56  10,6   04:20   4,6   0,0   4,1  ----   6,8   13:51     S
14  13,9  19,3   13:28  10,8   01:16   4,4   0,0   0,0  ----   5,6   17:03     S
15  12,6  17,4   16:02   9,4   23:58   5,7   0,0   0,0  ----   5,8   15:17     S
16   9,1  11,6   11:37   7,1   23:48   9,2   0,0  17,0  ----   5,7   18:55   ESE
17   8,4  10,8   14:28   6,4   03:30   9,9   0,0  18,8  ----   3,9   17:19    SE
18  10,9  15,6   16:41   7,5   04:11   7,4   0,0   1,0  ----   5,7   16:01     S
19   9,9  12,4   17:03   6,3   02:26   8,4   0,0  16,0  ----   3,3   10:29   WSW
20  17,4  26,4   17:17  10,1   06:04   3,0   2,1   0,8  ----   5,7   14:24     S
21  17,8  25,6   13:25  13,6   00:44   1,5   1,0   2,3  ----   9,3   13:47    SW
22  18,2  25,6   14:11  13,7   04:57   1,6   1,5   0,0  ----   6,0   12:26     S
23  17,5  25,6   14:32  12,1   04:08   2,4   1,7   0,0  ----   5,9   14:43   SSE
24  18,5  27,4   14:16  11,2   04:35   2,5   2,7   0,0  ----   6,1   14:43   SSE
25  15,7  19,9   15:38  12,9   03:00   2,8   0,2   8,4  ----   7,8   18:47     S
26  12,4  16,2   13:43  10,3   23:57   5,9   0,0  24,1  ----   4,0   13:53   SSE
27  11,5  14,0   13:40   9,4   04:38   6,8   0,0  13,7  ----   4,8   11:25    SW
28  10,6  12,2   11:13   8,8   04:42   7,7   0,0  12,7  ----   4,8   12:18   SSE
29  11,3  15,3   11:31   8,5   01:53   7,0   0,0   6,3  ----   5,7   09:11   SSW
30  10,6  14,2   13:36   8,5   05:39   7,7   0,0   6,4  ----   3,9   12:57   SSE
31   9,5  11,9   12:32   7,5   23:43   8,8   0,0   5,1  ----   3,5   20:10     S
----------------------------------------------------------------------------------
    12,1  27,4    24     4,2    10   202,9   9,3 195,7  ----   9,3    21       E

Max >=  27,0  1
Max <=   0,0  0
Min <=   0,0  0
Min <= -18,0  0
Max Rain: 24,1 on day 26
Days of Rain: 23 (>= 0,2 mm)  21 (>= 2,0 mm)  1 (>= 20,0 mm)
Heat Base: 18,3  Cool Base: 18,3  Method: Integration

Powered by Ecowitt HP2553  and   CumulusMX   v 3.22.4 (b3215)   MXUI Template v 2.2.3 by  Silver Acorn   (7,0)  Valid HTML5