NOAA-style Climate Reports

   V/Λ SELECT: Month and Year   OR  >   Month
                   Monthly Climatological Summary for Aug 2016

Name: Rjoanddalen   City: Mjølfjell   State: Voss
Elevation: 665 m  Lat: N 60° 41' 59"   Lon: E 006° 50' 39"

                  Temperature (°C), Rain (mm), Wind Speed (m/s)

                                      Heat  Cool        Avg
    Mean                              Deg   Deg         Wind                 Dom
Day Temp  High   Time   Low    Time   Days  Days  Rain  Speed High   Time    Dir
----------------------------------------------------------------------------------
01   9.6  13.9   12:18   7.1   04:15   8.7   0.0   6.4  ----   4.8   12:51SSØ
02  10.0  12.9   14:58   7.9   05:26   8.3   0.0   4.3  ----   3.8   15:46SØ
03  12.6  20.0   12:32   8.9   04:06   5.7   0.0   4.1  ----  10.9   15:57     S
04  13.4  20.6   16:55   9.6   01:25   4.9   0.0   3.3  ----   4.4   02:25    NV
05  12.6  17.8   15:07   9.3   23:43   5.7   0.0   6.3  ----   6.6   21:05     S
06  10.3  13.4   13:50   8.4   05:54   7.4   0.0   1.0  ----   5.1   13:52   SSV
07  10.2  13.7   13:41   6.5   04:11   8.1   0.0   1.0  ----   7.9   13:02     S
08   9.0  14.5   10:07   6.6   22:50   9.3   0.0  23.1  ----   8.1   05:17SSØ
09   8.0  10.4   11:01   5.2   22:49  10.3   0.0  24.4  ----   6.4   14:43     V
10   6.3  11.0   14:50   2.7   05:06  12.0   0.0   1.0  ----   6.2   14:57     N
11   6.2  12.2   13:51   2.2   23:58  12.1   0.0   1.0  ----   5.8   13:51     S
12   7.3  11.1   17:32   1.9   01:35  11.0   0.0  12.7  ----   9.9   21:15NNØ
13  10.0  12.1   14:50   8.5   22:50   8.3   0.0   8.4  ----   4.8   16:26SØ
14  10.0  12.9   15:08   8.1   01:00   8.3   0.0   1.0  ----   4.8   12:14     S
15  10.8  16.7   14:47   6.8   04:15   7.5   0.0   0.0  ----   4.7   14:13   SSV
16  13.5  21.2   15:42   6.9   02:16   5.3   0.5   0.0  ----   4.7   14:59     V
17  15.1  22.7   15:13   7.3   05:40   4.3   1.1   0.0  ----   4.9   13:52     S
18  14.7  21.1   14:28   8.2   03:19   4.1   0.5   0.0  ----   5.6   06:40     N
19  12.3  17.7   12:25   8.2   02:53   6.0   0.0   0.0  ----   5.8   18:38SSØ
20  13.0  18.8   15:11   7.1   06:52   5.3   0.0   0.0  ----  10.8   17:26     S
21  14.3  20.5   15:26   8.6   06:47   4.1   0.1   0.0  ----   6.1   17:54   SSV
22  13.7  18.8   10:39   8.7   06:17   4.6   0.0   1.0  ----   4.7   11:45     S
23  15.1  20.4   13:52  10.9   02:23   3.5   0.3   0.0  ----   4.6   13:41SØ
24  12.6  14.0   10:04  11.4   05:32   5.7   0.0  28.4  ----   2.8   14:54   VSV
25  12.8  14.1   09:36   9.5   06:02   5.5   0.0   0.0  ----   3.5   11:22   SSV
26  12.6  16.0   11:11   8.5   22:00   5.7   0.0  39.9  ----  10.4   13:54   NNV
27   9.8  13.9   16:34   7.2   23:52   8.5   0.0  12.7  ----   7.4   11:01ØSØ
28  10.5  18.7   13:03   5.3   02:58   7.8   0.0   2.3  ----   6.9   13:29   VSV
29   9.7  14.6   14:29   6.5   23:58   8.6   0.0   4.1  ----   4.0   14:35     S
30   9.5  12.5   16:19   6.2   00:35   8.8   0.0   9.7  ----   4.6   15:51     N
31  11.4  16.1   11:39   7.7   06:25   6.9   0.0  10.4  ----  10.7   19:22SSØ
----------------------------------------------------------------------------------
    11.2  22.7    17     1.9    12   222.3   2.5 206.5  ----  10.9     3  Ø

Max >=  27.0  0
Max <=   0.0  0
Min <=   0.0  0
Min <= -18.0  0
Max Rain: 39.9 on day 26
Days of Rain: 22 (>= 0.2 mm)  16 (>= 2.0 mm)  4 (>= 20.0 mm)
Heat Base: 17.0  Cool Base: 17.0  Method: Integration

Powered by Ecowitt HP2553  and   CumulusMX   v 3.19.3 (b3196)   MXUI Template v 2.2.3 by  Silver Acorn   (18.3)  Valid HTML5