NOAA-style Climate Reports

   V/Λ SELECT: Month and Year   OR  >   Month
                   Monthly Climatological Summary for des 2016

Name: Rjoanddalen   City: Mjølfjell   State: Voss
Elevation: 655 m  Lat: N 60° 41' 58"   Lon: E 006° 50' 38"

                  Temperature (°C), Rain (mm), Wind Speed (m/s)

                                      Heat  Cool        Avg
    Mean                              Deg   Deg         Wind                 Dom
Day Temp  High   Time   Low    Time   Days  Days  Rain  Speed High   Time    Dir
----------------------------------------------------------------------------------
01   0,1   0,1   00:00  -1,2   00:00  18,2   0,0   0,0   0,9   0,0   00:00   ESE
02   0,1   2,1   00:00  -4,5   00:00  18,2   0,0   0,0   0,9   0,0   00:00   ESE
03   0,1  -0,4   00:00  -4,8   00:00  18,2   0,0   0,0   0,9   0,0   00:00   ESE
04   0,1   1,2   00:00  -0,4   00:00  18,2   0,0   0,0   0,9   0,0   00:00   ESE
05   0,1   1,4   00:00  -4,6   00:00  18,2   0,0   0,0   0,9   0,0   00:00   ESE
06   0,1  -2,3   00:00  -6,4   00:00  18,2   0,0   0,0   0,9   0,0   00:00   ESE
07   0,1   4,7   00:00  -2,6   00:00  18,2   0,0   0,0   0,9   0,0   00:00   ESE
08   0,1   5,5   00:00   2,3   00:00  18,2   0,0   0,0   0,9   0,0   00:00   ESE
09   1,0   2,8   13:04   0,1   00:00  16,8   0,0   3,0   0,7   2,4   14:48   ESE
10   1,6   2,2   13:58   1,0   09:49  16,7   0,0  15,0   0,7   4,3   08:41    SW
11   0,2   1,6   00:44  -4,3   23:58  18,1   0,0   2,0   0,9   3,9   19:39     N
12  -3,1   0,1   23:24  -7,6   06:16  21,4   0,0   0,0   0,8   3,8   06:32     N
13  -1,4   2,2   06:56  -6,7   20:53  19,7   0,0   1,0   1,2   4,5   23:36   NNW
14  -6,1  -4,2   12:55  -7,6   10:08  24,4   0,0   0,0   1,9   5,8   17:08     N
15   0,7   4,0   23:40  -6,0   00:03  17,5   0,0   2,0   1,3   4,7   00:37     N
16   2,3   4,3   00:04   1,3   20:40  16,0   0,0   0,0   1,2   3,5   00:02     N
17   1,2   2,4   14:44  -0,1   22:11  17,1   0,0   3,3   0,7   4,6   15:03     W
18  -0,3   0,7   23:35  -1,9   07:00  18,6   0,0   2,0   0,5   2,5   01:32   NNW
19   3,0   5,2   17:57   0,6   00:31  15,3   0,0   4,1   1,1   4,7   20:44     N
20   3,0   4,6   13:50   0,8   18:56  15,3   0,0   1,0   2,0  11,8   21:42   SSE
21   1,2   3,0   02:35  -0,8   23:53  17,1   0,0   0,0   2,5  12,8   08:32   SSE
22  -0,3   1,1   11:48  -1,9   23:05  18,6   0,0   0,0   2,0  13,6   11:35   SSE
23  -0,5   1,1   21:27  -2,0   00:02  18,8   0,0   0,0   1,8  10,9   15:39     S
24  -0,9   0,6   02:14  -2,1   16:31  19,2   0,0   0,0   0,2   4,8   20:57   ESE
25   1,0   4,5   18:07  -0,7   10:12  17,3   0,0  49,5   1,4  14,3   19:34   ENE
26  -0,8   1,8   19:19  -2,3   10:56  19,1   0,0   0,0   3,0  15,9   20:12     N
27  -1,9   0,2   00:09  -4,2   09:44  20,2   0,0   0,0   0,1  11,8   00:12    NW
28   0,6   1,4   13:49  -1,3   10:32  17,7   0,0   5,3   0,7   4,9   19:10     W
29   2,7   3,5   19:08   1,2   00:00  15,6   0,0  11,4   2,3  11,3   17:18   SSE
30   3,3   4,5   13:36   2,0   19:48  15,0   0,0  47,5   1,9   8,0   21:42     E
31   1,1   2,9   02:31  -1,3   23:51  17,2   0,0  19,1   0,5   6,5   02:21   NNE
----------------------------------------------------------------------------------
     0,3   5,5     8    -7,6    12   558,3   0,0 166,2   1,2  15,9    26       E

Max >=  27,0  0
Max <=   0,0  3
Min <=   0,0 23
Min <= -18,0  0
Max Rain: 49,5 on day 25
Days of Rain: 14 (>= 0,2 mm)  12 (>= 2,0 mm)  2 (>= 20,0 mm)
Heat Base: 18,3  Cool Base: 18,3  Method: Integration

Powered by Ecowitt HP2553  and   CumulusMX   v 3.22.4 (b3215)   MXUI Template v 2.2.3 by  Silver Acorn   (7,0)  Valid HTML5