NOAA-style Climate Reports

   V/Λ SELECT: Month and Year   OR  >   Month
                   Annual Climatological Summary for 2017

Name: Rjoanddalen   City: Mjølfjell   State: Voss
Elevation: 665 m  Lat: N 60° 41' 59"   Lon: E 006° 50' 40"

                  Temperature (°C), Heat Base: 17.0  Cool Base: 17.0
                          Dep.  Heat  Cool                       Max  Max  Min  Min
        Mean  Mean        From  Deg   Deg                        >=   <=   <=   <=
 YR MO  Max   Min   Mean  Norm  Days  Days  Hi  Date  Low  Date 27.0  0.0  0.0 -18.0
------------------------------------------------------------------------------------
 17  1   0.2  -6.4  -2.9   2.1   657     0   7.9  27 -17.8    5    0   12   26    0
 17  2   1.8  -5.6  -2.2   2.8   574     0   7.6   4 -17.2   24    0    7   23    0
 17  3   3.6  -2.2   0.5   3.5   551     0  11.6  28 -16.0    8    0    4   17    0
 17  4   7.3  -2.5   1.6   1.6   502     0  10.7   9  -8.5   18    0    0   22    0
 17  5  13.5   5.4   8.9   1.9   294     1  23.9  28  -4.3    1    0    0    1    0
 17  6  14.4   6.1   9.8  -1.2   251     3  25.6  30   0.0    1    0    0    1    0
 17  7  18.1   7.4  12.0   0.0   202     8  26.9  20   2.3    5    0    0    0    0
 17  8  15.9   6.8  10.7  -1.3   236     1  21.9  27   2.4   22    0    0    0    0
 17  9  14.5   6.2   9.7   2.7   258     0  19.7  16   1.3   14    0    0    0    0
 17 10   7.5   1.6   4.3   0.3   435     0  13.8   1  -3.4    8    0    0   11    0
 17 11   1.1  -4.4  -1.5   0.5   584     0   7.2   1 -13.3   29    0   10   26    0
 17 12  -0.8  -5.7  -2.9   1.1   657     0   4.8  23 -15.3   12    0   16   28    0
------------------------------------------------------------------------------------
         8.1   0.6   4.0   1.2  5200    13  26.9 Jul -17.8  Jan    0   49  155    0

                                Precipitation (mm)

              Dep.   Max        Days of Rain
              From   Obs.           >=
 YR MO Total  Norm   Day Date  0.2  2.0300.0
---------------------------------------------
 17  1 126.2 -23.8  58.9  18    11    6    0
 17  2  54.8 -35.2  20.1  20     9    5    0
 17  3  38.9 -71.1  12.4  25     9    5    0
 17  4  72.6  17.6  19.1   6    15   12    0
 17  5  47.3 -22.7  12.7  18    10    6    0
 17  6  99.4 -10.6  16.8  18    19   15    0
 17  7 104.1  -5.9  18.8  17    21   17    0
 17  8  92.3 -37.7  11.4  28    21   18    0
 17  9 111.6-108.4  22.1  20    12   10    0
 17 10 270.9  65.9  49.5   3    21   18    0
 17 11  81.8-103.2  28.4   1     8    5    0
 17 12 163.3 -16.7  64.3  23     7    7    0
---------------------------------------------
      1263.2-351.8  64.3  Dec  163  124    0

                                Wind Speed (m/s)
                          Dom
 YR MO   Avg.  Hi   Date  Dir
------------------------------
 17  1   0.6  17.7   29     N
 17  2   1.1  16.6    6   SSE
 17  3   1.4  17.6    5   ESE
 17  4   0.9  13.9    1     N
 17  5   1.3  10.7   16     N
 17  6   0.5  11.3   29     E
 17  7   0.6  10.5   31   SSE
 17  8   0.5  11.3    3   SSE
 17  9   1.0  17.9   29     S
 17 10   1.0  26.8    2   SSE
 17 11   0.7  17.6   23   ENE
 17 12   0.7  15.4    7     N
------------------------------
         0.8  26.8  Oct   ESE

Powered by Ecowitt HP2553  and   CumulusMX   v 3.19.3 (b3196)   MXUI Template v 2.2.3 by  Silver Acorn   (19.6)  Valid HTML5