NOAA-style Climate Reports

   V/Λ SELECT: Month and Year   OR  >   Month
                   Monthly Climatological Summary for feb 2017

Name: Rjoanddalen   City: Mjølfjell   State: Voss
Elevation: 655 m  Lat: N 60° 41' 58"   Lon: E 006° 50' 38"

                  Temperature (°C), Rain (mm), Wind Speed (m/s)

                                      Heat  Cool        Avg
    Mean                              Deg   Deg         Wind                 Dom
Day Temp  High   Time   Low    Time   Days  Days  Rain  Speed High   Time    Dir
----------------------------------------------------------------------------------
01  -2,4   1,4   15:06  -9,0   00:38  20,7   0,0   0,0   1,6   8,1   22:10     E
02   0,9   2,4   13:10   0,0   02:48  17,4   0,0   0,0   1,9   9,9   07:39     S
03   2,8   4,8   13:04   0,7   07:28  15,4   0,0   0,0   0,4   7,7   14:21     E
04   2,8   7,6   13:38  -0,6   22:10  15,5   0,0   0,0   1,3   9,9   15:16     E
05   0,3   3,7   12:22  -1,4   23:15  18,0   0,0   0,0   1,8   7,9   05:06   NNE
06  -1,8   2,2   13:30  -6,5   23:15  20,1   0,0   0,0   2,4  16,6   21:55   SSW
07  -7,6  -4,6   11:40 -11,8   23:19  25,9   0,0   0,0   3,3  15,4   00:53     S
08  -9,9  -5,9   14:04 -13,7   09:39  28,2   0,0   0,0   1,4  10,1   02:14     S
09  -8,1  -3,3   13:23 -13,8   03:59  26,4   0,0   0,0   1,7   8,7   20:07     N
10  -5,9  -3,7   13:19  -8,0   01:01  24,2   0,0   0,0   1,2   7,9   13:48     E
11  -5,2   0,9   13:54  -8,3   22:05  23,5   0,0   0,0   0,3   4,5   19:19     N
12  -5,9   1,9   13:53  -9,1   08:55  24,2   0,0   0,0   0,4   3,8   12:03     N
13  -3,6   3,8   13:45  -7,4   02:41  21,9   0,0   0,0   0,2   3,8   15:52     N
14  -2,5   5,6   13:53  -5,5   23:46  20,7   0,0   0,0   0,7   3,9   19:23     N
15  -1,4   3,2   15:04  -6,5   01:26  19,7   0,0   1,0   0,6   4,8   05:54     N
16   2,0   3,4   13:38   0,7   23:22  16,3   0,0   4,3   0,0   2,8   00:24   NNW
17   0,9   4,0   12:35  -1,2   22:59  17,4   0,0   0,0   0,1   3,9   15:15   WSW
18   0,4   2,7   17:33  -1,9   02:06  17,9   0,0  10,4   0,2   5,1   19:16     E
19   2,3   3,6   13:51   0,4   23:52  16,0   0,0  13,7   0,8   6,9   14:31   NNE
20   1,8   3,2   14:07   0,3   19:56  16,5   0,0  20,1   0,6   6,6   23:57    NE
21   0,0   2,2   13:46  -1,2   21:31  18,3   0,0   0,0   0,7   7,6   22:33   SSW
22  -0,3   1,6   12:50  -2,6   23:59  18,6   0,0   0,0   0,2   6,5   00:25   SSW
23  -8,0  -2,0   13:48 -15,7   23:56  26,4   0,0   1,0   1,0   4,3   23:37     S
24 -11,1  -3,6   15:25 -17,2   03:49  29,4   0,0   0,0   1,1   4,4   21:56   SSW
25  -5,8  -0,2   20:12 -14,3   00:22  24,1   0,0   0,0   2,3  11,3   12:24    SE
26   0,4   4,1   11:39  -2,7   00:05  17,9   0,0   1,0   0,4   6,9   20:24     S
27   1,9   4,8   13:48   0,6   00:00  16,4   0,0   2,3   1,8  10,2   08:41   SSE
28   1,6   7,0   13:12  -2,1   23:33  16,7   0,0   1,0   1,6  11,0   03:30    SW
----------------------------------------------------------------------------------
    -2,2   7,6     4   -17,2    24   573,7   0,0  54,8   1,1  16,6     6     SSE

Max >=  27,0  0
Max <=   0,0  7
Min <=   0,0 23
Min <= -18,0  0
Max Rain: 20,1 on day 20
Days of Rain: 9 (>= 0,2 mm)  5 (>= 2,0 mm)  1 (>= 20,0 mm)
Heat Base: 18,3  Cool Base: 18,3  Method: Integration

Powered by Ecowitt HP2553  and   CumulusMX   v 3.22.4 (b3215)   MXUI Template v 2.2.3 by  Silver Acorn   (7,0)  Valid HTML5