NOAA-style Climate Reports

   V/Λ SELECT: Month and Year   OR  >   Month
                   Monthly Climatological Summary for mar 2017

Name: Rjoanddalen   City: Mjølfjell   State: Voss
Elevation: 655 m  Lat: N 60° 41' 58"   Lon: E 006° 50' 38"

                  Temperature (°C), Rain (mm), Wind Speed (m/s)

                                      Heat  Cool        Avg
    Mean                              Deg   Deg         Wind                 Dom
Day Temp  High   Time   Low    Time   Days  Days  Rain  Speed High   Time    Dir
----------------------------------------------------------------------------------
01  -2,5   3,3   14:25  -7,6   07:41  20,8   0,0   0,0   0,5   4,4   08:17   NNE
02  -2,8   1,0   13:41  -6,9   07:22  21,1   0,0   0,0   0,4   4,5   08:02     N
03  -1,8   2,8   11:50  -4,7   01:53  20,1   0,0   0,0   1,3   4,9   15:30     N
04  -2,1   5,1   11:38  -7,2   07:18  20,4   0,0   0,0   1,4   9,4   23:03     N
05  -1,9   0,0   11:13  -3,9   21:46  20,2   0,0   0,0   4,3  17,6   04:39   WNW
06  -5,1   0,0   13:36 -11,5   23:59  23,4   0,0   0,0   2,4  13,2   00:04   ESE
07  -9,6  -2,3   13:03 -15,0   23:48  27,9   0,0   0,0   2,2   7,6   03:39     N
08  -8,1  -1,4   15:02 -16,0   01:40  26,4   0,0   0,0   1,2  10,3   17:41   NNE
09   0,0   4,4   13:55  -3,9   01:11  18,3   0,0   5,1   1,1   9,0   03:55   SSE
10  -0,6   3,9   15:30  -4,7   03:12  18,9   0,0   0,0   0,1   3,1   13:36   NNW
11  -0,7   3,1   14:00  -6,8   07:11  19,0   0,0   0,0   1,3   7,4   14:38   NNE
12   2,5   4,8   13:37   1,2   02:08  15,7   0,0   1,3   0,4   6,6   16:40   SSE
13   2,3   4,0   11:56   1,0   07:32  16,0   0,0   1,0   2,0   9,9   05:44   SSE
14   2,6   2,6   00:00   2,6   00:00  15,7   0,0   0,0   2,2   0,4   00:00    SE
15   2,6   2,6   00:00   2,6   00:00  15,7   0,0   0,0   2,2   0,4   00:00    SE
16   2,6   2,6   00:00   2,6   00:00  15,7   0,0   0,0   2,2   0,4   00:00    SE
17   2,6   2,6   00:00   2,6   00:00  15,7   0,0   0,0   2,2   0,4   00:00    SE
18   2,6   2,6   00:00   2,6   00:00  15,7   0,0   0,0   2,2   0,4   00:00    SE
19   2,6   2,6   00:00   2,6   00:00  15,7   0,0   0,0   2,2   0,4   00:00    SE
20   2,6   2,6   00:00   2,6   00:00  15,7   0,0   0,0   2,2   0,4   00:00    SE
21   2,6   2,6   00:00   2,6   00:00  15,7   0,0   0,0   2,2   0,4   00:00    SE
22   2,6   2,6   00:00   2,6   00:00  15,7   0,0   0,0   2,2   0,4   00:00    SE
23   1,2   2,6   00:00  -1,6   21:05  16,9   0,0   2,0   1,1   4,6   12:12    SE
24   0,8   3,6   12:44  -1,2   06:53  17,5   0,0   1,3   0,3   5,4   11:44    NE
25   2,1   5,1   15:11  -1,4   06:35  16,2   0,0  12,4   0,5   6,8   02:49     W
26   3,2   6,5   14:45   1,2   00:55  14,4   0,0   1,3   0,0   3,4   18:55    NE
27   3,6   8,5   15:33   1,0   23:07  14,7   0,0   0,0   0,4   3,9   15:52   WNW
28   3,6  11,6   14:38  -1,2   06:40  14,7   0,0   0,0   1,0   4,7   03:37   NNE
29   2,8   8,0   12:56  -0,7   07:55  15,5   0,0   0,0   0,2   3,9   13:55   NNE
30   1,2   4,8   15:47  -2,6   04:32  17,1   0,0   7,4   0,5   3,9   02:03   NNE
31   3,5   7,7   13:23   1,2   03:12  14,8   0,0   7,1   0,4   3,9   17:42     N
----------------------------------------------------------------------------------
     0,5  11,6    28   -16,0     8   551,3   0,0  38,9   1,4  17,6     5     ESE

Max >=  27,0  0
Max <=   0,0  4
Min <=   0,0 17
Min <= -18,0  0
Max Rain: 12,4 on day 25
Days of Rain: 9 (>= 0,2 mm)  5 (>= 2,0 mm)  0 (>= 20,0 mm)
Heat Base: 18,3  Cool Base: 18,3  Method: Integration

Powered by Ecowitt HP2553  and   CumulusMX   v 3.25.1 (b3244)   MXUI Template v 2.2.3 by  Silver Acorn   (19,5)  Valid HTML5