NOAA-style Climate Reports

   V/Λ SELECT: Month and Year   OR  >   Month
                   Monthly Climatological Summary for apr 2017

Name: Rjoanddalen   City: Mjølfjell   State: Voss
Elevation: 655 m  Lat: N 60° 41' 58"   Lon: E 006° 50' 38"

                  Temperature (°C), Rain (mm), Wind Speed (m/s)

                                      Heat  Cool        Avg
    Mean                              Deg   Deg         Wind                 Dom
Day Temp  High   Time   Low    Time   Days  Days  Rain  Speed High   Time    Dir
----------------------------------------------------------------------------------
01   4,4   5,9   14:27   2,1   23:18  13,9   0,0   2,3   1,1  13,9   11:59   SSE
02   3,5   8,1   15:10   1,1   06:55  14,8   0,0   3,0   0,2   6,2   15:49     W
03   4,2   8,9   14:24   0,3   06:28  14,1   0,0   0,0   0,7   4,6   12:07   NNE
04   2,8   5,5   15:15   0,2   23:35  15,5   0,0   1,3   1,1   9,4   13:14   NNE
05   2,3   9,2   14:29  -0,7   04:47  16,0   0,0   5,1   0,5   8,0   13:00   NNW
06   2,3   5,7   15:59  -0,5   05:52  16,0   0,0  19,1   0,5   5,7   13:02   NNE
07   5,0  10,5   14:11   1,8   23:42  13,3   0,0   2,0   0,5   6,0   14:56   WNW
08   3,6   7,6   14:59   1,3   04:41  14,7   0,0   2,0   0,4   6,4   16:10    NE
09   4,5  10,7   11:38   1,2   05:09  13,8   0,0   1,0   0,7   7,6   14:18   SSE
10   1,8   6,9   14:20  -1,9   21:44  16,5   0,0   6,6   0,9   8,9   00:50    NW
11   0,7   7,9   11:55  -2,3   01:44  17,6   0,0   0,0   0,6   6,0   15:35     S
12   2,5   8,8   13:36  -0,5   01:24  15,8   0,0   6,1   0,1   4,7   13:40   ENE
13   1,1   4,4   11:52  -1,4   23:49  17,2   0,0   0,0   0,6   5,3   14:08     N
14  -1,1   6,5   14:38  -6,2   23:26  19,4   0,0   0,0   1,3   5,0   17:55     N
15   0,9   7,2   14:40  -6,1   00:00  17,4   0,0   0,0   1,2   6,9   12:07   ESE
16   1,0   6,9   14:46  -2,5   23:55  17,3   0,0   5,3   0,4   5,4   16:03   NNW
17  -1,1   6,3   12:24  -7,2   07:04  19,4   0,0   0,0   1,2   4,8   22:41     N
18  -1,3   6,5   15:17  -8,5   05:49  19,6   0,0   0,0   0,9   4,6   01:47   NNE
19   0,4   3,6   12:23  -3,4   05:15  17,9   0,0   0,0   0,9   6,6   17:01   SSE
20   3,2   6,4   15:02   0,7   00:13  15,1   0,0   9,4   1,3   8,5   16:11   NNE
21   0,9   4,4   12:34  -2,2   23:48  17,4   0,0   4,3   1,0  10,8   15:22   NNW
22   0,3   7,9   16:10  -4,7   04:44  18,0   0,0   4,1   0,7   5,9   21:55    NW
23   0,2   7,7   14:26  -3,6   05:02  18,1   0,0   0,0   0,5   5,5   03:45    NW
24  -0,4   4,0   14:00  -4,6   23:55  18,7   0,0   1,0   1,9   8,0   09:25     N
25   0,0   8,5   14:54  -5,5   01:27  18,3   0,0   0,0   1,6   7,9   13:33   NNE
26  -0,7   8,4   14:59  -8,5   05:58  19,0   0,0   0,0   0,4   4,9   18:35     N
27   1,4   9,9   14:30  -2,8   05:02  16,9   0,0   0,0   1,0   9,9   23:29     N
28   1,5   7,1   14:22  -2,4   07:10  16,8   0,0   0,0   2,9  11,6   16:37   NNW
29   3,0   9,6   13:39  -2,4   23:53  15,3   0,0   0,0   1,7  11,9   04:36     S
30   0,5   9,1   14:53  -6,8   07:06  17,8   0,0   0,0   1,7   5,8   14:10     N
----------------------------------------------------------------------------------
     1,6  10,7     9    -8,5    18   501,6   0,0  72,6   0,9  13,9     1       N

Max >=  27,0  0
Max <=   0,0  0
Min <=   0,0 22
Min <= -18,0  0
Max Rain: 19,1 on day 6
Days of Rain: 15 (>= 0,2 mm)  12 (>= 2,0 mm)  0 (>= 20,0 mm)
Heat Base: 18,3  Cool Base: 18,3  Method: Integration

Powered by Ecowitt HP2553  and   CumulusMX   v 3.22.4 (b3215)   MXUI Template v 2.2.3 by  Silver Acorn   (7,0)  Valid HTML5