NOAA-style Climate Reports

   V/Λ SELECT: Month and Year   OR  >   Month
                   Monthly Climatological Summary for May 2017

Name: Rjoanddalen   City: Mjølfjell   State: Voss
Elevation: 665 m  Lat: N 60° 41' 59"   Lon: E 006° 50' 39"

                  Temperature (°C), Rain (mm), Wind Speed (m/s)

                                      Heat  Cool        Avg
    Mean                              Deg   Deg         Wind                 Dom
Day Temp  High   Time   Low    Time   Days  Days  Rain  Speed High   Time    Dir
----------------------------------------------------------------------------------
01   4.5  13.7   14:58  -4.3   03:36  13.8   0.0   0.0   1.9   5.7   11:46     N
02   9.5   9.5   00:00   9.5   00:00   8.8   0.0   0.0   2.0   2.8   00:00   NNV
03   9.5   9.5   00:00   9.5   00:00   8.8   0.0   0.0   2.0   2.8   00:00   NNV
04   9.5   9.5   00:00   9.5   00:00   8.8   0.0   0.0   2.0   2.8   00:00   NNV
05   9.5   9.5   00:00   9.5   00:00   8.8   0.0   0.0   2.0   2.8   00:00   NNV
06   9.5   9.5   00:00   9.5   00:00   8.8   0.0   0.0   2.0   2.8   00:00   NNV
07   9.5   9.5   00:00   9.5   00:00   8.8   0.0   0.0   2.0   2.8   00:00   NNV
08   9.5   9.5   00:00   9.5   00:00   8.8   0.0   0.0   2.0   2.8   00:00   NNV
09   9.5   9.5   00:00   9.5   00:00   8.8   0.0   0.0   2.0   2.8   00:00   NNV
10   9.5   9.5   00:00   9.5   00:00   8.8   0.0   0.0   2.0   2.8   00:00   NNV
11   7.2   9.5   00:00   0.5   23:49  10.8   0.0   1.0   1.7   6.8   13:22   NNV
12   5.7  12.6   14:16   0.3   00:26  12.6   0.0   0.0   1.2   7.8   14:38     S
13   6.6  11.9   14:17   1.4   05:26  11.7   0.0   0.0   1.2  10.6   15:38SSØ
14   6.0  11.0   13:21   3.1   04:52  12.3   0.0   2.3   0.7   4.9   02:27     N
15   7.2  15.5   13:51   2.7   03:16  11.1   0.0   0.0   0.6   6.0   15:32NØ
16   7.3   9.4   16:17   4.4   00:00  11.0   0.0  11.4   1.9  10.7   17:11     S
17   7.6  14.9   15:45   4.1   02:50  10.7   0.0   7.4   0.9   4.9   23:55     N
18   6.6   9.6   13:58   4.3   23:16  11.7   0.0  12.7   0.8   5.1   13:21     N
19  10.2  20.0   16:18   3.6   04:15   8.3   0.1   0.0   1.5   6.8   11:36     N
20  12.3  17.8   11:38   6.8   05:09   6.0   0.0   1.0   1.5   6.9   08:15     N
21   8.0  15.1   14:39   4.8   05:26  10.3   0.0   7.4   0.2   3.9   16:24NØ
22   7.3  14.9   15:36   3.2   23:47  11.0   0.0   1.0   0.5   4.5   09:27    NV
23   8.9  18.9   15:27   0.2   05:32   9.4   0.0   0.0   1.2   4.9   16:30     N
24   8.1  15.4   16:28   4.5   02:32  10.2   0.0   0.0   0.5   5.8   11:47NNØ
25   8.3  11.0   17:34   5.3   09:09  10.0   0.0   1.1   0.7   6.6   14:24SØ
26  10.0  16.8   16:15   5.8   05:21   8.1   0.0   0.0   1.1   4.8   13:46     N
27  14.1  22.9   13:53   6.3   03:00   5.2   0.9   0.0   1.3   8.4   16:16SØ
28  13.5  23.9   12:57   6.2   04:46   5.2   0.4   0.0   1.6   6.6   16:13     N
29  12.1  19.7   15:35   7.0   02:29   6.3   0.0   0.0   1.1   5.0   13:45     N
30   9.9  15.0   16:00   7.8   23:52   8.4   0.0   2.0   0.3   4.8   16:07NNØ
31   7.7  12.7   16:10   3.8   23:56  10.6   0.0   0.0   0.3   6.6   19:17    NV
----------------------------------------------------------------------------------
     8.9  23.9    28    -4.3     1   293.9   1.4  47.3   1.3  10.7    16       N

Max >=  27.0  0
Max <=   0.0  0
Min <=   0.0  1
Min <= -18.0  0
Max Rain: 12.7 on day 18
Days of Rain: 10 (>= 0.2 mm)  6 (>= 2.0 mm)  0 (>= 20.0 mm)
Heat Base: 17.0  Cool Base: 17.0  Method: Integration

Powered by Ecowitt HP2553  and   CumulusMX   v 3.19.3 (b3196)   MXUI Template v 2.2.3 by  Silver Acorn   (18.3)  Valid HTML5