NOAA-style Climate Reports

   V/Λ SELECT: Month and Year   OR  >   Month
                   Monthly Climatological Summary for Jun 2017

Name: Rjoanddalen   City: Mjølfjell   State: Voss
Elevation: 665 m  Lat: N 60° 41' 59"   Lon: E 006° 50' 39"

                  Temperature (°C), Rain (mm), Wind Speed (m/s)

                                      Heat  Cool        Avg
    Mean                              Deg   Deg         Wind                 Dom
Day Temp  High   Time   Low    Time   Days  Days  Rain  Speed High   Time    Dir
----------------------------------------------------------------------------------
01   8.3  17.6   13:51   0.0   06:36  10.0   0.0   0.0   1.2   6.8   09:53NNØ
02   8.8  12.5   11:43   5.8   04:42   9.5   0.0   4.3   0.1   3.5   11:43NNØ
03  11.3  18.8   12:41   6.5   01:33   7.0   0.0   1.0   0.4   3.9   12:55     N
04   8.6   9.6   00:00   7.7   05:26   9.7   0.0   4.3   0.2   4.5   03:22     N
05  12.1  19.7   15:35   7.0   02:29   6.3   0.0   0.0   0.0   5.0   13:45     N
06   8.3  11.0   17:34   5.3   09:09  10.0   0.0   1.1   0.0   6.6   14:24SØ
07  13.5  11.9   12:57   6.2   04:46   5.2   0.4   0.0  ----   6.6   16:13     N
08   9.1  12.0   16:35   5.7   23:56   3.0   0.0   0.0   0.4   5.1   18:57     S
09  10.3  15.2   15:24   5.2   01:38   7.8   0.0   3.0   0.5   6.1   12:16SSØ
10  10.1  13.4   14:23   7.7   05:35   8.1   0.0   7.4   0.3   4.2   14:55ØSØ
11  10.8  18.6   13:25   7.5   02:48   7.5   0.0  10.7   0.8   6.9   13:17SSØ
12   7.2   8.4   00:00   6.7   04:10  11.1   0.0   2.0   0.0   2.7   04:22     N
13   7.1   7.1   00:00   7.1   00:00  11.2   0.0   0.0   0.0   0.0   00:00     N
14   7.1   7.1   00:00   7.1   00:00  11.2   0.0   0.0   0.0   0.0   00:00     N
15   9.8  17.7   17:09   7.1   00:00   8.3   0.0   2.3   0.0   4.3   17:27SSØ
16  11.0  13.6   13:45   9.0   23:54   7.1   0.0   3.3   0.5   5.8   13:43     N
17  10.5  15.1   13:06   7.0   01:36   7.8   0.0   3.0   0.3   4.5   12:23SSØ
18  10.9  16.9   13:02   7.9   23:43   7.4   0.0  16.8   0.6   7.7   11:19     N
19   8.4  12.5   12:36   6.1   23:50   9.9   0.0  10.7   0.8   6.5   11:50ØSØ
20   6.9  11.1   17:52   4.9   04:08  11.4   0.0   7.4   0.4   6.1   18:38NØ
21   8.2  13.9   13:49   4.4   03:07  10.1   0.0   0.0   0.7   4.5   11:30SSØ
22   9.5  12.4   18:30   6.5   03:42   8.8   0.0   1.0   0.3   3.9   06:43     N
23  10.3  12.0   14:49   8.8   23:45   8.0   0.0   8.4   0.2   5.9   23:56NNØ
24   8.3  13.7   16:09   5.4   04:45  10.0   0.0   4.3   0.6   7.0   20:32SØ
25   6.7   8.9   10:35   4.0   04:40  11.6   0.0   7.4   0.9   6.9   12:15     S
26   7.9  15.1   16:53   4.1   23:55  10.4   0.0   1.0   1.0   7.7   17:12     N
27   9.0  19.0   15:12   0.2   05:12   9.3   0.0   0.0   0.5   4.8   13:36NNØ
28  13.0  22.5   14:50   3.3   03:35   6.0   0.7   0.0   0.7   7.6   12:20ØSØ
29  13.8  19.8   16:06   7.6   04:31   4.6   0.0   0.0   1.3  11.3   09:02   SSV
30  16.8  25.6   15:32   9.8   03:51   3.1   1.6   0.0   0.7   6.9   11:24     S
----------------------------------------------------------------------------------
     9.8  25.6    30     0.0     1   251.4   2.7  99.4   0.5  11.3    29ØSØ

Max >=  27.0  0
Max <=   0.0  0
Min <=   0.0  1
Min <= -18.0  0
Max Rain: 16.8 on day 18
Days of Rain: 19 (>= 0.2 mm)  15 (>= 2.0 mm)  0 (>= 20.0 mm)
Heat Base: 17.0  Cool Base: 17.0  Method: Integration

Powered by Ecowitt HP2553  and   CumulusMX   v 3.21.1 (b3205)   MXUI Template v 2.2.3 by  Silver Acorn   (13.5)  Valid HTML5