NOAA-style Climate Reports

   V/Λ SELECT: Month and Year   OR  >   Month
                   Monthly Climatological Summary for Jul 2017

Name: Rjoanddalen   City: Mjølfjell   State: Voss
Elevation: 665 m  Lat: N 60° 41' 59"   Lon: E 006° 50' 39"

                  Temperature (°C), Rain (mm), Wind Speed (m/s)

                                      Heat  Cool        Avg
    Mean                              Deg   Deg         Wind                 Dom
Day Temp  High   Time   Low    Time   Days  Days  Rain  Speed High   Time    Dir
----------------------------------------------------------------------------------
01  15.5  22.1   16:29   9.3   02:12   3.5   0.7   0.0   0.7   6.5   13:05SSØ
02   9.6  11.9   00:00   7.2   23:42   8.7   0.0   7.4   0.4   5.9   12:31SØ
03   9.2  16.7   14:40   5.5   04:57   9.1   0.0   2.0   0.8   5.5   22:01NØ
04  10.5  21.4   14:05   2.6   03:35   7.9   0.1   0.0   0.8   6.8   15:15NNØ
05  10.7  20.4   16:56   2.3   06:25   7.7   0.1   0.0   0.4   4.9   16:35NNØ
06  11.3  19.6   15:52   2.9   04:26   7.0   0.0   0.0   0.5   7.2   11:58SSØ
07  10.9  13.8   12:55   7.2   03:46   7.4   0.0   5.3   0.0   3.9   12:48SSØ
08  11.1  16.3   13:56   7.4   23:59   7.2   0.0   4.1   1.0   7.3   11:51     S
09   8.3  11.0   15:17   5.5   03:55  10.0   0.0   5.3   0.4   6.6   16:24SSØ
10  10.4  17.1   13:13   6.7   05:14   7.9   0.0   4.3   0.2   3.9   14:49SSØ
11  10.6  16.0   12:21   8.0   23:49   7.7   0.0   7.4   0.4   5.6   14:49     S
12   9.1  13.3   12:59   6.0   06:12   9.2   0.0   1.0   0.7   5.9   16:28     N
13   8.9  15.2   14:14   6.0   05:09   9.4   0.0   2.0   0.6   6.9   07:27NNØ
14   9.8  18.5   15:17   3.2   04:32   8.5   0.0   0.0   0.2   5.3   16:32SSØ
15  13.0  20.3   14:15   7.6   05:06   5.4   0.1   2.3   0.9   6.5   11:01SSØ
16  10.3  14.4   13:04   6.8   23:51   8.0   0.0   8.4   0.6   7.1   11:25NØ
17   7.4   9.8   11:17   5.1   02:27  10.9   0.0  18.8   0.4   5.4   01:56     N
18  10.1  16.7   17:47   6.8   23:58   8.2   0.0   1.0   0.5   5.6   15:28     S
19  13.5  25.6   15:43   3.2   04:15   6.2   1.4   0.0   0.4   4.8   14:31ØSØ
20  17.2  26.9   16:11   7.7   03:59   3.3   2.3   0.0   1.5   8.4   20:25Ø
21  15.1  17.5   12:22  12.0   03:06   3.2   0.0   0.0   0.7   6.8   12:42     S
22  16.2  22.9   11:57  11.5   03:57   2.7   0.6   0.0   0.8   6.4   14:47SSØ
23  17.2  26.1   15:39   9.4   06:14   3.0   1.9   0.0   0.7   6.9   12:12SSØ
24  14.4  19.4   10:29  10.9   05:42   3.9   0.0   1.0   0.4   5.7   12:46SØ
25  14.8  21.5   15:40  10.8   04:57   3.8   0.3   2.3   0.2   4.7   14:59NNØ
26  15.1  21.3   12:41  11.0   00:16   3.4   0.2   1.0   0.4   7.2   22:13   SSV
27  13.7  14.8   11:34  10.9   23:46   4.6   0.0   4.3   1.1   9.6   11:42     S
28  12.3  16.9   14:22   8.5   23:58   6.0   0.0  13.5   0.3   4.6   13:29SSØ
29  12.3  18.5   12:09   8.2   01:00   6.0   0.0   2.3   1.0   9.8   12:47     S
30  13.9  21.6   14:43   9.9   05:58   4.7   0.2   4.1   0.6   7.5   17:49   SSV
31  10.5  13.2   00:00   8.8   22:08   7.8   0.0   6.3   0.4  10.5   03:48SSØ
----------------------------------------------------------------------------------
    12.0  26.9    20     2.3     5   202.3   7.9 104.1   0.6  10.5    31 SØ

Max >=  27.0  0
Max <=   0.0  0
Min <=   0.0  0
Min <= -18.0  0
Max Rain: 18.8 on day 17
Days of Rain: 21 (>= 0.2 mm)  17 (>= 2.0 mm)  0 (>= 20.0 mm)
Heat Base: 17.0  Cool Base: 17.0  Method: Integration

Powered by Ecowitt HP2553  and   CumulusMX   v 3.21.1 (b3205)   MXUI Template v 2.2.3 by  Silver Acorn   (13.5)  Valid HTML5