NOAA-style Climate Reports

   V/Λ SELECT: Month and Year   OR  >   Month
                   Monthly Climatological Summary for Aug 2017

Name: Rjoanddalen   City: Mjølfjell   State: Voss
Elevation: 665 m  Lat: N 60° 41' 59"   Lon: E 006° 50' 39"

                  Temperature (°C), Rain (mm), Wind Speed (m/s)

                                      Heat  Cool        Avg
    Mean                              Deg   Deg         Wind                 Dom
Day Temp  High   Time   Low    Time   Days  Days  Rain  Speed High   Time    Dir
----------------------------------------------------------------------------------
01  10.6  13.7   11:21   8.4   05:10   7.7   0.0   6.3   0.3   5.9   10:39SSØ
02  10.2  14.0   14:42   8.0   03:41   8.1   0.0   5.3   0.1   3.9   15:24     S
03  11.1  18.3   11:53   5.6   05:38   7.2   0.0   6.3   1.2  11.3   12:45   SSV
04  11.9  16.1   16:35   9.3   05:35   6.4   0.0   3.0   0.2   3.9   01:03   SSV
05  12.9  17.0   17:49  10.4   05:41   5.4   0.0   2.0   0.4   3.9   14:15SSØ
06  10.3  12.7   14:38   9.0   05:37   8.0   0.0   4.3   0.6   7.1   02:49SSØ
07  10.1  14.4   11:32   7.3   06:31   8.2   0.0   3.3   0.4   6.6   14:17     S
08  11.3  18.1   15:40   7.9   03:13   7.0   0.0   0.0   0.3   4.3   13:39SSØ
09  12.7  17.3   10:54   8.1   03:29   5.6   0.0   0.0   0.8   6.1   12:33   NNV
10  11.1  13.4   13:01   9.9   03:30   7.2   0.0   2.0   0.5   5.9   22:37SSØ
11  10.6  11.9   12:12   9.1   04:29   7.7   0.0   2.0   1.2   7.7   11:00SSØ
12  10.5  14.3   17:32   7.3   23:58   7.8   0.0   4.3   0.5   5.8   19:23SSØ
13   7.1  13.6   13:45   2.5   05:52  11.2   0.0   4.1   0.5   7.1   12:26SØ
14   9.2  15.5   17:03   5.6   06:28   9.1   0.0   2.0   0.1   4.4   15:13SSØ
15  10.5  13.0   13:44   8.3   00:29   7.8   0.0   4.3   1.0  10.0   13:54     S
16  11.0  14.6   10:14   8.3   05:52   7.3   0.0   9.4   0.3   5.9   16:48SSØ
17  10.6  15.4   11:49   7.0   04:00   7.7   0.0   5.3   1.5  11.0   14:33     S
18  13.9  21.0   13:06   9.4   06:10   4.7   0.3   1.0   0.7   7.5   19:25     S
19  11.0  16.8   12:27   8.7   07:26   7.3   0.0   0.0   0.7   9.5   12:36SSØ
20  11.1  15.6   13:49   8.0   05:22   7.2   0.0   1.3   0.2   5.4   15:47SSØ
21  10.3  12.8   12:47   5.3   23:49   8.0   0.0   8.4   0.2   5.4   12:56     S
22  10.1  20.1   14:36   2.4   06:17   8.3   0.1   0.0   0.4   4.1   12:37   VNV
23  10.8  19.6   13:10   3.7   06:15   7.5   0.1   0.0   0.7   6.9   13:39SØ
24  11.0  19.8   15:21   4.6   04:30   7.3   0.1   0.0   0.2   4.6   17:45SSØ
25  11.7  18.7   14:18   6.0   05:50   6.6   0.0   0.0   0.5   4.7   12:16     S
26  11.9  21.2   15:15   5.6   07:30   6.7   0.3   0.0   0.4   5.5   13:05SSØ
27  11.6  21.9   14:49   3.1   05:59   7.1   0.4   0.0   0.3   5.0   15:12SSØ
28  11.1  12.2   17:29   9.2   06:47   7.2   0.0  11.4   0.4   5.6   08:25SSØ
29   9.7  12.3   01:07   4.9   22:44   8.6   0.0   5.3   0.2   5.6   05:26ØNØ
30   7.6  12.0   14:20   4.5   03:18  10.7   0.0   1.0   0.3   5.6   12:07SSØ
31   8.9  15.6   11:53   4.3   05:24   9.4   0.0   0.0   0.2   3.8   12:38SØ
----------------------------------------------------------------------------------
    10.7  21.9    27     2.4    22   236.0   1.3  92.3   0.5  11.3     3SSØ

Max >=  27.0  0
Max <=   0.0  0
Min <=   0.0  0
Min <= -18.0  0
Max Rain: 11.4 on day 28
Days of Rain: 21 (>= 0.2 mm)  18 (>= 2.0 mm)  0 (>= 20.0 mm)
Heat Base: 17.0  Cool Base: 17.0  Method: Integration

Powered by Ecowitt HP2553  and   CumulusMX   v 3.21.1 (b3205)   MXUI Template v 2.2.3 by  Silver Acorn   (13.8)  Valid HTML5