NOAA-style Climate Reports

   V/Λ SELECT: Month and Year   OR  >   Month
                   Monthly Climatological Summary for sep 2017

Name: Rjoanddalen   City: Mjølfjell   State: Voss
Elevation: 655 m  Lat: N 60° 41' 58"   Lon: E 006° 50' 38"

                  Temperature (°C), Rain (mm), Wind Speed (m/s)

                                      Heat  Cool        Avg
    Mean                              Deg   Deg         Wind                 Dom
Day Temp  High   Time   Low    Time   Days  Days  Rain  Speed High   Time    Dir
----------------------------------------------------------------------------------
01   8,8  13,9   15:10   6,5   05:51   9,5   0,0   2,0   0,3   4,8   14:29   SSE
02   9,6  19,3   14:53   1,7   06:27   8,7   0,0   0,0   0,2   4,7   13:02   SSE
03  10,3  18,8   14:02   3,6   06:15   8,0   0,0   0,0   0,8   6,9   11:17   SSE
04  10,4  16,9   11:40   5,3   06:52   7,9   0,0   0,0   1,1  10,1   12:22   SSE
05  10,5  11,9   15:06   9,1   00:00   7,8   0,0  19,1   1,3  13,3   19:34   SSW
06  11,9  15,6   14:17   9,9   23:53   6,3   0,0   7,4   0,5   7,8   03:46     S
07  10,3  12,9   15:35   8,2   23:02   8,0   0,0   4,1   0,2   4,6   17:40   SSW
08   9,2  10,5   13:26   8,0   04:40   9,1   0,0   0,0   1,4   7,8   15:25   NNE
09  10,0  14,7   16:50   7,0   06:22   8,3   0,0   3,3   0,5   5,7   00:32   NNE
10   8,9  12,4   15:11   6,1   01:16   9,4   0,0   1,0   0,3   5,6   15:50   SSE
11   9,2  12,2   15:10   5,7   20:54   9,1   0,0  11,7   1,5  13,8   07:58   SSW
12   8,8  13,3   12:39   6,5   06:09   9,5   0,0  13,7   0,5   9,0   00:26     W
13   9,1  17,1   14:33   4,3   23:21   9,2   0,0   1,0   0,1   5,7   15:35     N
14   7,7  15,9   15:25   1,3   07:01  10,6   0,0   0,0   0,3   3,9   20:09     N
15   8,0  14,5   16:24   3,2   04:27  10,3   0,0   0,0   0,1   4,4   17:21   NNW
16   8,7  19,7   15:08   2,4   03:09   9,7   0,0   0,0   0,3   5,8   12:05   SSE
17   9,0  18,2   12:58   2,0   05:35   9,3   0,0   0,0   0,3   4,4   15:57    NE
18   8,9  12,7   13:56   6,0   03:03   9,4   0,0   0,0   0,1   3,3   18:40     S
19   9,6  13,4   16:09   7,4   07:31   8,7   0,0   0,0   0,1   4,2   13:37     S
20   7,8  10,3   12:19   5,5   22:05  10,5   0,0  22,1   0,1   4,4   21:23   NNE
21   8,1  10,1   13:25   5,4   02:21  10,2   0,0   0,0   1,0   7,6   11:55     S
22   8,7  11,7   14:33   7,1   03:51   9,6   0,0   7,4   0,7   5,0   10:40   SSW
23  10,7  16,7   11:25   6,2   23:59   7,6   0,0   0,0   1,2   7,2   15:28   SSE
24   9,9  13,7   14:34   5,1   05:21   8,4   0,0   0,0   0,7   8,8   20:37     S
25  12,3  18,7   12:29   7,6   08:05   6,0   0,0   0,0   1,2   7,8   18:30   SSE
26  11,2  14,6   13:27   7,9   06:15   7,1   0,0   0,0   0,9   6,6   16:43   SSW
27  12,5  16,6   15:45   9,7   00:00   5,8   0,0   0,0   1,8  12,4   14:06   SSE
28  11,2  14,1   14:20  10,2   08:18   7,1   0,0   0,0   2,7  16,0   12:20   SSE
29  11,0  14,8   10:53   9,3   23:48   7,3   0,0   0,0   3,8  17,9   05:29     S
30   9,2  11,2   06:26   7,8   15:47   9,1   0,0  18,8   4,5  17,8   08:07     S
----------------------------------------------------------------------------------
     9,7  19,7    16     1,3    14   257,5   0,0 111,6   1,0  17,9    29       S

Max >=  27,0  0
Max <=   0,0  0
Min <=   0,0  0
Min <= -18,0  0
Max Rain: 22,1 on day 20
Days of Rain: 12 (>= 0,2 mm)  10 (>= 2,0 mm)  1 (>= 20,0 mm)
Heat Base: 18,3  Cool Base: 18,3  Method: Integration

Powered by Ecowitt HP2553  and   CumulusMX   v 3.22.4 (b3215)   MXUI Template v 2.2.3 by  Silver Acorn   (7,0)  Valid HTML5