NOAA-style Climate Reports

   V/Λ SELECT: Month and Year   OR  >   Month
                   Monthly Climatological Summary for Nov 2017

Name: Rjoanddalen   City: Mjølfjell   State: Voss
Elevation: 665 m  Lat: N 60° 41' 59"   Lon: E 006° 50' 39"

                  Temperature (°C), Rain (mm), Wind Speed (m/s)

                                      Heat  Cool        Avg
    Mean                              Deg   Deg         Wind                 Dom
Day Temp  High   Time   Low    Time   Days  Days  Rain  Speed High   Time    Dir
----------------------------------------------------------------------------------
01   4.7   7.2   15:15   1.4   00:00  13.6   0.0  28.4   0.4   7.2   17:21     N
02   3.3   6.7   11:03  -1.7   23:13  15.0   0.0   0.0   0.5   4.5   11:15   NNV
03   1.8   4.4   13:47  -1.7   00:16  16.5   0.0   0.0   0.5   6.8   19:52SØ
04   3.7   5.1   20:01   2.7   02:16  14.6   0.0   0.0   0.9   7.6   18:31SSØ
05   2.2   4.7   13:15   0.7   22:05  16.1   0.0   1.0   0.5   3.8   09:48   SSV
06  -0.3   4.1   13:21  -3.3   08:29  18.6   0.0   1.0   0.5   5.7   23:42   NNV
07   2.8   4.3   20:05  -0.1   03:25  15.5   0.0   0.0   2.0  11.5   07:13SSØ
08   2.8   4.2   02:39   1.5   16:09  15.5   0.0   5.3   0.8   9.5   21:27SSØ
09   1.1   3.3   00:06   0.0   23:23  17.2   0.0   4.3   0.5  11.6   04:22SSØ
10  -0.8   0.9   13:05  -2.6   23:59  19.1   0.0   0.0   0.0   0.4   00:28     N
11  -1.0   1.9   13:05  -2.6   00:00  19.3   0.0   0.0   0.0   1.3   10:58     N
12  -1.6   0.9   12:13  -4.2   23:46  19.9   0.0   1.0   0.0   1.7   14:59Ø
13  -5.7  -1.7   13:24  -9.2   19:04  24.0   0.0   0.0   0.2   2.9   20:40Ø
14  -1.8   0.7   20:54  -6.6   00:00  20.1   0.0   0.0   0.2   3.4   18:49Ø
15  -0.2   1.1   04:38  -2.8   20:30  18.5   0.0   0.0   0.1   5.9   04:17   NNV
16   0.2   2.6   12:44  -2.4   00:16  18.1   0.0  25.1   0.4   9.8   14:40SSØ
17  -0.1   1.0   13:05  -1.4   03:10  18.4   0.0   0.0   0.0   4.9   08:01ØNØ
18  -0.9   0.6   19:53  -2.8   04:45  19.2   0.0   0.0   0.0   0.0   00:00     N
19  -5.6  -2.4   00:00  -9.3   09:28  23.9   0.0   0.0   0.0   0.0   00:00     N
20  -4.0  -2.0   13:31  -5.1   05:00  22.3   0.0   0.0   0.0   0.0   00:00     N
21  -8.3  -4.5   00:00 -11.9   10:10  25.5   0.0   0.0   0.3   4.9   22:24ØNØ
22  -3.3   1.1   23:53  -5.6   06:21  19.2   0.0   0.0   3.3  16.2   05:32ØNØ
23   2.2   6.3   12:33  -1.3   23:53  16.1   0.0  15.7   2.2  17.6   16:33SSØ
24  -1.4  -0.5   14:11  -1.9   03:47  19.7   0.0   0.0   0.0   0.0   00:00     N
25  -1.5  -0.5   12:35  -2.5   01:49  19.8   0.0   0.0   0.0   0.0   00:00     N
26  -3.0   0.2   11:25 -11.2   23:32  21.3   0.0   0.0   1.4   6.2   04:11     N
27  -6.0  -2.6   18:16 -11.7   02:00  17.7   0.0   0.0   1.6   7.9   16:54     N
28  -3.4  -1.4   07:03  -8.8   23:58  21.7   0.0   0.0   2.9  10.4   16:46     N
29 -11.2  -8.6   00:45 -13.3   20:31  29.5   0.0   0.0   0.7   4.4   07:04     N
30  -9.6  -5.6   12:40 -13.0   00:05  27.9   0.0   0.0   0.4   6.8   08:53     N
----------------------------------------------------------------------------------
    -1.5   7.2     1   -13.3    29   583.8   0.0  81.8   0.7  17.6    23ØNØ

Max >=  27.0  0
Max <=   0.0 10
Min <=   0.0 26
Min <= -18.0  0
Max Rain: 28.4 on day 1
Days of Rain: 8 (>= 0.2 mm)  5 (>= 2.0 mm)  2 (>= 20.0 mm)
Heat Base: 17.0  Cool Base: 17.0  Method: Integration

Powered by Ecowitt HP2553  and   CumulusMX   v 3.21.1 (b3205)   MXUI Template v 2.2.3 by  Silver Acorn   (13.8)  Valid HTML5