NOAA-style Climate Reports

   V/Λ SELECT: Month and Year   OR  >   Month
                   Monthly Climatological Summary for Dec 2017

Name: Rjoanddalen   City: Mjølfjell   State: Voss
Elevation: 665 m  Lat: N 60° 41' 59"   Lon: E 006° 50' 39"

                  Temperature (°C), Rain (mm), Wind Speed (m/s)

                                      Heat  Cool        Avg
    Mean                              Deg   Deg         Wind                 Dom
Day Temp  High   Time   Low    Time   Days  Days  Rain  Speed High   Time    Dir
----------------------------------------------------------------------------------
01 -10.1  -6.1   23:51 -13.0   08:37  28.4   0.0   0.0   0.3   4.5   06:29     N
02  -1.7   2.1   19:35  -6.2   00:00  20.0   0.0   3.3   0.3   8.9   21:42     N
03  -0.9   1.1   00:00  -2.6   22:25  19.2   0.0   0.0   0.7   5.9   04:29   VNV
04  -2.4  -1.0   23:54  -3.2   09:38  20.7   0.0   0.0   0.6   4.8   02:55   VSV
05   1.6   2.6   12:15  -2.0   00:26  16.7   0.0  25.1   0.5   8.7   09:51NNØ
06   1.5   4.3   23:15   0.2   02:01  16.8   0.0  25.4   0.0   7.4   23:14SSØ
07   2.4   4.4   06:50  -0.2   22:22  15.9   0.0  22.1   2.1  15.4   17:13SSØ
08  -0.4   0.1   12:36  -1.3   21:19  18.7   0.0   0.0   0.2   5.8   22:54SSØ
09  -2.7  -1.1   01:38  -5.3   23:33  21.0   0.0   0.0   1.1   7.2   08:17SSØ
10  -5.6  -4.6   05:58  -6.5   11:34  23.9   0.0   0.0   0.7   4.9   06:16   SSV
11  -8.3  -5.6   00:11 -10.9   09:27  26.6   0.0   0.0   1.3   4.5   09:59     N
12  -9.5  -5.2   09:37 -15.3   21:15  27.8   0.0   0.0   1.2   5.9   12:54   NNV
13  -4.7  -1.0   12:43 -14.1   00:05  23.0   0.0   0.0   0.8   5.6   10:52    NV
14  -3.8  -0.4   08:24 -10.1   23:52  22.1   0.0   0.0   1.7   7.3   06:53     N
15 -12.6 -10.0   00:00 -14.6   19:44  30.9   0.0   0.0   0.7   3.9   05:18     N
16 -13.6 -11.6   12:41 -15.2   04:20  31.9   0.0   0.0   0.5   4.3   20:19     N
17  -7.0  -0.2   23:31 -14.6   03:52  25.3   0.0   0.0   0.5   4.7   21:55     N
18  -0.8   0.2   11:11  -1.8   18:28  19.1   0.0   0.0   0.1   3.2   03:18   VSV
19   0.6   2.1   23:59  -1.3   00:00  17.7   0.0   7.4   0.0   1.8   14:41     N
20   2.6   4.3   07:01   0.2   18:50  15.7   0.0  15.7   0.2   5.6   19:39   VNV
21   0.2   1.7   03:50  -0.9   23:40  18.1   0.0   0.0   0.3   9.0   04:51     N
22   0.3   1.4   12:54  -0.7   00:08  18.0   0.0   0.0   0.2   9.9   13:23     N
23   3.1   4.8   16:44   0.2   00:00  15.2   0.0  64.3   0.8  11.4   17:36     N
24   0.1   1.1   02:22  -0.7   21:27  18.2   0.0   0.0   0.3   6.0   05:32NNØ
25  -0.3   0.9   02:53  -3.0   21:00  18.6   0.0   0.0   0.1   3.2   11:17     V
26  -0.7   0.7   13:04  -2.6   00:00  19.0   0.0   0.0   1.5  13.8   12:10   SSV
27  -1.5  -0.9   15:49  -3.5   23:27  19.8   0.0   0.0   1.4   9.1   07:20SSØ
28  -4.7  -2.5   00:00  -8.0   18:03  23.0   0.0   0.0   1.2   6.8   03:06     N
29  -4.7  -3.0   12:42  -5.7   22:42  23.0   0.0   0.0   0.0   1.3   12:45   NNV
30  -4.6  -2.5   13:02  -8.6   07:10  22.9   0.0   0.0   1.1  10.3   19:06     N
31  -1.8   0.0   22:46  -4.6   00:05  20.1   0.0   0.0   1.2   7.8   21:09SSØ
----------------------------------------------------------------------------------
    -2.9   4.8    23   -15.3    12   657.3   0.0 163.3   0.7  15.4     7     NNV

Max >=  27.0  0
Max <=   0.0 16
Min <=   0.0 28
Min <= -18.0  0
Max Rain: 64.3 on day 23
Days of Rain: 7 (>= 0.2 mm)  7 (>= 2.0 mm)  4 (>= 20.0 mm)
Heat Base: 17.0  Cool Base: 17.0  Method: Integration

Powered by Ecowitt HP2553  and   CumulusMX   v 3.19.3 (b3196)   MXUI Template v 2.2.3 by  Silver Acorn   (18.3)  Valid HTML5