NOAA-style Climate Reports

   V/Λ SELECT: Month and Year   OR  >   Month
                   Monthly Climatological Summary for jan 2018

Name: Rjoanddalen   City: Mjølfjell   State: Voss
Elevation: 655 m  Lat: N 60° 41' 58"   Lon: E 006° 50' 38"

                  Temperature (°C), Rain (mm), Wind Speed (m/s)

                                      Heat  Cool        Avg
    Mean                              Deg   Deg         Wind                 Dom
Day Temp  High   Time   Low    Time   Days  Days  Rain  Speed High   Time    Dir
----------------------------------------------------------------------------------
01   0,1   1,3   08:42  -1,4   23:16  18,2   0,0   0,0   0,4   7,8   00:28   SSW
02  -2,6  -0,6   06:29  -6,0   23:27  20,9   0,0   0,0   0,1   4,9   23:58     S
03  -1,5  -0,3   11:03  -4,1   00:04  19,8   0,0   0,0   2,1  10,6   08:19     N
04  -2,5  -0,9   13:52  -4,8   20:29  20,8   0,0   0,0   1,4   6,6   06:38   NNE
05  -6,3  -2,5   00:15 -12,4   22:52  24,6   0,0   0,0   1,2   5,9   05:52     N
06 -11,8  -9,0   06:03 -15,9   23:54  30,1   0,0   0,0   0,5   4,3   15:56     N
07  -6,5  -0,6   17:18 -17,1   02:20  24,8   0,0   0,0   1,1   8,4   12:46     N
08  -4,4   0,2   04:05 -10,8   21:50  22,7   0,0   0,0   0,6   5,4   04:00   NNE
09  -3,3   1,9   20:43 -10,0   00:26  21,6   0,0   0,0   2,3  10,8   22:05     N
10   1,9   3,6   13:43  -0,7   23:45  16,4   0,0   0,0   4,0  12,4   16:25   NNE
11  -1,3   0,3   04:13  -3,2   17:25  19,6   0,0   0,0   0,3   8,8   00:45     S
12  -3,7  -0,4   03:00  -6,7   20:59  22,0   0,0   0,0   1,4   5,6   17:00     N
13  -4,8  -1,2   03:13  -8,8   20:38  23,0   0,0   0,0   1,1   7,9   22:49   SSW
14  -3,4  -2,2   04:48  -4,3   09:12  21,7   0,0   0,0   3,9  22,0   22:22     S
15  -2,0  -0,7   19:05  -3,5   00:00  20,3   0,0   0,0   9,9  26,9   19:10     S
16  -2,3  -0,9   02:24  -6,4   23:25  20,6   0,0   0,0   2,1  18,4   00:05     S
17  -8,4  -4,2   08:32 -13,3   22:37  26,7   0,0   0,0   2,0   5,4   23:39   NNE
18  -7,7  -4,5   14:22 -13,0   00:37  26,0   0,0   0,0   1,5   6,0   10:59     N
19  -5,3  -2,6   12:25  -9,6   00:02  23,6   0,0   0,0   1,2   5,6   12:52    NE
20  -3,8  -1,8   12:26  -9,0   23:40  22,1   0,0   0,0   1,3   9,1   13:54   SSE
21  -9,5  -5,2   13:46 -12,3   06:43  27,8   0,0   0,0   1,8   5,4   00:24     N
22  -4,4  -2,3   12:20 -11,7   00:04  22,7   0,0   0,0   2,0   8,6   10:13     W
23  -0,2   2,4   23:26  -3,2   00:00  18,5   0,0   0,0   2,0  10,3   02:50   SSE
24   0,9   2,8   00:31   0,1   20:10  17,4   0,0   6,4   1,7  15,8   23:09   SSE
25   0,5   2,3   12:46  -0,4   22:34  17,8   0,0   1,0   0,6  11,0   00:24     N
26  -3,0  -0,2   00:00  -6,6   09:15  21,3   0,0   0,0   0,0   0,0   00:00     N
27  -4,1  -1,0   23:25  -8,1   09:31  22,4   0,0   0,0   1,2  14,6   19:02     S
28   0,2   1,5   10:38  -1,1   00:00  18,1   0,0   3,0   0,6   7,3   14:21    NW
29  -1,1   0,7   13:49  -2,7   21:29  19,4   0,0   0,0   0,1   3,5   00:21     N
30  -1,5   0,0   11:50  -3,5   07:35  19,8   0,0   0,0   0,0   0,0   00:00     N
31  -0,6   0,5   02:52  -2,3   23:30  18,8   0,0   0,0   0,7   5,5   04:25     S
----------------------------------------------------------------------------------
    -3,3   3,6    10   -17,1     7   669,5   0,0  10,4   1,6  26,9    15     ESE

Max >=  27,0  0
Max <=   0,0 20
Min <=   0,0 30
Min <= -18,0  0
Max Rain: 6,4 on day 24
Days of Rain: 3 (>= 0,2 mm)  2 (>= 2,0 mm)  0 (>= 20,0 mm)
Heat Base: 18,3  Cool Base: 18,3  Method: Integration

Powered by Ecowitt HP2553  and   CumulusMX   v 3.22.4 (b3215)   MXUI Template v 2.2.3 by  Silver Acorn   (7,0)  Valid HTML5