NOAA-style Climate Reports

   V/Λ SELECT: Month and Year   OR  >   Month
                   Monthly Climatological Summary for feb 2018

Name: Rjoanddalen   City: Mjølfjell   State: Voss
Elevation: 655 m  Lat: N 60° 41' 58"   Lon: E 006° 50' 38"

                  Temperature (°C), Rain (mm), Wind Speed (m/s)

                                      Heat  Cool        Avg
    Mean                              Deg   Deg         Wind                 Dom
Day Temp  High   Time   Low    Time   Days  Days  Rain  Speed High   Time    Dir
----------------------------------------------------------------------------------
01  -3,3   0,4   10:59  -6,0   07:46  21,6   0,0   0,0   1,7   8,9   21:23   NNE
02  -9,3  -3,5   00:18 -14,5   22:17  27,6   0,0   1,0   1,6   6,8   05:20     N
03 -13,6  -7,2   13:36 -16,8   06:19  31,9   0,0   0,0   2,0   5,4   09:05     N
04 -11,5  -6,7   11:01 -16,8   07:02  29,5   0,0   0,0   0,8   4,5   05:14     N
05  -6,0  -3,5   14:48  -7,8   01:28  24,3   0,0   0,0   0,0   2,2   04:16   NNE
06  -6,8  -3,5   13:14  -8,6   23:40  25,1   0,0   0,0   0,1   2,8   22:55     N
07  -5,8  -2,8   14:13  -9,0   01:30  24,1   0,0   0,0   0,0   2,9   01:40   NNE
08  -1,8   0,8   22:25  -4,6   00:00  20,1   0,0   0,0   1,1   8,7   22:31   SSE
09  -0,1   1,0   13:05  -1,5   22:31  18,4   0,0   0,0   2,8  13,1   07:43     S
10  -2,1   0,1   13:02  -3,6   19:59  20,4   0,0   0,0   3,1  12,2   19:01     S
11  -2,5  -0,5   04:24  -5,1   22:08  20,8   0,0   0,0   4,5  20,2   12:49     S
12  -6,2  -3,4   13:24  -9,1   19:50  24,5   0,0   0,0   0,7   5,0   00:02     N
13  -3,3   2,3   13:59  -8,1   01:26  21,6   0,0   0,0   1,6   7,8   14:36     S
14  -1,2   0,3   10:47  -2,4   20:28  19,5   0,0   0,0   6,7  19,9   17:47   SSE
15  -2,3   0,4   14:47  -3,6   07:12  20,6   0,0   0,0   8,2  24,7   10:11     S
16  -3,3  -1,1   13:50  -5,2   22:05  16,1   0,0   0,0   1,0   6,9   00:10   NNE
17  -1,9   1,1   12:51  -4,9   02:11  20,2   0,0   1,0   1,1   6,6   23:18   SSE
18  -0,8   1,9   12:21  -4,1   22:28  19,1   0,0   1,0   1,0   6,9   01:53   SSE
19  -4,2   2,2   13:32  -9,6   04:48  22,5   0,0   1,3   1,7   7,5   13:17     N
20  -6,7  -2,7   13:48 -11,1   08:16  25,0   0,0   0,0   1,6   5,7   09:35     N
21  -5,4   1,8   11:30 -12,2   23:24  23,3   0,0   2,0   1,0   3,9   17:46     N
22  -9,6  -1,8   13:49 -12,6   02:29  27,9   0,0   0,0   1,8   4,9   09:49     N
23  -8,3  -1,2   13:46 -13,0   06:07  26,6   0,0   0,0   1,3   3,9   03:37     N
24  -7,7  -1,9   13:30 -12,2   07:40  26,0   0,0   0,0   1,0   4,3   01:08     N
25  -6,8  -2,0   14:18 -10,9   01:09  25,1   0,0   0,0   0,7   3,6   02:03   NNE
26  -5,8  -0,3   14:01 -11,7   20:18  24,1   0,0   0,0   1,1   7,8   23:36     N
27 -11,9  -5,8   13:54 -16,4   23:42  30,2   0,0   0,0   2,2  11,5   19:48   NNE
28 -15,2  -9,7   13:46 -18,3   23:39  33,5   0,0   0,0   3,1  14,4   03:32     N
----------------------------------------------------------------------------------
    -5,8   2,3    13   -18,3    28   669,6   0,0   6,3   1,9  24,7    15      SE

Max >=  27,0  0
Max <=   0,0 17
Min <=   0,0 28
Min <= -18,0  1
Max Rain: 2,0 on day 21
Days of Rain: 5 (>= 0,2 mm)  1 (>= 2,0 mm)  0 (>= 20,0 mm)
Heat Base: 18,3  Cool Base: 18,3  Method: Integration

Powered by Ecowitt HP2553  and   CumulusMX   v 3.22.4 (b3215)   MXUI Template v 2.2.3 by  Silver Acorn   (7,0)  Valid HTML5